{"id":803,"date":"2024-10-06T09:09:41","date_gmt":"2024-10-06T12:09:41","guid":{"rendered":"https:\/\/www.ufpb.br\/pinacoteca2\/?page_id=803"},"modified":"2025-09-02T11:04:25","modified_gmt":"2025-09-02T14:04:25","slug":"arquivo","status":"publish","type":"page","link":"https:\/\/www.ufpb.br\/pinacoteca\/arquivo\/","title":{"rendered":"Arquivo"},"content":{"rendered":"\n<hr class=\"wp-block-separator has-text-color has-cyan-bluish-gray-color has-alpha-channel-opacity has-cyan-bluish-gray-background-color has-background is-style-default\" \/>\n\n\n\n<div style=\"height:40px\" aria-hidden=\"true\" class=\"wp-block-spacer\"><\/div>\n\n\n\n<h4 class=\"wp-block-heading\"><a href=\"https:\/\/www.ufpb.br\/pinacoteca\/arquivo\/fotos-historicas\/\" data-type=\"page\" data-id=\"1243\">Fotos Hist\u00f3ricas<\/a><\/h4>\n\n\n\n<p>Fotos de momentos hist\u00f3ricos da Pinacoteca<\/p>\n\n\n\n<div style=\"height:40px\" aria-hidden=\"true\" class=\"wp-block-spacer\"><\/div>\n\n\n\n<h2 class=\"wp-block-heading\"><div class=\"linha-header\"><a href=\"https:\/\/www.ufpb.br\/pinacoteca\/arquivo\/arquivo-da-arte-da-paraiba-e-pernambuco\/\" data-type=\"page\" data-id=\"1814\">Arquivo da Arte na Para\u00edba e Pernambuco<\/a><\/div><\/h2>\n\n\n\n<p>Lista do material dispon\u00edvel no arquivo da mem\u00f3ria da arte paraibana e pernambucana, dispon\u00edvel para pesquisa presencial<\/p>\n\n\n\n<div style=\"height:40px\" aria-hidden=\"true\" class=\"wp-block-spacer\"><\/div>\n\n\n\n<h2 class=\"wp-block-heading\"><div class=\"linha-header\"><a href=\"https:\/\/www.ufpb.br\/pinacoteca\/arquivo\/noticias-antigas-da-pinacoteca\/\" data-type=\"link\" data-id=\"https:\/\/www.ufpb.br\/pinacoteca\/arquivo\/noticias-antigas-da-pinacoteca\/\">Noticias Antigas da Pinacoteca<\/a><\/div><\/h2>\n\n\n\n<p>As not\u00edcias que foram publicadas no site antigo da Pinacoteca<\/p>\n\n\n\n<div style=\"height:40px\" aria-hidden=\"true\" class=\"wp-block-spacer\"><\/div>\n\n\n\n<h2 class=\"wp-block-heading\"><div class=\"linha-header\"><a href=\"https:\/\/www.ufpb.br\/pinacoteca\/catalogo-de-cartazes\/\" data-type=\"link\" data-id=\"https:\/\/www.ufpb.br\/pinacoteca\/catalogo-de-cartazes\/\">Cat\u00e1logo de Cartazes <\/a><\/div><\/h2>\n\n\n\n<p>Cat\u00e1logos com os dados dos cartazes presentes no arquivo da Pinacoteca. <\/p>\n\n\n\n<div style=\"height:40px\" aria-hidden=\"true\" class=\"wp-block-spacer\"><\/div>\n","protected":false},"excerpt":{"rendered":"<p>Fotos Hist\u00f3ricas Fotos de momentos hist\u00f3ricos da Pinacoteca Arquivo da Arte na Para\u00edba e Pernambuco [&hellip;]<\/p>\n","protected":false},"author":47,"featured_media":0,"parent":0,"menu_order":0,"comment_status":"closed","ping_status":"closed","template":"","meta":{"footnotes":""},"class_list":["post-803","page","type-page","status-publish","hentry"],"_links":{"self":[{"href":"https:\/\/www.ufpb.br\/pinacoteca\/wp-json\/wp\/v2\/pages\/803","targetHints":{"allow":["GET"]}}],"collection":[{"href":"https:\/\/www.ufpb.br\/pinacoteca\/wp-json\/wp\/v2\/pages"}],"about":[{"href":"https:\/\/www.ufpb.br\/pinacoteca\/wp-json\/wp\/v2\/types\/page"}],"author":[{"embeddable":true,"href":"https:\/\/www.ufpb.br\/pinacoteca\/wp-json\/wp\/v2\/users\/47"}],"replies":[{"embeddable":true,"href":"https:\/\/www.ufpb.br\/pinacoteca\/wp-json\/wp\/v2\/comments?post=803"}],"version-history":[{"count":24,"href":"https:\/\/www.ufpb.br\/pinacoteca\/wp-json\/wp\/v2\/pages\/803\/revisions"}],"predecessor-version":[{"id":3432,"href":"https:\/\/www.ufpb.br\/pinacoteca\/wp-json\/wp\/v2\/pages\/803\/revisions\/3432"}],"wp:attachment":[{"href":"https:\/\/www.ufpb.br\/pinacoteca\/wp-json\/wp\/v2\/media?parent=803"}],"curies":[{"name":"wp","href":"https:\/\/api.w.org\/{rel}","templated":true}]}}

<hr class="wp-block-separator has-text-color has-cyan-bluish-gray-color has-alpha-channel-opacity has-cyan-bluish-gray-background-color has-background is-style-default" />



<div style="height:40px" aria-hidden="true" class="wp-block-spacer"></div>



<h4 class="wp-block-heading"><a href="https://www.ufpb.br/pinacoteca/arquivo/fotos-historicas/" data-type="page" data-id="1243">Fotos Históricas</a></h4>



<p>Fotos de momentos históricos da Pinacoteca</p>



<div style="height:40px" aria-hidden="true" class="wp-block-spacer"></div>



<h2 class="wp-block-heading"><div class="linha-header"><a href="https://www.ufpb.br/pinacoteca/arquivo/arquivo-da-arte-da-paraiba-e-pernambuco/" data-type="page" data-id="1814">Arquivo da Arte na Paraíba e Pernambuco</a></div></h2>



<p>Lista do material disponível no arquivo da memória da arte paraibana e pernambucana, disponível para pesquisa presencial</p>



<div style="height:40px" aria-hidden="true" class="wp-block-spacer"></div>



<h2 class="wp-block-heading"><div class="linha-header"><a href="https://www.ufpb.br/pinacoteca/arquivo/noticias-antigas-da-pinacoteca/" data-type="link" data-id="https://www.ufpb.br/pinacoteca/arquivo/noticias-antigas-da-pinacoteca/">Noticias Antigas da Pinacoteca</a></div></h2>



<p>As notícias que foram publicadas no site antigo da Pinacoteca</p>



<div style="height:40px" aria-hidden="true" class="wp-block-spacer"></div>



<h2 class="wp-block-heading"><div class="linha-header"><a href="https://www.ufpb.br/pinacoteca/catalogo-de-cartazes/" data-type="link" data-id="https://www.ufpb.br/pinacoteca/catalogo-de-cartazes/">Catálogo de Cartazes </a></div></h2>



<p>Catálogos com os dados dos cartazes presentes no arquivo da Pinacoteca. </p>



<div style="height:40px" aria-hidden="true" class="wp-block-spacer"></div>

<p>Fotos Históricas Fotos de momentos históricos da Pinacoteca Arquivo da Arte na Paraíba e Pernambuco [&hellip;]</p>
