{"id":893,"date":"2024-10-09T11:14:31","date_gmt":"2024-10-09T14:14:31","guid":{"rendered":"https:\/\/www.ufpb.br\/pinacoteca2\/?page_id=893"},"modified":"2025-08-26T10:25:24","modified_gmt":"2025-08-26T13:25:24","slug":"joel-veiga","status":"publish","type":"page","link":"https:\/\/www.ufpb.br\/pinacoteca\/acervo\/colecao-pinacoteca-ufpb\/joel-veiga\/","title":{"rendered":"Joel Veiga"},"content":{"rendered":"\n<p><\/p>\n\n\n\n<p>Joelson Lucena Veiga, nascido em Jo\u00e3o Pessoa-PB (1985), atualmente vive e trabalha em Jo\u00e3o Pessoa. \u00c9 fot\u00f3grafo, cursou Artes Visuais na FAAP (S\u00e3o Paulo) e Fotografia na AESO (Faculdades Integradas Barros de Melo, S\u00e3o Paulo), ambos n\u00e3o conclu\u00eddos. Atualmente (2020) \u00e9 graduando em Artes Visuais na UFPB.<\/p>\n\n\n\n<p>      Seu apre\u00e7o pela fotografia veio quando ainda na juventude, ao dar-se conta de que poderia registrar momentos especiais de sua hist\u00f3ria familiar e de pessoas an\u00f4nimas nos ambientes por onde caminhava. Suas primeiras capturas profissionais vieram de paisagens, que foi onde descobriu os espa\u00e7os de sil\u00eancios contidos nas \u00e1reas frias e quase inabitadas dos pa\u00edses andinos.<\/p>\n\n\n\n<pre class=\"wp-block-code\"><code>     \n<\/code><\/pre>\n\n\n\n<h4 class=\"wp-block-heading\">Obras<\/h4>\n\n\n\n<figure class=\"wp-block-image size-large is-resized\"><img loading=\"lazy\" decoding=\"async\" width=\"2560\" height=\"1920\" src=\"https:\/\/www.ufpb.br\/pinacoteca2\/wp-content\/uploads\/sites\/79\/sites\/210\/2024\/10\/joel-veiga-edited-1-scaled.jpeg\" alt=\"\" class=\"wp-image-897\" style=\"width:647px;height:auto\" srcset=\"https:\/\/www.ufpb.br\/pinacoteca\/wp-content\/uploads\/sites\/79\/sites\/210\/2024\/10\/joel-veiga-edited-1-scaled.jpeg 2560w, https:\/\/www.ufpb.br\/pinacoteca\/wp-content\/uploads\/sites\/79\/sites\/210\/2024\/10\/joel-veiga-edited-1-300x225.jpeg 300w, https:\/\/www.ufpb.br\/pinacoteca\/wp-content\/uploads\/sites\/79\/sites\/210\/2024\/10\/joel-veiga-edited-1-1024x768.jpeg 1024w, https:\/\/www.ufpb.br\/pinacoteca\/wp-content\/uploads\/sites\/79\/sites\/210\/2024\/10\/joel-veiga-edited-1-768x576.jpeg 768w, https:\/\/www.ufpb.br\/pinacoteca\/wp-content\/uploads\/sites\/79\/sites\/210\/2024\/10\/joel-veiga-edited-1-1536x1152.jpeg 1536w, https:\/\/www.ufpb.br\/pinacoteca\/wp-content\/uploads\/sites\/79\/sites\/210\/2024\/10\/joel-veiga-edited-1-2048x1536.jpeg 2048w\" sizes=\"auto, (max-width: 2560px) 100vw, 2560px\" \/><figcaption class=\"wp-element-caption\">&#8220;<strong>Kyoto<\/strong>&#8220;, 2017. T\u00e9cnica: Fotografia. Dimens\u00f5es: 42 x 30cm<\/figcaption><\/figure>\n","protected":false},"excerpt":{"rendered":"<p>Joelson Lucena Veiga, nascido em Jo\u00e3o Pessoa-PB (1985), atualmente vive e trabalha em Jo\u00e3o Pessoa. [&hellip;]<\/p>\n","protected":false},"author":143,"featured_media":0,"parent":71,"menu_order":0,"comment_status":"closed","ping_status":"closed","template":"","meta":{"footnotes":""},"class_list":["post-893","page","type-page","status-publish","hentry"],"_links":{"self":[{"href":"https:\/\/www.ufpb.br\/pinacoteca\/wp-json\/wp\/v2\/pages\/893","targetHints":{"allow":["GET"]}}],"collection":[{"href":"https:\/\/www.ufpb.br\/pinacoteca\/wp-json\/wp\/v2\/pages"}],"about":[{"href":"https:\/\/www.ufpb.br\/pinacoteca\/wp-json\/wp\/v2\/types\/page"}],"author":[{"embeddable":true,"href":"https:\/\/www.ufpb.br\/pinacoteca\/wp-json\/wp\/v2\/users\/143"}],"replies":[{"embeddable":true,"href":"https:\/\/www.ufpb.br\/pinacoteca\/wp-json\/wp\/v2\/comments?post=893"}],"version-history":[{"count":3,"href":"https:\/\/www.ufpb.br\/pinacoteca\/wp-json\/wp\/v2\/pages\/893\/revisions"}],"predecessor-version":[{"id":3406,"href":"https:\/\/www.ufpb.br\/pinacoteca\/wp-json\/wp\/v2\/pages\/893\/revisions\/3406"}],"up":[{"embeddable":true,"href":"https:\/\/www.ufpb.br\/pinacoteca\/wp-json\/wp\/v2\/pages\/71"}],"wp:attachment":[{"href":"https:\/\/www.ufpb.br\/pinacoteca\/wp-json\/wp\/v2\/media?parent=893"}],"curies":[{"name":"wp","href":"https:\/\/api.w.org\/{rel}","templated":true}]}}