{"id":904,"date":"2024-10-09T11:20:02","date_gmt":"2024-10-09T14:20:02","guid":{"rendered":"https:\/\/www.ufpb.br\/pinacoteca2\/?page_id=904"},"modified":"2026-04-01T10:38:27","modified_gmt":"2026-04-01T13:38:27","slug":"j-miguel","status":"publish","type":"page","link":"https:\/\/www.ufpb.br\/pinacoteca\/acervo\/colecao-pinacoteca-ufpb\/j-miguel\/","title":{"rendered":"J. Miguel"},"content":{"rendered":"\n<p><\/p>\n\n\n\n<p>Jos\u00e9 Miguel, conhecido artisticamente como J. Miguel, nasceu em 1961, na cidade de Bezerros, em Pernambuco, e desenvolveu sua trajet\u00f3ria art\u00edstica dentro do contexto da arte popular nordestina. Ele \u00e9 filho do xilogravurista J. Borges, o que influenciou diretamente sua forma\u00e7\u00e3o, j\u00e1 que desde muito jovem teve contato com o universo da xilogravura e da literatura de cordel, aprendendo a t\u00e9cnica ainda dentro do ambiente familiar.<br>Sua atua\u00e7\u00e3o art\u00edstica est\u00e1 voltada principalmente para a xilogravura, linguagem que ele desenvolve a partir de temas ligados \u00e0 cultura nordestina, ao cotidiano e ao imagin\u00e1rio popular. Assim como outros artistas dessa tradi\u00e7\u00e3o, suas obras dialogam com elementos como religiosidade, personagens do sert\u00e3o, figuras simb\u00f3licas e narrativas visuais que remetem ao cordel. Ao longo do tempo, ele produziu uma quantidade significativa de obras, consolidando uma produ\u00e7\u00e3o cont\u00ednua dentro dessa linguagem.<br>J. Miguel participou de exposi\u00e7\u00f5es em diferentes cidades brasileiras, como Recife, Garanhuns e Rio de Janeiro, al\u00e9m de tamb\u00e9m ter trabalhos que circularam internacionalmente, com presen\u00e7a em pa\u00edses como Estados Unidos e Jap\u00e3o. Essa circula\u00e7\u00e3o contribui para ampliar o reconhecimento da xilogravura nordestina fora do Brasil, mesmo que sua trajet\u00f3ria esteja mais vinculada a circuitos espec\u00edficos da arte popular.<br>Em rela\u00e7\u00e3o a pr\u00eamios, h\u00e1 registros de participa\u00e7\u00e3o e reconhecimento em eventos ligados \u00e0 arte na\u00eff e popular, como a Bienal Na\u00effs do Brasil, realizada pelo SESC, o que indica sua inser\u00e7\u00e3o em espa\u00e7os institucionais voltados \u00e0 valoriza\u00e7\u00e3o desse tipo de produ\u00e7\u00e3o art\u00edstica. Mesmo n\u00e3o sendo um artista amplamente presente em grandes enciclop\u00e9dias ou museus internacionais, ele possui relev\u00e2ncia dentro do circuito da arte popular contempor\u00e2nea.<br>Sua trajet\u00f3ria n\u00e3o apresenta uma mudan\u00e7a brusca de \u00e1rea art\u00edstica, mas sim uma continuidade dentro da xilogravura, aprofundando uma tradi\u00e7\u00e3o herdada e adaptando-a ao seu pr\u00f3prio estilo. Al\u00e9m de produzir, ele tamb\u00e9m contribui para a manuten\u00e7\u00e3o dessa linguagem, que \u00e9 muito importante para a cultura nordestina.<br>De forma geral, J. Miguel pode ser entendido como um artista que d\u00e1 continuidade a uma tradi\u00e7\u00e3o familiar e cultural, mantendo viva a xilogravura como forma de express\u00e3o e registro da vida no Nordeste. Sua produ\u00e7\u00e3o refor\u00e7a a import\u00e2ncia da arte popular como espa\u00e7o de mem\u00f3ria, identidade e transmiss\u00e3o de saberes, mesmo fora dos grandes circuitos da arte contempor\u00e2nea institucional.<\/p>\n\n\n\n<h4 class=\"wp-block-heading\">Obras<\/h4>\n\n\n\n<figure class=\"wp-block-image size-large is-resized\"><img loading=\"lazy\" decoding=\"async\" width=\"1024\" height=\"755\" src=\"https:\/\/www.ufpb.br\/pinacoteca2\/wp-content\/uploads\/sites\/79\/sites\/210\/2024\/10\/WhatsApp-Image-2024-07-10-at-08.29.50-1-1024x755.jpeg\" alt=\"\" class=\"wp-image-906\" style=\"width:682px;height:auto\" srcset=\"https:\/\/www.ufpb.br\/pinacoteca\/wp-content\/uploads\/sites\/79\/sites\/210\/2024\/10\/WhatsApp-Image-2024-07-10-at-08.29.50-1-1024x755.jpeg 1024w, https:\/\/www.ufpb.br\/pinacoteca\/wp-content\/uploads\/sites\/79\/sites\/210\/2024\/10\/WhatsApp-Image-2024-07-10-at-08.29.50-1-300x221.jpeg 300w, https:\/\/www.ufpb.br\/pinacoteca\/wp-content\/uploads\/sites\/79\/sites\/210\/2024\/10\/WhatsApp-Image-2024-07-10-at-08.29.50-1-768x566.jpeg 768w, https:\/\/www.ufpb.br\/pinacoteca\/wp-content\/uploads\/sites\/79\/sites\/210\/2024\/10\/WhatsApp-Image-2024-07-10-at-08.29.50-1-1536x1132.jpeg 1536w, https:\/\/www.ufpb.br\/pinacoteca\/wp-content\/uploads\/sites\/79\/sites\/210\/2024\/10\/WhatsApp-Image-2024-07-10-at-08.29.50-1-2048x1510.jpeg 2048w\" sizes=\"auto, (max-width: 1024px) 100vw, 1024px\" \/><figcaption class=\"wp-element-caption\">&#8220;<strong>A Sereia Gr\u00e1vida<\/strong>&#8220;, 2023. T\u00e9cnica: Xilogravura. Dimens\u00f5es: 48 x 33cm<\/figcaption><\/figure>\n\n\n\n<div style=\"height:22px\" aria-hidden=\"true\" class=\"wp-block-spacer\"><\/div>\n\n\n\n<figure class=\"wp-block-image size-large is-resized\"><img loading=\"lazy\" decoding=\"async\" width=\"1600\" height=\"1200\" src=\"https:\/\/www.ufpb.br\/pinacoteca\/wp-content\/uploads\/sites\/79\/sites\/210\/2026\/03\/image-80-edited.png\" alt=\"\" class=\"wp-image-4029\" style=\"width:591px;height:auto\" srcset=\"https:\/\/www.ufpb.br\/pinacoteca\/wp-content\/uploads\/sites\/79\/sites\/210\/2026\/03\/image-80-edited.png 1600w, https:\/\/www.ufpb.br\/pinacoteca\/wp-content\/uploads\/sites\/79\/sites\/210\/2026\/03\/image-80-edited-300x225.png 300w, https:\/\/www.ufpb.br\/pinacoteca\/wp-content\/uploads\/sites\/79\/sites\/210\/2026\/03\/image-80-edited-1024x768.png 1024w, https:\/\/www.ufpb.br\/pinacoteca\/wp-content\/uploads\/sites\/79\/sites\/210\/2026\/03\/image-80-edited-768x576.png 768w, https:\/\/www.ufpb.br\/pinacoteca\/wp-content\/uploads\/sites\/79\/sites\/210\/2026\/03\/image-80-edited-1536x1152.png 1536w\" sizes=\"auto, (max-width: 1600px) 100vw, 1600px\" \/><figcaption class=\"wp-element-caption\"><strong>O namoro dos p\u00e1ssaros<\/strong>, 2022. Xilogravura. 25,5 X 31,7cm. <\/figcaption><\/figure>\n","protected":false},"excerpt":{"rendered":"<p>Jos\u00e9 Miguel, conhecido artisticamente como J. Miguel, nasceu em 1961, na cidade de Bezerros, em [&hellip;]<\/p>\n","protected":false},"author":143,"featured_media":0,"parent":71,"menu_order":0,"comment_status":"closed","ping_status":"closed","template":"","meta":{"footnotes":""},"class_list":["post-904","page","type-page","status-publish","hentry"],"_links":{"self":[{"href":"https:\/\/www.ufpb.br\/pinacoteca\/wp-json\/wp\/v2\/pages\/904","targetHints":{"allow":["GET"]}}],"collection":[{"href":"https:\/\/www.ufpb.br\/pinacoteca\/wp-json\/wp\/v2\/pages"}],"about":[{"href":"https:\/\/www.ufpb.br\/pinacoteca\/wp-json\/wp\/v2\/types\/page"}],"author":[{"embeddable":true,"href":"https:\/\/www.ufpb.br\/pinacoteca\/wp-json\/wp\/v2\/users\/143"}],"replies":[{"embeddable":true,"href":"https:\/\/www.ufpb.br\/pinacoteca\/wp-json\/wp\/v2\/comments?post=904"}],"version-history":[{"count":6,"href":"https:\/\/www.ufpb.br\/pinacoteca\/wp-json\/wp\/v2\/pages\/904\/revisions"}],"predecessor-version":[{"id":4159,"href":"https:\/\/www.ufpb.br\/pinacoteca\/wp-json\/wp\/v2\/pages\/904\/revisions\/4159"}],"up":[{"embeddable":true,"href":"https:\/\/www.ufpb.br\/pinacoteca\/wp-json\/wp\/v2\/pages\/71"}],"wp:attachment":[{"href":"https:\/\/www.ufpb.br\/pinacoteca\/wp-json\/wp\/v2\/media?parent=904"}],"curies":[{"name":"wp","href":"https:\/\/api.w.org\/{rel}","templated":true}]}}