{"id":775,"date":"2026-03-24T20:46:29","date_gmt":"2026-03-24T23:46:29","guid":{"rendered":"https:\/\/www.ufpb.br\/ppgmds\/?page_id=775"},"modified":"2026-04-24T12:47:27","modified_gmt":"2026-04-24T15:47:27","slug":"reserva-de-espacos","status":"publish","type":"page","link":"https:\/\/www.ufpb.br\/ppgmds\/reserva-de-espacos\/","title":{"rendered":"Reserva de Espa\u00e7os"},"content":{"rendered":"\n<p>Para acompanhar os hor\u00e1rios e reservas dos espa\u00e7os acessem os links abaixo:<\/p>\n\n\n\n<p>Audit\u00f3rio (capacidade m\u00e1xima: 38 pessoas) <a href=\"https:\/\/docs.google.com\/spreadsheets\/d\/1CaNyFQHTdKrfcagXAOkeWDqM7uv9xY7-\/edit?usp=sharing&amp;ouid=108664088906723116593&amp;rtpof=true&amp;sd=true\">CLIQUE AQUI<\/a><\/p>\n\n\n\n<p>DE 2 (capacidade m\u00e1xima: 26 pessoas): <a href=\"https:\/\/docs.google.com\/spreadsheets\/d\/1QfPe0Qg1_UB-8RcckA9WIx9jm3ZMMDwR\/edit?usp=sharing&amp;ouid=108664088906723116593&amp;rtpof=true&amp;sd=true\">CLIQUE AQUI<\/a><\/p>\n\n\n\n<p>Por gentileza, observem <strong>a anteced\u00eancia m\u00e1xima de 05 (cinco) dias<\/strong> para pedir reserva do espa\u00e7o do dia\/hor\u00e1rio pretendido. <\/p>\n\n\n\n<p>Enviem ao e-mail do Programa com o prenchimento do &#8220;Formul\u00e1rio &#8211; Reserva de Espa\u00e7os&#8221; dispon\u00edvel na aba de Documentos deste site.<\/p>\n\n\n\n<p>As atividades devem guardar correla\u00e7\u00e3o com as atividades desenvolvidas pelo Programa.<\/p>\n\n\n\n<p><\/p>\n\n\n\n<p><\/p>\n","protected":false},"excerpt":{"rendered":"<p>Para acompanhar os hor\u00e1rios e reservas dos espa\u00e7os acessem os links abaixo: Audit\u00f3rio (capacidade m\u00e1xima: [&hellip;]<\/p>\n","protected":false},"author":364,"featured_media":0,"parent":0,"menu_order":0,"comment_status":"closed","ping_status":"closed","template":"","meta":{"footnotes":""},"class_list":["post-775","page","type-page","status-publish","hentry"],"_links":{"self":[{"href":"https:\/\/www.ufpb.br\/ppgmds\/wp-json\/wp\/v2\/pages\/775","targetHints":{"allow":["GET"]}}],"collection":[{"href":"https:\/\/www.ufpb.br\/ppgmds\/wp-json\/wp\/v2\/pages"}],"about":[{"href":"https:\/\/www.ufpb.br\/ppgmds\/wp-json\/wp\/v2\/types\/page"}],"author":[{"embeddable":true,"href":"https:\/\/www.ufpb.br\/ppgmds\/wp-json\/wp\/v2\/users\/364"}],"replies":[{"embeddable":true,"href":"https:\/\/www.ufpb.br\/ppgmds\/wp-json\/wp\/v2\/comments?post=775"}],"version-history":[{"count":7,"href":"https:\/\/www.ufpb.br\/ppgmds\/wp-json\/wp\/v2\/pages\/775\/revisions"}],"predecessor-version":[{"id":908,"href":"https:\/\/www.ufpb.br\/ppgmds\/wp-json\/wp\/v2\/pages\/775\/revisions\/908"}],"wp:attachment":[{"href":"https:\/\/www.ufpb.br\/ppgmds\/wp-json\/wp\/v2\/media?parent=775"}],"curies":[{"name":"wp","href":"https:\/\/api.w.org\/{rel}","templated":true}]}}