{"id":840,"date":"2026-04-13T13:42:23","date_gmt":"2026-04-13T16:42:23","guid":{"rendered":"https:\/\/www.ufpb.br\/ppgmds\/?page_id=840"},"modified":"2026-05-06T15:15:53","modified_gmt":"2026-05-06T18:15:53","slug":"documentos-formularios","status":"publish","type":"page","link":"https:\/\/www.ufpb.br\/ppgmds\/documentos-formularios\/","title":{"rendered":"Documentos &#8211; Formul\u00e1rios"},"content":{"rendered":"\n<div class=\"wp-block-file\"><a id=\"wp-block-file--media-b2ed6ef9-e77f-46ed-bef0-89facaba48f0\" href=\"http:\/\/www.ufpb.br\/ppgmds\/wp-content\/uploads\/sites\/79\/sites\/263\/2025\/09\/Autorizacao-Formal-dos-Orientadores-para-apresentar-Defesa-Final.docx\">Autoriza\u00e7\u00e3o Formal dos Orientadores para apresentar Defesa Final<\/a><a href=\"http:\/\/www.ufpb.br\/ppgmds\/wp-content\/uploads\/sites\/79\/sites\/263\/2025\/09\/Autorizacao-Formal-dos-Orientadores-para-apresentar-Defesa-Final.docx\" class=\"wp-block-file__button wp-element-button\" download aria-describedby=\"wp-block-file--media-b2ed6ef9-e77f-46ed-bef0-89facaba48f0\">Baixar<\/a><\/div>\n\n\n\n<div class=\"wp-block-file\"><a id=\"wp-block-file--media-c210527c-d537-47e5-8696-55ecdada77de\" href=\"http:\/\/www.ufpb.br\/ppgmds\/wp-content\/uploads\/sites\/79\/sites\/263\/2025\/09\/Formulario-Coorientacao.docx\">Formul\u00e1rio &#8211; Coorienta\u00e7\u00e3o<\/a><a href=\"http:\/\/www.ufpb.br\/ppgmds\/wp-content\/uploads\/sites\/79\/sites\/263\/2025\/09\/Formulario-Coorientacao.docx\" class=\"wp-block-file__button wp-element-button\" download aria-describedby=\"wp-block-file--media-c210527c-d537-47e5-8696-55ecdada77de\">Baixar<\/a><\/div>\n\n\n\n<div class=\"wp-block-file\"><a id=\"wp-block-file--media-d4e1a389-3046-44c3-a4b1-57731eacee00\" href=\"http:\/\/www.ufpb.br\/ppgmds\/wp-content\/uploads\/sites\/79\/sites\/263\/2025\/09\/Formulario-Dispensa-de-disciplina-e-Aproveitamento-de-Creditos.docx\">Formul\u00e1rio &#8211; Dispensa de disciplina e Aproveitamento de Cr\u00e9ditos<\/a><a href=\"http:\/\/www.ufpb.br\/ppgmds\/wp-content\/uploads\/sites\/79\/sites\/263\/2025\/09\/Formulario-Dispensa-de-disciplina-e-Aproveitamento-de-Creditos.docx\" class=\"wp-block-file__button wp-element-button\" download aria-describedby=\"wp-block-file--media-d4e1a389-3046-44c3-a4b1-57731eacee00\">Baixar<\/a><\/div>\n\n\n\n<div class=\"wp-block-file\"><a id=\"wp-block-file--media-2a943fe7-df24-40c5-9774-1877115de00b\" href=\"http:\/\/www.ufpb.br\/ppgmds\/wp-content\/uploads\/sites\/79\/sites\/263\/2025\/09\/Formulario-Dispensa-de-Estagio-Docencia.docx\">Formul\u00e1rio &#8211; Dispensa de Est\u00e1gio Doc\u00eancia<\/a><a href=\"http:\/\/www.ufpb.br\/ppgmds\/wp-content\/uploads\/sites\/79\/sites\/263\/2025\/09\/Formulario-Dispensa-de-Estagio-Docencia.docx\" class=\"wp-block-file__button wp-element-button\" download aria-describedby=\"wp-block-file--media-2a943fe7-df24-40c5-9774-1877115de00b\">Baixar<\/a><\/div>\n\n\n\n<div class=\"wp-block-file\"><a id=\"wp-block-file--media-7a600ed3-359e-4039-aac9-11d306568e02\" href=\"https:\/\/www.ufpb.br\/ppgmds\/wp-content\/uploads\/sites\/79\/sites\/263\/2026\/05\/Solicitacao_Homologacao_Banca_Qualificacao_PPGMDS-5.docx\">Formul\u00e1rio -Homologa\u00e7\u00e3o da Banca de Qualifica\u00e7\u00e3o<\/a><a href=\"https:\/\/www.ufpb.br\/ppgmds\/wp-content\/uploads\/sites\/79\/sites\/263\/2026\/05\/Solicitacao_Homologacao_Banca_Qualificacao_PPGMDS-5.docx\" class=\"wp-block-file__button wp-element-button\" download aria-describedby=\"wp-block-file--media-7a600ed3-359e-4039-aac9-11d306568e02\">Baixar<\/a><\/div>\n\n\n\n<div class=\"wp-block-file\"><a id=\"wp-block-file--media-0e1cb6e2-8797-4779-8d22-4b4353ef99ea\" href=\"http:\/\/www.ufpb.br\/ppgmds\/wp-content\/uploads\/sites\/79\/sites\/263\/2026\/03\/Formulario-Homologacao-da-Banca-de-Defesa-final.odt\">Formulario-Homologacao-da-Banca-de-Defesa-final<\/a><a href=\"http:\/\/www.ufpb.br\/ppgmds\/wp-content\/uploads\/sites\/79\/sites\/263\/2026\/03\/Formulario-Homologacao-da-Banca-de-Defesa-final.odt\" class=\"wp-block-file__button wp-element-button\" download aria-describedby=\"wp-block-file--media-0e1cb6e2-8797-4779-8d22-4b4353ef99ea\">Baixar<\/a><\/div>\n\n\n\n<div class=\"wp-block-file\"><a id=\"wp-block-file--media-b8121acc-b39a-4f41-a1ba-5a622d78224b\" href=\"http:\/\/www.ufpb.br\/ppgmds\/wp-content\/uploads\/sites\/79\/sites\/263\/2026\/03\/Formulario-Homologacao-da-DEFESA-FINAL.odt\">Formulario-Homologacao-da-DEFESA-FINAL<\/a><a href=\"http:\/\/www.ufpb.br\/ppgmds\/wp-content\/uploads\/sites\/79\/sites\/263\/2026\/03\/Formulario-Homologacao-da-DEFESA-FINAL.odt\" class=\"wp-block-file__button wp-element-button\" download aria-describedby=\"wp-block-file--media-b8121acc-b39a-4f41-a1ba-5a622d78224b\">Baixar<\/a><\/div>\n\n\n\n<div class=\"wp-block-file\"><a id=\"wp-block-file--media-d68901fd-30ef-406f-b55f-ac07a18729a5\" href=\"http:\/\/www.ufpb.br\/ppgmds\/wp-content\/uploads\/sites\/79\/sites\/263\/2025\/09\/Formulario-Matrcula-de-Aluno-Regular-Vinculado-a-outro-PPG.docx\">Formul\u00e1rio &#8211; Matrcula de Aluno Regular Vinculado a outro PPG<\/a><a href=\"http:\/\/www.ufpb.br\/ppgmds\/wp-content\/uploads\/sites\/79\/sites\/263\/2025\/09\/Formulario-Matrcula-de-Aluno-Regular-Vinculado-a-outro-PPG.docx\" class=\"wp-block-file__button wp-element-button\" download aria-describedby=\"wp-block-file--media-d68901fd-30ef-406f-b55f-ac07a18729a5\">Baixar<\/a><\/div>\n\n\n\n<div class=\"wp-block-file\"><a id=\"wp-block-file--media-01bad596-1565-445e-8d33-17c56187fa93\" href=\"http:\/\/www.ufpb.br\/ppgmds\/wp-content\/uploads\/sites\/79\/sites\/263\/2025\/09\/Formulario-Prorrogacao-de-prazo-para-Defesa-Final.odt\">Formul\u00e1rio &#8211; Prorroga\u00e7\u00e3o de prazo para Defesa Final<\/a><a href=\"http:\/\/www.ufpb.br\/ppgmds\/wp-content\/uploads\/sites\/79\/sites\/263\/2025\/09\/Formulario-Prorrogacao-de-prazo-para-Defesa-Final.odt\" class=\"wp-block-file__button wp-element-button\" download aria-describedby=\"wp-block-file--media-01bad596-1565-445e-8d33-17c56187fa93\">Baixar<\/a><\/div>\n\n\n\n<div class=\"wp-block-file\"><a id=\"wp-block-file--media-eb4d6488-b5eb-499e-ba2a-f7f6d1b842d9\" href=\"http:\/\/www.ufpb.br\/ppgmds\/wp-content\/uploads\/sites\/79\/sites\/263\/2025\/09\/Formulario-Quebra-de-Pre-Requisito-para-Qualificacao.docx\">Formul\u00e1rio &#8211; Quebra de Pre-Requisito para Qualifica\u00e7\u00e3o<\/a><a href=\"http:\/\/www.ufpb.br\/ppgmds\/wp-content\/uploads\/sites\/79\/sites\/263\/2025\/09\/Formulario-Quebra-de-Pre-Requisito-para-Qualificacao.docx\" class=\"wp-block-file__button wp-element-button\" download aria-describedby=\"wp-block-file--media-eb4d6488-b5eb-499e-ba2a-f7f6d1b842d9\">Baixar<\/a><\/div>\n\n\n\n<div class=\"wp-block-file\"><a id=\"wp-block-file--media-bef87740-759e-440d-9791-4046baae6724\" href=\"http:\/\/www.ufpb.br\/ppgmds\/wp-content\/uploads\/sites\/79\/sites\/263\/2025\/09\/Formulario-Solicitacao-de-Matrcula-Aluno-Especial.docx\">Formul\u00e1rio &#8211; Solicita\u00e7\u00e3o de Matrcula &#8211; Aluno Especial<\/a><a href=\"http:\/\/www.ufpb.br\/ppgmds\/wp-content\/uploads\/sites\/79\/sites\/263\/2025\/09\/Formulario-Solicitacao-de-Matrcula-Aluno-Especial.docx\" class=\"wp-block-file__button wp-element-button\" download aria-describedby=\"wp-block-file--media-bef87740-759e-440d-9791-4046baae6724\">Baixar<\/a><\/div>\n\n\n\n<div class=\"wp-block-file\"><a id=\"wp-block-file--media-7675ca15-95fa-42e9-be4b-5131dc42b47f\" href=\"http:\/\/www.ufpb.br\/ppgmds\/wp-content\/uploads\/sites\/79\/sites\/263\/2025\/09\/Formulario-Solicitacao-de-Matrcula-Aluno-Regular-do-PPGMDS.docx\">Formul\u00e1rio &#8211; Solicita\u00e7\u00e3o de Matrcula &#8211; Aluno Regular do PPGMDS<\/a><a href=\"http:\/\/www.ufpb.br\/ppgmds\/wp-content\/uploads\/sites\/79\/sites\/263\/2025\/09\/Formulario-Solicitacao-de-Matrcula-Aluno-Regular-do-PPGMDS.docx\" class=\"wp-block-file__button wp-element-button\" download aria-describedby=\"wp-block-file--media-7675ca15-95fa-42e9-be4b-5131dc42b47f\">Baixar<\/a><\/div>\n\n\n\n<div class=\"wp-block-file\"><a id=\"wp-block-file--media-54da9f54-c7ea-4a90-9d1b-7ac0219c9611\" href=\"http:\/\/www.ufpb.br\/ppgmds\/wp-content\/uploads\/sites\/79\/sites\/263\/2025\/09\/Formulario-Utilizacao-de-recursos-PROEX-do-Programa-por-Discente.docx\">Formul\u00e1rio &#8211; Utiliza\u00e7\u00e3o de recursos PROEX do Programa por Discente<\/a><a href=\"http:\/\/www.ufpb.br\/ppgmds\/wp-content\/uploads\/sites\/79\/sites\/263\/2025\/09\/Formulario-Utilizacao-de-recursos-PROEX-do-Programa-por-Discente.docx\" class=\"wp-block-file__button wp-element-button\" download aria-describedby=\"wp-block-file--media-54da9f54-c7ea-4a90-9d1b-7ac0219c9611\">Baixar<\/a><\/div>\n\n\n\n<div class=\"wp-block-file\"><a id=\"wp-block-file--media-242806d2-d6d0-4857-bf03-822b788236bd\" href=\"http:\/\/www.ufpb.br\/ppgmds\/wp-content\/uploads\/sites\/79\/sites\/263\/2025\/09\/Formulario-Trancamento.odt\">Formul\u00e1rio-Trancamento<\/a><a href=\"http:\/\/www.ufpb.br\/ppgmds\/wp-content\/uploads\/sites\/79\/sites\/263\/2025\/09\/Formulario-Trancamento.odt\" class=\"wp-block-file__button wp-element-button\" download aria-describedby=\"wp-block-file--media-242806d2-d6d0-4857-bf03-822b788236bd\">Baixar<\/a><\/div>\n\n\n\n<div class=\"wp-block-file\"><a id=\"wp-block-file--media-3a8a47e0-4ee1-42ab-a4a5-48b6082f989c\" href=\"http:\/\/www.ufpb.br\/ppgmds\/wp-content\/uploads\/sites\/79\/sites\/263\/2026\/03\/Formulario-Reserva-de-Espacos.docx\">Formul\u00e1rio &#8211; Reserva de Espa\u00e7os<\/a><a href=\"http:\/\/www.ufpb.br\/ppgmds\/wp-content\/uploads\/sites\/79\/sites\/263\/2026\/03\/Formulario-Reserva-de-Espacos.docx\" class=\"wp-block-file__button wp-element-button\" download aria-describedby=\"wp-block-file--media-3a8a47e0-4ee1-42ab-a4a5-48b6082f989c\">Baixar<\/a><\/div>\n\n\n\n<div class=\"wp-block-file\"><a id=\"wp-block-file--media-c3af4aef-b6a4-4683-9471-d5867d01c331\" href=\"http:\/\/www.ufpb.br\/ppgmds\/wp-content\/uploads\/sites\/79\/sites\/263\/2025\/09\/Formulario-Utilizacao-de-recursos-PROEX-do-Programa-por-DOCENTE.docx\">Formul\u00e1rio &#8211; Utiliza\u00e7\u00e3o de recursos PROEX do Programa por DOCENTE<\/a><a href=\"http:\/\/www.ufpb.br\/ppgmds\/wp-content\/uploads\/sites\/79\/sites\/263\/2025\/09\/Formulario-Utilizacao-de-recursos-PROEX-do-Programa-por-DOCENTE.docx\" class=\"wp-block-file__button wp-element-button\" download aria-describedby=\"wp-block-file--media-c3af4aef-b6a4-4683-9471-d5867d01c331\">Baixar<\/a><\/div>\n\n\n\n<p><\/p>\n","protected":false},"excerpt":{"rendered":"","protected":false},"author":364,"featured_media":0,"parent":0,"menu_order":0,"comment_status":"closed","ping_status":"closed","template":"","meta":{"footnotes":""},"class_list":["post-840","page","type-page","status-publish","hentry"],"_links":{"self":[{"href":"https:\/\/www.ufpb.br\/ppgmds\/wp-json\/wp\/v2\/pages\/840","targetHints":{"allow":["GET"]}}],"collection":[{"href":"https:\/\/www.ufpb.br\/ppgmds\/wp-json\/wp\/v2\/pages"}],"about":[{"href":"https:\/\/www.ufpb.br\/ppgmds\/wp-json\/wp\/v2\/types\/page"}],"author":[{"embeddable":true,"href":"https:\/\/www.ufpb.br\/ppgmds\/wp-json\/wp\/v2\/users\/364"}],"replies":[{"embeddable":true,"href":"https:\/\/www.ufpb.br\/ppgmds\/wp-json\/wp\/v2\/comments?post=840"}],"version-history":[{"count":5,"href":"https:\/\/www.ufpb.br\/ppgmds\/wp-json\/wp\/v2\/pages\/840\/revisions"}],"predecessor-version":[{"id":956,"href":"https:\/\/www.ufpb.br\/ppgmds\/wp-json\/wp\/v2\/pages\/840\/revisions\/956"}],"wp:attachment":[{"href":"https:\/\/www.ufpb.br\/ppgmds\/wp-json\/wp\/v2\/media?parent=840"}],"curies":[{"name":"wp","href":"https:\/\/api.w.org\/{rel}","templated":true}]}}