{"id":48,"date":"2026-05-28T16:35:32","date_gmt":"2026-05-28T19:35:32","guid":{"rendered":"https:\/\/www.ufpb.br\/privacidadededados\/?page_id=48"},"modified":"2026-07-19T21:58:47","modified_gmt":"2026-07-20T00:58:47","slug":"encarregados-de-dados-pessoais","status":"publish","type":"page","link":"https:\/\/www.ufpb.br\/privacidadededados\/encarregados-de-dados-pessoais\/","title":{"rendered":"Encarregados de Dados Pessoais &#8211; UFPB"},"content":{"rendered":"\n<p class=\"wp-block-paragraph\">Os Encarregados de Dados Pessoais (<em>DPO &#8211; Data Protection Officer)<\/em> s\u00e3o pessoas que representam o canal de comunica\u00e7\u00e3o entre a UFPB, os titulares dos dados e a Ag\u00eancia Nacional de Prote\u00e7\u00e3o de Dados (ANPD). Atuam de forma independente e tem como objetivo orientar, monitorar e assegurar o cumprimento da Lei Geral de Prote\u00e7\u00e3o de Dados Pessoais (LGPD) na universidade.<\/p>\n\n\n\n<figure class=\"wp-block-image size-large\"><a href=\"https:\/\/sig-arq.ufpb.br\/arquivos\/2025237104c3507402865970c97b2b6ef\/BS_14-2025.pdf#page=5\"><img loading=\"lazy\" decoding=\"async\" width=\"1024\" height=\"450\" src=\"https:\/\/www.ufpb.br\/privacidadededados\/wp-content\/uploads\/sites\/79\/sites\/469\/2026\/06\/imagemJulianaEncarregada-1024x450.png\" alt=\"\" class=\"wp-image-292\" srcset=\"https:\/\/www.ufpb.br\/privacidadededados\/wp-content\/uploads\/sites\/79\/sites\/469\/2026\/06\/imagemJulianaEncarregada-1024x450.png 1024w, https:\/\/www.ufpb.br\/privacidadededados\/wp-content\/uploads\/sites\/79\/sites\/469\/2026\/06\/imagemJulianaEncarregada-300x132.png 300w, https:\/\/www.ufpb.br\/privacidadededados\/wp-content\/uploads\/sites\/79\/sites\/469\/2026\/06\/imagemJulianaEncarregada-768x337.png 768w, https:\/\/www.ufpb.br\/privacidadededados\/wp-content\/uploads\/sites\/79\/sites\/469\/2026\/06\/imagemJulianaEncarregada-1536x675.png 1536w, https:\/\/www.ufpb.br\/privacidadededados\/wp-content\/uploads\/sites\/79\/sites\/469\/2026\/06\/imagemJulianaEncarregada-2048x900.png 2048w\" sizes=\"auto, (max-width: 1024px) 100vw, 1024px\" \/><\/a><\/figure>\n\n\n\n<figure class=\"wp-block-image size-large\"><a href=\"https:\/\/www.ufpb.br\/acessoainformacao\/contents\/documentos\/PORTARIA_123_2025_REITORIA__SGA35016363103553587603.pdf\"><img loading=\"lazy\" decoding=\"async\" width=\"1024\" height=\"450\" src=\"https:\/\/www.ufpb.br\/privacidadededados\/wp-content\/uploads\/sites\/79\/sites\/469\/2026\/06\/imagemSergio2-1024x450.png\" alt=\"\" class=\"wp-image-526\" srcset=\"https:\/\/www.ufpb.br\/privacidadededados\/wp-content\/uploads\/sites\/79\/sites\/469\/2026\/06\/imagemSergio2-1024x450.png 1024w, https:\/\/www.ufpb.br\/privacidadededados\/wp-content\/uploads\/sites\/79\/sites\/469\/2026\/06\/imagemSergio2-300x132.png 300w, https:\/\/www.ufpb.br\/privacidadededados\/wp-content\/uploads\/sites\/79\/sites\/469\/2026\/06\/imagemSergio2-768x337.png 768w, https:\/\/www.ufpb.br\/privacidadededados\/wp-content\/uploads\/sites\/79\/sites\/469\/2026\/06\/imagemSergio2-1536x674.png 1536w, https:\/\/www.ufpb.br\/privacidadededados\/wp-content\/uploads\/sites\/79\/sites\/469\/2026\/06\/imagemSergio2.png 1893w\" sizes=\"auto, (max-width: 1024px) 100vw, 1024px\" \/><\/a><\/figure>\n\n\n\n<h2 class=\"wp-block-heading\"><div class=\"linha-header\">Base legal e nomea\u00e7\u00e3o<\/div><\/h2>\n\n\n<div class=\"wp-block-image\">\n<figure class=\"alignleft size-large is-resized\"><img loading=\"lazy\" decoding=\"async\" width=\"1024\" height=\"1024\" src=\"https:\/\/www.ufpb.br\/privacidadededados\/wp-content\/uploads\/sites\/79\/sites\/469\/2026\/06\/icone_basesLegais-1-1024x1024.png\" alt=\"\" class=\"wp-image-300\" style=\"width:90px;height:auto\" srcset=\"https:\/\/www.ufpb.br\/privacidadededados\/wp-content\/uploads\/sites\/79\/sites\/469\/2026\/06\/icone_basesLegais-1-1024x1024.png 1024w, https:\/\/www.ufpb.br\/privacidadededados\/wp-content\/uploads\/sites\/79\/sites\/469\/2026\/06\/icone_basesLegais-1-300x300.png 300w, https:\/\/www.ufpb.br\/privacidadededados\/wp-content\/uploads\/sites\/79\/sites\/469\/2026\/06\/icone_basesLegais-1-150x150.png 150w, https:\/\/www.ufpb.br\/privacidadededados\/wp-content\/uploads\/sites\/79\/sites\/469\/2026\/06\/icone_basesLegais-1-768x768.png 768w, https:\/\/www.ufpb.br\/privacidadededados\/wp-content\/uploads\/sites\/79\/sites\/469\/2026\/06\/icone_basesLegais-1.png 1254w\" sizes=\"auto, (max-width: 1024px) 100vw, 1024px\" \/><\/figure>\n<\/div>\n\n\n<p class=\"wp-block-paragraph\">A Encarregada e o Vice-encarregado de Dados Pessoais da UFPB foram designados por meio de portaria da Reitora e atuam em conformidade com a LGPD (Lei n\u00b0 13.709\/2018), com o Regulamento de Encarregado da ANPD (Resolu\u00e7\u00e3o CD\/ANPD n\u00b0 18\/2024) e demais normas aplic\u00e1veis.<\/p>\n\n\n\n<p class=\"wp-block-paragraph\"><\/p>\n","protected":false},"excerpt":{"rendered":"<p>Os Encarregados de Dados Pessoais (DPO &#8211; Data Protection Officer) s\u00e3o pessoas que representam o [&hellip;]<\/p>\n","protected":false},"author":562,"featured_media":0,"parent":0,"menu_order":0,"comment_status":"closed","ping_status":"closed","template":"","meta":{"footnotes":""},"class_list":["post-48","page","type-page","status-publish","hentry"],"_links":{"self":[{"href":"https:\/\/www.ufpb.br\/privacidadededados\/wp-json\/wp\/v2\/pages\/48","targetHints":{"allow":["GET"]}}],"collection":[{"href":"https:\/\/www.ufpb.br\/privacidadededados\/wp-json\/wp\/v2\/pages"}],"about":[{"href":"https:\/\/www.ufpb.br\/privacidadededados\/wp-json\/wp\/v2\/types\/page"}],"author":[{"embeddable":true,"href":"https:\/\/www.ufpb.br\/privacidadededados\/wp-json\/wp\/v2\/users\/562"}],"replies":[{"embeddable":true,"href":"https:\/\/www.ufpb.br\/privacidadededados\/wp-json\/wp\/v2\/comments?post=48"}],"version-history":[{"count":9,"href":"https:\/\/www.ufpb.br\/privacidadededados\/wp-json\/wp\/v2\/pages\/48\/revisions"}],"predecessor-version":[{"id":701,"href":"https:\/\/www.ufpb.br\/privacidadededados\/wp-json\/wp\/v2\/pages\/48\/revisions\/701"}],"wp:attachment":[{"href":"https:\/\/www.ufpb.br\/privacidadededados\/wp-json\/wp\/v2\/media?parent=48"}],"curies":[{"name":"wp","href":"https:\/\/api.w.org\/{rel}","templated":true}]}}

<p class="wp-block-paragraph">Os Encarregados de Dados Pessoais (<em>DPO &#8211; Data Protection Officer)</em> são pessoas que representam o canal de comunicação entre a UFPB, os titulares dos dados e a Agência Nacional de Proteção de Dados (ANPD). Atuam de forma independente e tem como objetivo orientar, monitorar e assegurar o cumprimento da Lei Geral de Proteção de Dados Pessoais (LGPD) na universidade.</p>



<figure class="wp-block-image size-large"><a href="https://sig-arq.ufpb.br/arquivos/2025237104c3507402865970c97b2b6ef/BS_14-2025.pdf#page=5"><img loading="lazy" decoding="async" width="1024" height="450" src="https://www.ufpb.br/privacidadededados/wp-content/uploads/sites/79/sites/469/2026/06/imagemJulianaEncarregada-1024x450.png" alt="" class="wp-image-292" srcset="https://www.ufpb.br/privacidadededados/wp-content/uploads/sites/79/sites/469/2026/06/imagemJulianaEncarregada-1024x450.png 1024w, https://www.ufpb.br/privacidadededados/wp-content/uploads/sites/79/sites/469/2026/06/imagemJulianaEncarregada-300x132.png 300w, https://www.ufpb.br/privacidadededados/wp-content/uploads/sites/79/sites/469/2026/06/imagemJulianaEncarregada-768x337.png 768w, https://www.ufpb.br/privacidadededados/wp-content/uploads/sites/79/sites/469/2026/06/imagemJulianaEncarregada-1536x675.png 1536w, https://www.ufpb.br/privacidadededados/wp-content/uploads/sites/79/sites/469/2026/06/imagemJulianaEncarregada-2048x900.png 2048w" sizes="auto, (max-width: 1024px) 100vw, 1024px" /></a></figure>



<figure class="wp-block-image size-large"><a href="https://www.ufpb.br/acessoainformacao/contents/documentos/PORTARIA_123_2025_REITORIA__SGA35016363103553587603.pdf"><img loading="lazy" decoding="async" width="1024" height="450" src="https://www.ufpb.br/privacidadededados/wp-content/uploads/sites/79/sites/469/2026/06/imagemSergio2-1024x450.png" alt="" class="wp-image-526" srcset="https://www.ufpb.br/privacidadededados/wp-content/uploads/sites/79/sites/469/2026/06/imagemSergio2-1024x450.png 1024w, https://www.ufpb.br/privacidadededados/wp-content/uploads/sites/79/sites/469/2026/06/imagemSergio2-300x132.png 300w, https://www.ufpb.br/privacidadededados/wp-content/uploads/sites/79/sites/469/2026/06/imagemSergio2-768x337.png 768w, https://www.ufpb.br/privacidadededados/wp-content/uploads/sites/79/sites/469/2026/06/imagemSergio2-1536x674.png 1536w, https://www.ufpb.br/privacidadededados/wp-content/uploads/sites/79/sites/469/2026/06/imagemSergio2.png 1893w" sizes="auto, (max-width: 1024px) 100vw, 1024px" /></a></figure>



<h2 class="wp-block-heading"><div class="linha-header">Base legal e nomeação</div></h2>


<div class="wp-block-image">
<figure class="alignleft size-large is-resized"><img loading="lazy" decoding="async" width="1024" height="1024" src="https://www.ufpb.br/privacidadededados/wp-content/uploads/sites/79/sites/469/2026/06/icone_basesLegais-1-1024x1024.png" alt="" class="wp-image-300" style="width:90px;height:auto" srcset="https://www.ufpb.br/privacidadededados/wp-content/uploads/sites/79/sites/469/2026/06/icone_basesLegais-1-1024x1024.png 1024w, https://www.ufpb.br/privacidadededados/wp-content/uploads/sites/79/sites/469/2026/06/icone_basesLegais-1-300x300.png 300w, https://www.ufpb.br/privacidadededados/wp-content/uploads/sites/79/sites/469/2026/06/icone_basesLegais-1-150x150.png 150w, https://www.ufpb.br/privacidadededados/wp-content/uploads/sites/79/sites/469/2026/06/icone_basesLegais-1-768x768.png 768w, https://www.ufpb.br/privacidadededados/wp-content/uploads/sites/79/sites/469/2026/06/icone_basesLegais-1.png 1254w" sizes="auto, (max-width: 1024px) 100vw, 1024px" /></figure>
</div>


<p class="wp-block-paragraph">A Encarregada e o Vice-encarregado de Dados Pessoais da UFPB foram designados por meio de portaria da Reitora e atuam em conformidade com a LGPD (Lei n° 13.709/2018), com o Regulamento de Encarregado da ANPD (Resolução CD/ANPD n° 18/2024) e demais normas aplicáveis.</p>



<p class="wp-block-paragraph"></p>

<p>Os Encarregados de Dados Pessoais (DPO &#8211; Data Protection Officer) são pessoas que representam o [&hellip;]</p>
