{"id":114,"date":"2024-12-30T12:19:36","date_gmt":"2024-12-30T15:19:36","guid":{"rendered":"https:\/\/www.ufpb.br\/recredenciamento\/?page_id=114"},"modified":"2025-01-13T13:21:22","modified_gmt":"2025-01-13T16:21:22","slug":"dimensao-e-indicadores-2","status":"publish","type":"page","link":"https:\/\/www.ufpb.br\/recredenciamento\/dimensao-e-indicadores-2\/","title":{"rendered":"Dimens\u00e3o e Indicadores"},"content":{"rendered":"\n<p>O instrumento de recredenciamento de Institui\u00e7\u00f5es de Ensino Superior (IES) \u00e9 composto por cinco eixos estruturantes que abrangem dimens\u00f5es essenciais para a avalia\u00e7\u00e3o da qualidade e efic\u00e1cia institucional. <\/p>\n\n\n\n<p>Cada eixo apresenta indicadores espec\u00edficos que orientam o diagn\u00f3stico e a an\u00e1lise das pr\u00e1ticas institucionais, visando assegurar a conson\u00e2ncia com os padr\u00f5es de excel\u00eancia acad\u00eamica e de gest\u00e3o. <\/p>\n\n\n\n<p>O <strong>Eixo 1<\/strong> aborda o planejamento e a avalia\u00e7\u00e3o institucional, enfatizando a evolu\u00e7\u00e3o a partir de processos avaliativos internos e externos, bem como a participa\u00e7\u00e3o da comunidade acad\u00eamica. <\/p>\n\n\n\n<p>O <strong>Eixo 2<\/strong> foca no desenvolvimento institucional, com aten\u00e7\u00e3o especial \u00e0s pol\u00edticas e pr\u00e1ticas contidas no Plano de Desenvolvimento Institucional (PDI), incluindo iniciativas voltadas \u00e0 diversidade, inova\u00e7\u00e3o, sustentabilidade e modalidades de ensino, como a Educa\u00e7\u00e3o a Dist\u00e2ncia (EAD).<\/p>\n\n\n\n<p>Os <strong>Eixos 3, 4 e 5<\/strong> aprofundam as pol\u00edticas acad\u00eamicas, de gest\u00e3o e de infraestrutura. O <strong>Eixo 3<\/strong> examina as pol\u00edticas de ensino, pesquisa, extens\u00e3o, internacionaliza\u00e7\u00e3o e acompanhamento de egressos, promovendo a integra\u00e7\u00e3o entre a produ\u00e7\u00e3o acad\u00eamica e as necessidades da sociedade. <\/p>\n\n\n\n<p>O <strong>Eixo 4<\/strong> analisa a capacita\u00e7\u00e3o do corpo docente e t\u00e9cnico-administrativo, bem como a sustentabilidade financeira e os processos de gest\u00e3o institucional. <\/p>\n\n\n\n<p>Por fim, o <strong>Eixo 5<\/strong> avalia a infraestrutura f\u00edsica e tecnol\u00f3gica, incluindo laborat\u00f3rios, bibliotecas, espa\u00e7os de conviv\u00eancia e ambientes virtuais de aprendizagem, essenciais para sustentar as atividades acad\u00eamicas e administrativas. <\/p>\n\n\n\n<p>Essa abordagem integrada permite identificar pontos fortes e oportunidades de melhoria, promovendo o alinhamento estrat\u00e9gico das IES aos seus objetivos institucionais e \u00e0s demandas educacionais contempor\u00e2neas.<\/p>\n\n\n\n<p><\/p>\n","protected":false},"excerpt":{"rendered":"<p>O instrumento de recredenciamento de Institui\u00e7\u00f5es de Ensino Superior (IES) \u00e9 composto por cinco eixos estruturantes que abrangem dimens\u00f5es essenciais para a avalia\u00e7\u00e3o da qualidade e efic\u00e1cia institucional. Cada eixo apresenta indicadores espec\u00edficos que orientam o diagn\u00f3stico e a an\u00e1lise das pr\u00e1ticas institucionais, visando assegurar a conson\u00e2ncia com os padr\u00f5es de excel\u00eancia acad\u00eamica e de [&hellip;]<\/p>\n","protected":false},"author":63,"featured_media":0,"parent":0,"menu_order":0,"comment_status":"closed","ping_status":"closed","template":"","meta":{"footnotes":""},"class_list":["post-114","page","type-page","status-publish","hentry"],"_links":{"self":[{"href":"https:\/\/www.ufpb.br\/recredenciamento\/wp-json\/wp\/v2\/pages\/114","targetHints":{"allow":["GET"]}}],"collection":[{"href":"https:\/\/www.ufpb.br\/recredenciamento\/wp-json\/wp\/v2\/pages"}],"about":[{"href":"https:\/\/www.ufpb.br\/recredenciamento\/wp-json\/wp\/v2\/types\/page"}],"author":[{"embeddable":true,"href":"https:\/\/www.ufpb.br\/recredenciamento\/wp-json\/wp\/v2\/users\/63"}],"replies":[{"embeddable":true,"href":"https:\/\/www.ufpb.br\/recredenciamento\/wp-json\/wp\/v2\/comments?post=114"}],"version-history":[{"count":2,"href":"https:\/\/www.ufpb.br\/recredenciamento\/wp-json\/wp\/v2\/pages\/114\/revisions"}],"predecessor-version":[{"id":194,"href":"https:\/\/www.ufpb.br\/recredenciamento\/wp-json\/wp\/v2\/pages\/114\/revisions\/194"}],"wp:attachment":[{"href":"https:\/\/www.ufpb.br\/recredenciamento\/wp-json\/wp\/v2\/media?parent=114"}],"curies":[{"name":"wp","href":"https:\/\/api.w.org\/{rel}","templated":true}]}}