{"id":126,"date":"2024-12-30T12:23:14","date_gmt":"2024-12-30T15:23:14","guid":{"rendered":"https:\/\/www.ufpb.br\/recredenciamento\/?page_id=126"},"modified":"2025-02-24T10:00:03","modified_gmt":"2025-02-24T13:00:03","slug":"institucional","status":"publish","type":"page","link":"https:\/\/www.ufpb.br\/recredenciamento\/institucional\/","title":{"rendered":"Institucional"},"content":{"rendered":"\n<figure class=\"wp-block-embed is-type-video is-provider-youtube wp-block-embed-youtube wp-embed-aspect-16-9 wp-has-aspect-ratio\"><div class=\"wp-block-embed__wrapper\">\n<iframe loading=\"lazy\" title=\"Apresenta\u00e7\u00e3o da Reitora Terezinha Domiciano\" width=\"500\" height=\"281\" src=\"https:\/\/www.youtube.com\/embed\/vBKHX60yySY?feature=oembed\" frameborder=\"0\" allow=\"accelerometer; autoplay; clipboard-write; encrypted-media; gyroscope; picture-in-picture; web-share\" referrerpolicy=\"strict-origin-when-cross-origin\" allowfullscreen><\/iframe>\n<\/div><\/figure>\n\n\n\n<p>V\u00eddeo da Reitora da Universidade Federal da Para\u00edba, Terezinha Domiciano, apresentando o processo de Recredenciamento Institucional da UFPB.<\/p>\n\n\n\n<p>Cr\u00e9ditos: Ascom\/TV UFPB<\/p>\n","protected":false},"excerpt":{"rendered":"<p>V\u00eddeo da Reitora da Universidade Federal da Para\u00edba, Terezinha Domiciano, apresentando o processo de Recredenciamento Institucional da UFPB. Cr\u00e9ditos: Ascom\/TV UFPB<\/p>\n","protected":false},"author":63,"featured_media":325,"parent":0,"menu_order":0,"comment_status":"closed","ping_status":"closed","template":"","meta":{"footnotes":""},"class_list":["post-126","page","type-page","status-publish","has-post-thumbnail","hentry"],"_links":{"self":[{"href":"https:\/\/www.ufpb.br\/recredenciamento\/wp-json\/wp\/v2\/pages\/126","targetHints":{"allow":["GET"]}}],"collection":[{"href":"https:\/\/www.ufpb.br\/recredenciamento\/wp-json\/wp\/v2\/pages"}],"about":[{"href":"https:\/\/www.ufpb.br\/recredenciamento\/wp-json\/wp\/v2\/types\/page"}],"author":[{"embeddable":true,"href":"https:\/\/www.ufpb.br\/recredenciamento\/wp-json\/wp\/v2\/users\/63"}],"replies":[{"embeddable":true,"href":"https:\/\/www.ufpb.br\/recredenciamento\/wp-json\/wp\/v2\/comments?post=126"}],"version-history":[{"count":5,"href":"https:\/\/www.ufpb.br\/recredenciamento\/wp-json\/wp\/v2\/pages\/126\/revisions"}],"predecessor-version":[{"id":319,"href":"https:\/\/www.ufpb.br\/recredenciamento\/wp-json\/wp\/v2\/pages\/126\/revisions\/319"}],"wp:featuredmedia":[{"embeddable":true,"href":"https:\/\/www.ufpb.br\/recredenciamento\/wp-json\/wp\/v2\/media\/325"}],"wp:attachment":[{"href":"https:\/\/www.ufpb.br\/recredenciamento\/wp-json\/wp\/v2\/media?parent=126"}],"curies":[{"name":"wp","href":"https:\/\/api.w.org\/{rel}","templated":true}]}}