{"id":134,"date":"2024-12-30T12:24:19","date_gmt":"2024-12-30T15:24:19","guid":{"rendered":"https:\/\/www.ufpb.br\/recredenciamento\/?page_id=134"},"modified":"2025-01-14T10:15:50","modified_gmt":"2025-01-14T13:15:50","slug":"legislacao-relacionada","status":"publish","type":"page","link":"https:\/\/www.ufpb.br\/recredenciamento\/legislacao-relacionada\/","title":{"rendered":"Legisla\u00e7\u00e3o Relacionada"},"content":{"rendered":"\n<p><br>1 &#8211; <a href=\"http:\/\/legislacao.planalto.gov.br\/legisla\/legislacao.nsf\/Viw_Identificacao\/lei%2010.861-2004?OpenDocument\"><strong>LEI N\u00ba 10.861, DE 14 DE ABRIL DE 2004<\/strong><\/a> (Institui o Sistema Nacional de Avalia\u00e7\u00e3o da Educa\u00e7\u00e3o Superior \u2013 SINAES e d\u00e1 outras provid\u00eancias);<\/p>\n\n\n\n<p><br>2 &#8211; <a href=\"http:\/\/legislacao.planalto.gov.br\/legisla\/legislacao.nsf\/Viw_Identificacao\/DEC%209.235-2017?OpenDocument\"><strong>DECRETO N\u00ba 9.235, DE 15 DE DEZEMBRO DE 2017<\/strong><\/a> (Disp\u00f5e sobre o exerc\u00edcio das fun\u00e7\u00f5es de regula\u00e7\u00e3o, supervis\u00e3o e avalia\u00e7\u00e3o das institui\u00e7\u00f5es de educa\u00e7\u00e3o superior e dos cursos superiores de gradua\u00e7\u00e3o e de p\u00f3s-gradua\u00e7\u00e3o no sistema federal de ensino);<\/p>\n\n\n\n<p><br>3 &#8211; <a href=\"https:\/\/www.gov.br\/inep\/pt-br\/centrais-de-conteudo\/legislacao\/avaliacao-in-loco\"><strong>Avalia\u00e7\u00e3o in loco \u2014 Instituto Nacional de Estudos e Pesquisas Educacionais An\u00edsio Teixeira | Inep<\/strong><\/a> (Legisla\u00e7\u00e3o referente \u00e0 Avalia\u00e7\u00e3o Externa in loco de Institui\u00e7\u00f5es de Educa\u00e7\u00e3o Superior e Cursos de Gradua\u00e7\u00e3o).<\/p>\n\n\n\n<p><\/p>\n","protected":false},"excerpt":{"rendered":"<p>1 &#8211; LEI N\u00ba 10.861, DE 14 DE ABRIL DE 2004 (Institui o Sistema Nacional de Avalia\u00e7\u00e3o da Educa\u00e7\u00e3o Superior \u2013 SINAES e d\u00e1 outras provid\u00eancias); 2 &#8211; DECRETO N\u00ba 9.235, DE 15 DE DEZEMBRO DE 2017 (Disp\u00f5e sobre o exerc\u00edcio das fun\u00e7\u00f5es de regula\u00e7\u00e3o, supervis\u00e3o e avalia\u00e7\u00e3o das institui\u00e7\u00f5es de educa\u00e7\u00e3o superior e dos [&hellip;]<\/p>\n","protected":false},"author":63,"featured_media":0,"parent":0,"menu_order":0,"comment_status":"closed","ping_status":"closed","template":"","meta":{"footnotes":""},"class_list":["post-134","page","type-page","status-publish","hentry"],"_links":{"self":[{"href":"https:\/\/www.ufpb.br\/recredenciamento\/wp-json\/wp\/v2\/pages\/134","targetHints":{"allow":["GET"]}}],"collection":[{"href":"https:\/\/www.ufpb.br\/recredenciamento\/wp-json\/wp\/v2\/pages"}],"about":[{"href":"https:\/\/www.ufpb.br\/recredenciamento\/wp-json\/wp\/v2\/types\/page"}],"author":[{"embeddable":true,"href":"https:\/\/www.ufpb.br\/recredenciamento\/wp-json\/wp\/v2\/users\/63"}],"replies":[{"embeddable":true,"href":"https:\/\/www.ufpb.br\/recredenciamento\/wp-json\/wp\/v2\/comments?post=134"}],"version-history":[{"count":3,"href":"https:\/\/www.ufpb.br\/recredenciamento\/wp-json\/wp\/v2\/pages\/134\/revisions"}],"predecessor-version":[{"id":264,"href":"https:\/\/www.ufpb.br\/recredenciamento\/wp-json\/wp\/v2\/pages\/134\/revisions\/264"}],"wp:attachment":[{"href":"https:\/\/www.ufpb.br\/recredenciamento\/wp-json\/wp\/v2\/media?parent=134"}],"curies":[{"name":"wp","href":"https:\/\/api.w.org\/{rel}","templated":true}]}}