{"id":85,"date":"2024-12-30T12:03:23","date_gmt":"2024-12-30T15:03:23","guid":{"rendered":"https:\/\/www.ufpb.br\/recredenciamento\/?page_id=85"},"modified":"2025-01-14T09:23:42","modified_gmt":"2025-01-14T12:23:42","slug":"site-da-cpa","status":"publish","type":"page","link":"https:\/\/www.ufpb.br\/recredenciamento\/site-da-cpa\/","title":{"rendered":"Site da CPA"},"content":{"rendered":"\n<figure class=\"wp-block-image size-large\"><img loading=\"lazy\" decoding=\"async\" width=\"1024\" height=\"683\" src=\"http:\/\/www.ufpb.br\/recredenciamento\/wp-content\/uploads\/sites\/79\/sites\/247\/2025\/01\/Videos-e-Fotos-Bananeiras-06.12.2023-Imagem-Gustavo-Ribeiro-42-1024x683.jpg\" alt=\"\" class=\"wp-image-241\" srcset=\"https:\/\/www.ufpb.br\/recredenciamento\/wp-content\/uploads\/sites\/79\/sites\/247\/2025\/01\/Videos-e-Fotos-Bananeiras-06.12.2023-Imagem-Gustavo-Ribeiro-42-1024x683.jpg 1024w, https:\/\/www.ufpb.br\/recredenciamento\/wp-content\/uploads\/sites\/79\/sites\/247\/2025\/01\/Videos-e-Fotos-Bananeiras-06.12.2023-Imagem-Gustavo-Ribeiro-42-300x200.jpg 300w, https:\/\/www.ufpb.br\/recredenciamento\/wp-content\/uploads\/sites\/79\/sites\/247\/2025\/01\/Videos-e-Fotos-Bananeiras-06.12.2023-Imagem-Gustavo-Ribeiro-42-768x512.jpg 768w, https:\/\/www.ufpb.br\/recredenciamento\/wp-content\/uploads\/sites\/79\/sites\/247\/2025\/01\/Videos-e-Fotos-Bananeiras-06.12.2023-Imagem-Gustavo-Ribeiro-42-1536x1024.jpg 1536w, https:\/\/www.ufpb.br\/recredenciamento\/wp-content\/uploads\/sites\/79\/sites\/247\/2025\/01\/Videos-e-Fotos-Bananeiras-06.12.2023-Imagem-Gustavo-Ribeiro-42-2048x1365.jpg 2048w, https:\/\/www.ufpb.br\/recredenciamento\/wp-content\/uploads\/sites\/79\/sites\/247\/2025\/01\/Videos-e-Fotos-Bananeiras-06.12.2023-Imagem-Gustavo-Ribeiro-42-272x182.jpg 272w\" sizes=\"auto, (max-width: 1024px) 100vw, 1024px\" \/><figcaption class=\"wp-element-caption\">Campus III &#8211; Bananeiras (Foto: Gustavo Ribeiro)<\/figcaption><\/figure>\n\n\n\n<p>A Comiss\u00e3o Pr\u00f3pria de Avalia\u00e7\u00e3o (CPA) \u00e9 respons\u00e1vel por coordenar o processo de autoavalia\u00e7\u00e3o institucional. A CPA promove a coleta e an\u00e1lise de dados que subsidiar\u00e3o as tomadas de decis\u00f5es da universidade. Para saber mais, acesse o site da <a href=\"https:\/\/www.ufpb.br\/cpa\">CPA.<\/a><\/p>\n","protected":false},"excerpt":{"rendered":"<p>A Comiss\u00e3o Pr\u00f3pria de Avalia\u00e7\u00e3o (CPA) \u00e9 respons\u00e1vel por coordenar o processo de autoavalia\u00e7\u00e3o institucional. A CPA promove a coleta e an\u00e1lise de dados que subsidiar\u00e3o as tomadas de decis\u00f5es da universidade. Para saber mais, acesse o site da CPA.<\/p>\n","protected":false},"author":63,"featured_media":0,"parent":0,"menu_order":0,"comment_status":"closed","ping_status":"closed","template":"","meta":{"footnotes":""},"class_list":["post-85","page","type-page","status-publish","hentry"],"_links":{"self":[{"href":"https:\/\/www.ufpb.br\/recredenciamento\/wp-json\/wp\/v2\/pages\/85","targetHints":{"allow":["GET"]}}],"collection":[{"href":"https:\/\/www.ufpb.br\/recredenciamento\/wp-json\/wp\/v2\/pages"}],"about":[{"href":"https:\/\/www.ufpb.br\/recredenciamento\/wp-json\/wp\/v2\/types\/page"}],"author":[{"embeddable":true,"href":"https:\/\/www.ufpb.br\/recredenciamento\/wp-json\/wp\/v2\/users\/63"}],"replies":[{"embeddable":true,"href":"https:\/\/www.ufpb.br\/recredenciamento\/wp-json\/wp\/v2\/comments?post=85"}],"version-history":[{"count":3,"href":"https:\/\/www.ufpb.br\/recredenciamento\/wp-json\/wp\/v2\/pages\/85\/revisions"}],"predecessor-version":[{"id":252,"href":"https:\/\/www.ufpb.br\/recredenciamento\/wp-json\/wp\/v2\/pages\/85\/revisions\/252"}],"wp:attachment":[{"href":"https:\/\/www.ufpb.br\/recredenciamento\/wp-json\/wp\/v2\/media?parent=85"}],"curies":[{"name":"wp","href":"https:\/\/api.w.org\/{rel}","templated":true}]}}