{"id":87,"date":"2024-12-30T12:03:56","date_gmt":"2024-12-30T15:03:56","guid":{"rendered":"https:\/\/www.ufpb.br\/recredenciamento\/?page_id=87"},"modified":"2025-02-24T09:59:07","modified_gmt":"2025-02-24T12:59:07","slug":"o-que-e-recredenciamento-instistucional","status":"publish","type":"page","link":"https:\/\/www.ufpb.br\/recredenciamento\/o-que-e-recredenciamento-instistucional\/","title":{"rendered":"O que \u00e9 Recredenciamento Institucional"},"content":{"rendered":"\n<figure class=\"wp-block-embed is-type-video is-provider-youtube wp-block-embed-youtube wp-embed-aspect-16-9 wp-has-aspect-ratio\"><div class=\"wp-block-embed__wrapper\">\n<iframe loading=\"lazy\" title=\"Procurador Educacional Institucional fala sobre Recredenciamento da UFPB\" width=\"500\" height=\"281\" src=\"https:\/\/www.youtube.com\/embed\/hXpJq0hI0QE?feature=oembed\" frameborder=\"0\" allow=\"accelerometer; autoplay; clipboard-write; encrypted-media; gyroscope; picture-in-picture; web-share\" referrerpolicy=\"strict-origin-when-cross-origin\" allowfullscreen><\/iframe>\n<\/div><\/figure>\n\n\n\n<p>Cr\u00e9ditos: Ascom\/TV UFPB<\/p>\n\n\n\n<p>No v\u00eddeo, o Procurador Educacional Institucional (PI) Hidelbrando Di\u00f3genes, explica o que \u00e9 o Recredenciamento Institucional.<\/p>\n\n\n\n<p>Regulamentado pelo Minist\u00e9rio da Educa\u00e7\u00e3o (MEC), o processo avalia a qualidade das institui\u00e7\u00f5es de ensino superior no Brasil. Fundamentado pela Lei n\u00ba 9.235\/2017 e pela Portaria Normativa n\u00ba 23, de 21 de dezembro de 2017, analisa aspectos como infraestrutura, corpo docente, pol\u00edticas acad\u00eamicas e gest\u00e3o institucional.<\/p>\n\n\n\n<p>Trata-se de um instrumento essencial para garantir a excel\u00eancia no ensino, pesquisa e extens\u00e3o, al\u00e9m de assegurar que as institui\u00e7\u00f5es estejam alinhadas \u00e0 legisla\u00e7\u00e3o vigente.<\/p>\n\n\n\n<p>O processo de recredenciamento \u00e9 estruturado em cinco eixos principais estabelecidos pelo MEC:<\/p>\n\n\n\n<ol class=\"wp-block-list\">\n<li>Planejamento e Avalia\u00e7\u00e3o Institucional;<\/li>\n\n\n\n<li>Desenvolvimento Institucional;<\/li>\n\n\n\n<li>Pol\u00edticas Acad\u00eamicas;<\/li>\n\n\n\n<li>Pol\u00edticas de Gest\u00e3o;<\/li>\n\n\n\n<li>Infraestrutura F\u00edsica<\/li>\n<\/ol>\n\n\n\n<p>A cada ciclo de avalia\u00e7\u00e3o, o MEC estabelece diretrizes espec\u00edficas que orientam as institui\u00e7\u00f5es no aprimoramento de seus processos internos. Este mecanismo tamb\u00e9m fortalece o compromisso das universidades com a forma\u00e7\u00e3o de cidad\u00e3os cr\u00edticos e preparados para os desafios contempor\u00e2neos.<\/p>\n","protected":false},"excerpt":{"rendered":"<p>Cr\u00e9ditos: Ascom\/TV UFPB No v\u00eddeo, o Procurador Educacional Institucional (PI) Hidelbrando Di\u00f3genes, explica o que \u00e9 o Recredenciamento Institucional. Regulamentado pelo Minist\u00e9rio da Educa\u00e7\u00e3o (MEC), o processo avalia a qualidade das institui\u00e7\u00f5es de ensino superior no Brasil. Fundamentado pela Lei n\u00ba 9.235\/2017 e pela Portaria Normativa n\u00ba 23, de 21 de dezembro de 2017, analisa [&hellip;]<\/p>\n","protected":false},"author":63,"featured_media":324,"parent":0,"menu_order":0,"comment_status":"closed","ping_status":"closed","template":"","meta":{"footnotes":""},"class_list":["post-87","page","type-page","status-publish","has-post-thumbnail","hentry"],"_links":{"self":[{"href":"https:\/\/www.ufpb.br\/recredenciamento\/wp-json\/wp\/v2\/pages\/87","targetHints":{"allow":["GET"]}}],"collection":[{"href":"https:\/\/www.ufpb.br\/recredenciamento\/wp-json\/wp\/v2\/pages"}],"about":[{"href":"https:\/\/www.ufpb.br\/recredenciamento\/wp-json\/wp\/v2\/types\/page"}],"author":[{"embeddable":true,"href":"https:\/\/www.ufpb.br\/recredenciamento\/wp-json\/wp\/v2\/users\/63"}],"replies":[{"embeddable":true,"href":"https:\/\/www.ufpb.br\/recredenciamento\/wp-json\/wp\/v2\/comments?post=87"}],"version-history":[{"count":5,"href":"https:\/\/www.ufpb.br\/recredenciamento\/wp-json\/wp\/v2\/pages\/87\/revisions"}],"predecessor-version":[{"id":321,"href":"https:\/\/www.ufpb.br\/recredenciamento\/wp-json\/wp\/v2\/pages\/87\/revisions\/321"}],"wp:featuredmedia":[{"embeddable":true,"href":"https:\/\/www.ufpb.br\/recredenciamento\/wp-json\/wp\/v2\/media\/324"}],"wp:attachment":[{"href":"https:\/\/www.ufpb.br\/recredenciamento\/wp-json\/wp\/v2\/media?parent=87"}],"curies":[{"name":"wp","href":"https:\/\/api.w.org\/{rel}","templated":true}]}}

O que é Recredenciamento Institucional

<figure class="wp-block-embed is-type-video is-provider-youtube wp-block-embed-youtube wp-embed-aspect-16-9 wp-has-aspect-ratio"><div class="wp-block-embed__wrapper">
<iframe loading="lazy" title="Procurador Educacional Institucional fala sobre Recredenciamento da UFPB" width="500" height="281" src="https://www.youtube.com/embed/hXpJq0hI0QE?feature=oembed" frameborder="0" allow="accelerometer; autoplay; clipboard-write; encrypted-media; gyroscope; picture-in-picture; web-share" referrerpolicy="strict-origin-when-cross-origin" allowfullscreen></iframe>
</div></figure>



<p>Créditos: Ascom/TV UFPB</p>



<p>No vídeo, o Procurador Educacional Institucional (PI) Hidelbrando Diógenes, explica o que é o Recredenciamento Institucional.</p>



<p>Regulamentado pelo Ministério da Educação (MEC), o processo avalia a qualidade das instituições de ensino superior no Brasil. Fundamentado pela Lei nº 9.235/2017 e pela Portaria Normativa nº 23, de 21 de dezembro de 2017, analisa aspectos como infraestrutura, corpo docente, políticas acadêmicas e gestão institucional.</p>



<p>Trata-se de um instrumento essencial para garantir a excelência no ensino, pesquisa e extensão, além de assegurar que as instituições estejam alinhadas à legislação vigente.</p>



<p>O processo de recredenciamento é estruturado em cinco eixos principais estabelecidos pelo MEC:</p>



<ol class="wp-block-list">
<li>Planejamento e Avaliação Institucional;</li>



<li>Desenvolvimento Institucional;</li>



<li>Políticas Acadêmicas;</li>



<li>Políticas de Gestão;</li>



<li>Infraestrutura Física</li>
</ol>



<p>A cada ciclo de avaliação, o MEC estabelece diretrizes específicas que orientam as instituições no aprimoramento de seus processos internos. Este mecanismo também fortalece o compromisso das universidades com a formação de cidadãos críticos e preparados para os desafios contemporâneos.</p>

<p>Créditos: Ascom/TV UFPB No vídeo, o Procurador Educacional Institucional (PI) Hidelbrando Diógenes, explica o que é o Recredenciamento Institucional. Regulamentado pelo Ministério da Educação (MEC), o processo avalia a qualidade das instituições de ensino superior no Brasil. Fundamentado pela Lei nº 9.235/2017 e pela Portaria Normativa nº 23, de 21 de dezembro de 2017, analisa [&hellip;]</p>
