{"id":16,"date":"2025-01-28T20:27:19","date_gmt":"2025-01-28T23:27:19","guid":{"rendered":"https:\/\/www.ufpb.br\/sebtt\/?page_id=16"},"modified":"2025-08-01T09:14:00","modified_gmt":"2025-08-01T12:14:00","slug":"institucional","status":"publish","type":"page","link":"https:\/\/www.ufpb.br\/sebtt\/institucional\/","title":{"rendered":"Institucional"},"content":{"rendered":"\n<hr class=\"wp-block-separator has-alpha-channel-opacity\" \/>\n\n\n\n<p>A Superintend\u00eancia do Ensino B\u00e1sico, T\u00e9cnico e Tecnol\u00f3gico da UFPB (SEBTT) \u00e9 a unidade que gerencia as escolas do EBTT no \u00e2mbito a UFPB, sendo composta pelas seguintes unidades de ensino: CAp-EBAS\/UFPB; no Campus I; Centro Profissional e Tecnol\u00f3gico Escola T\u00e9cnica de Sa\u00fade CPT \u2013 ETS \u2013 no Campus I; e pelo Col\u00e9gio Agr\u00edcola Vidal de Negreiros \u2013 CAVN, no campus III. O EBTT em seu arcabou\u00e7o est\u00e1 apoiado no trip\u00e9 basilar do Ensino, Pesquisa e Extens\u00e3o. A SEBTT, juntamente com as unidades do EBTT na UFPB, busca atrav\u00e9s de suas a\u00e7\u00f5es contribuir para o desenvolvimento intelectual, socioecon\u00f4mico e cultural dos sujeitos educandos, fortalecendo o ensino na UFPB .<\/p>\n\n\n\n<p>A SEBTT tem sua atua\u00e7\u00e3o fundamentada em uma vis\u00e3o, miss\u00e3o e valores que est\u00e3o assim definidos:<\/p>\n\n\n\n<p>1.Miss\u00e3o<\/p>\n\n\n\n<p>Promover uma educa\u00e7\u00e3o de qualidade e com excel\u00eancia no \u00e2mbito do Ensino B\u00e1sico, T\u00e9cnico e Tecnol\u00f3gico, de forma a contribuir com a forma\u00e7\u00e3o de profissionais competentes, \u00e9ticos e comprometidos com o bem comum, bem como com a constru\u00e7\u00e3o de uma sociedade democr\u00e1tica, inclusiva, sustent\u00e1vel e humanizada.<\/p>\n\n\n\n<p>2.Vis\u00e3o<\/p>\n\n\n\n<p>Tornar a Educa\u00e7\u00e3o B\u00e1sica, T\u00e9cnica e Tecnol\u00f3gica da UFPB uma refer\u00eancia nacional e internacional, fortalecendo \u00e0s escolas de forma a contribuir para a forma\u00e7\u00e3o integral de cidad\u00e3os cr\u00edticos, conscientes e capazes de atuar profissionalmente, de maneira \u00e9tica e comprometida com as transforma\u00e7\u00f5es sociais.<\/p>\n\n\n\n<p>3.Valores<\/p>\n\n\n\n<p>Educa\u00e7\u00e3o de Excel\u00eancia<\/p>\n\n\n\n<p>Ofertar cada vez mais uma educa\u00e7\u00e3o p\u00fablica com excel\u00eancia pautada na inova\u00e7\u00e3o tecnol\u00f3gica, buscando aprimorar o ensino, a pesquisa e a extens\u00e3o, possibilitando oportunidades de desenvolvimento profissional e acad\u00eamico aos estudantes do EBTT.<\/p>\n\n\n\n<p>Sustentabilidade<\/p>\n\n\n\n<p>Desenvolver uma educa\u00e7\u00e3o permeada por pr\u00e1ticas sustent\u00e1veis que visem a preserva\u00e7\u00e3o do meio ambiente e a constru\u00e7\u00e3o de um futuro mais justo para todos.<\/p>\n\n\n\n<p>Inclus\u00e3o<\/p>\n\n\n\n<p>Promover um ambiente institucional acolhedor e respeitoso, onde a diversidade seja valorizada e a participa\u00e7\u00e3o de todos os t\u00e9cnicos, docentes e discentes seja valorizada.<\/p>\n\n\n\n<p>Gest\u00e3o Democr\u00e1tica<\/p>\n\n\n\n<p>Gest\u00e3o pautada no di\u00e1logo entre a comunidade interna e externa \u00e0 UFPB, de forma a efetivar um projeto educativo que atenda \u00e0s necessidades da sociedade atual.<\/p>\n\n\n\n<p><strong><a href=\"https:\/\/drive.google.com\/file\/d\/1J2PJw-6Cz3H5bU3m37S0Bx0Kdvv5nhBQ\/view?usp=sharing\">ESTRUTURA<\/a><\/strong><\/p>\n\n\n\n<hr class=\"wp-block-separator has-alpha-channel-opacity\" \/>\n\n\n\n<figure class=\"wp-block-image size-full\"><img loading=\"lazy\" decoding=\"async\" width=\"1080\" height=\"1080\" src=\"https:\/\/www.ufpb.br\/sebtt\/wp-content\/uploads\/sites\/79\/sites\/249\/2025\/06\/EstruturaSEBTT.png\" alt=\"\" class=\"wp-image-100\" srcset=\"https:\/\/www.ufpb.br\/sebtt\/wp-content\/uploads\/sites\/79\/sites\/249\/2025\/06\/EstruturaSEBTT.png 1080w, https:\/\/www.ufpb.br\/sebtt\/wp-content\/uploads\/sites\/79\/sites\/249\/2025\/06\/EstruturaSEBTT-300x300.png 300w, https:\/\/www.ufpb.br\/sebtt\/wp-content\/uploads\/sites\/79\/sites\/249\/2025\/06\/EstruturaSEBTT-1024x1024.png 1024w, https:\/\/www.ufpb.br\/sebtt\/wp-content\/uploads\/sites\/79\/sites\/249\/2025\/06\/EstruturaSEBTT-150x150.png 150w, https:\/\/www.ufpb.br\/sebtt\/wp-content\/uploads\/sites\/79\/sites\/249\/2025\/06\/EstruturaSEBTT-768x768.png 768w\" sizes=\"auto, (max-width: 1080px) 100vw, 1080px\" \/><\/figure>\n\n\n\n<hr class=\"wp-block-separator has-alpha-channel-opacity\" \/>\n\n\n\n<p><strong>PDI 2024 &#8211; 2028<\/strong><\/p>\n\n\n\n<p>O PDI-UFPB 2024-2028 foi aprovado, por unanimidade, pelo Conselho Universit\u00e1rio (CONSUNI), em reuni\u00e3o extraordin\u00e1ria realizada no dia 03 de dezembro de 2024, conforme&nbsp;<a href=\"https:\/\/sipac.ufpb.br\/public\/jsp\/processos\/processo_detalhado.jsf?id=2159444\" target=\"_blank\" rel=\"noreferrer noopener\">Processo n\u00ba 23074.082318\/2024-33<\/a>.<br>Ressalta-se que a vers\u00e3o diagramada do documento se encontra em processo de elabora\u00e7\u00e3o.<\/p>\n\n\n\n<hr class=\"wp-block-separator has-alpha-channel-opacity\" \/>\n\n\n\n<p><a href=\"https:\/\/drive.ufpb.br\/s\/7HHRqJa5RoaNo7N\">Acessar PDI 2024-2028 <\/a><\/p>\n\n\n\n<hr class=\"wp-block-separator has-alpha-channel-opacity\" \/>\n\n\n\n<div class=\"wp-block-file\"><a id=\"wp-block-file--media-a877bd12-065d-4794-b05e-c0b48bd04ede\" href=\"http:\/\/www.ufpb.br\/sebtt\/wp-content\/uploads\/sites\/79\/sites\/249\/2025\/01\/Regimento-SEBTT.pdf\">Regimento SEBTT<\/a><a href=\"http:\/\/www.ufpb.br\/sebtt\/wp-content\/uploads\/sites\/79\/sites\/249\/2025\/01\/Regimento-SEBTT.pdf\" class=\"wp-block-file__button wp-element-button\" download aria-describedby=\"wp-block-file--media-a877bd12-065d-4794-b05e-c0b48bd04ede\">Baixar<\/a><\/div>\n\n\n\n<hr class=\"wp-block-separator has-alpha-channel-opacity\" \/>\n\n\n\n<p><\/p>\n","protected":false},"excerpt":{"rendered":"<p>A Superintend\u00eancia do Ensino B\u00e1sico, T\u00e9cnico e Tecnol\u00f3gico (SEBTT), \u00f3rg\u00e3o auxiliar de dire\u00e7\u00e3o superior da Reitoria da Universidade Federal da Para\u00edba, tem como objetivo contribuir para o crescimento e fortalecimento do Ensino B\u00e1sico, T\u00e9cnico e Tecnol\u00f3gico no \u00e2mbito da UFPB<\/p>\n","protected":false},"author":47,"featured_media":11,"parent":0,"menu_order":0,"comment_status":"closed","ping_status":"closed","template":"","meta":{"footnotes":""},"class_list":["post-16","page","type-page","status-publish","has-post-thumbnail","hentry"],"_links":{"self":[{"href":"https:\/\/www.ufpb.br\/sebtt\/wp-json\/wp\/v2\/pages\/16","targetHints":{"allow":["GET"]}}],"collection":[{"href":"https:\/\/www.ufpb.br\/sebtt\/wp-json\/wp\/v2\/pages"}],"about":[{"href":"https:\/\/www.ufpb.br\/sebtt\/wp-json\/wp\/v2\/types\/page"}],"author":[{"embeddable":true,"href":"https:\/\/www.ufpb.br\/sebtt\/wp-json\/wp\/v2\/users\/47"}],"replies":[{"embeddable":true,"href":"https:\/\/www.ufpb.br\/sebtt\/wp-json\/wp\/v2\/comments?post=16"}],"version-history":[{"count":7,"href":"https:\/\/www.ufpb.br\/sebtt\/wp-json\/wp\/v2\/pages\/16\/revisions"}],"predecessor-version":[{"id":147,"href":"https:\/\/www.ufpb.br\/sebtt\/wp-json\/wp\/v2\/pages\/16\/revisions\/147"}],"wp:featuredmedia":[{"embeddable":true,"href":"https:\/\/www.ufpb.br\/sebtt\/wp-json\/wp\/v2\/media\/11"}],"wp:attachment":[{"href":"https:\/\/www.ufpb.br\/sebtt\/wp-json\/wp\/v2\/media?parent=16"}],"curies":[{"name":"wp","href":"https:\/\/api.w.org\/{rel}","templated":true}]}}