{"id":11,"date":"2023-07-31T12:29:35","date_gmt":"2023-07-31T12:29:35","guid":{"rendered":"https:\/\/www.ufpb.br\/semp\/?page_id=11"},"modified":"2023-09-13T14:12:39","modified_gmt":"2023-09-13T14:12:39","slug":"eixos-tematicos","status":"publish","type":"page","link":"https:\/\/www.ufpb.br\/semp\/eixos-tematicos\/","title":{"rendered":"EIXOS TEM\u00c1TICOS"},"content":{"rendered":"<ul>\n<li>Eixo 1: <em>Escritas de si na Idade M\u00e9dia : Autobiografias, correspond\u00eancias, mem\u00f3rias, confiss\u00f5es, autofic\u00e7\u00e3o<br \/>\n<\/em><strong>Coordena\u00e7\u00e3o<\/strong>: Profa. Dra. Graciele de Lima (UFPB) e Profa. Dra. Paloma Oliveira (UFPB)<br \/>\n______________________________________________________________________________________<\/li>\n<li>Eixo 2: <em>Biografar: Hagiografias, vidas de Cristo, vidas de trovadores e trobairitz, biografias<\/em><br \/>\n<strong>Coordena\u00e7\u00e3o: <\/strong>Profa. Dra. Claudia Costa Brochado (UnB) e Maria Simone Marinho Nogueira (UEPB)<br \/>\n______________________________________________________________________________________<\/li>\n<li>Eixo 3: <em>Narrar o Outro: cr\u00f4nicas, literatura de viagem, contos, lais, reescrita de mitos cl\u00e1ssicos na Idade M\u00e9dia<\/em><br \/>\n<strong>Coordena\u00e7\u00e3o<\/strong>: Prof. Dr. Juan Ignacio Jurado-Centuri\u00f3n L\u00f3pez (UFPB) e Prof. Dr. Luciano Jos\u00e9 Vianna (UPE\/Petrolina)<br \/>\n______________________________________________________________________________________<\/li>\n<li>Eixo 4: <em>O eu e o outro na tradu\u00e7\u00e3o de textos cl\u00e1ssicos e medievais<br \/>\n<\/em><strong>Coordena\u00e7\u00e3o<\/strong>: Prof. Dr. Marco Val\u00e9rio Colonnelli (UFPB) e Profa. Dra. Fernanda Cardoso Nunes (UECE)<br \/>\n______________________________________________________________________________________<\/li>\n<li>Eixo 5: <em>A obra de Christine de Pizan: textos autobiogr\u00e1ficos, biografias, reescrita de mitos cl\u00e1ssicos, diti\u00e9s<br \/>\n<\/em><strong>Coordena\u00e7\u00e3o<\/strong>: Profa. Dra. Luciana Deplagne (UFPB) e Profa. Dra. Ana Miriam Wuensch (UnB)<br \/>\n______________________________________________________________________________________<\/li>\n<li>Eixo 6: <em>Performance, musicaliza\u00e7\u00e3o e teatraliza\u00e7\u00e3o da vida: Mist\u00e9rios, Milagres, Cantigas de Santa Maria, Personagens do teatro vicentino<br \/>\n<\/em><strong>Coordena\u00e7\u00e3o: <\/strong>Prof. Dr. Roberto Pontes (UFC) e Profa. Dra. Elizabeth Dias (UFC)<br \/>\n______________________________________________________________________________________<\/li>\n<li>Eixo 7: <em>A(u)tores medievais e suas representa\u00e7\u00f5es textuais e iconogr\u00e1ficas<\/em><br \/>\n<strong>Coordena\u00e7\u00e3o<\/strong>: Prof. Dr. Bruno Gon\u00e7alves Alvaro (UFS) e Prof. Dr. Guilherme Queiroz de Souza (UFPB)<\/li>\n<\/ul>\n","protected":false},"excerpt":{"rendered":"<p>Eixo 1: Escritas de si na Idade M\u00e9dia : Autobiografias, correspond\u00eancias, mem\u00f3rias, confiss\u00f5es, autofic\u00e7\u00e3o Coordena\u00e7\u00e3o: Profa. Dra. Graciele de Lima (UFPB) e Profa. Dra. Paloma Oliveira (UFPB) ______________________________________________________________________________________ Eixo 2: Biografar: Hagiografias, vidas de Cristo, vidas de trovadores e trobairitz, biografias Coordena\u00e7\u00e3o: Profa. Dra. Claudia Costa Brochado (UnB) e Maria Simone Marinho Nogueira (UEPB) ______________________________________________________________________________________ [&hellip;]<\/p>\n","protected":false},"author":21,"featured_media":0,"parent":0,"menu_order":0,"comment_status":"closed","ping_status":"closed","template":"","meta":{"footnotes":""},"class_list":["post-11","page","type-page","status-publish","hentry","post"],"_links":{"self":[{"href":"https:\/\/www.ufpb.br\/semp\/wp-json\/wp\/v2\/pages\/11","targetHints":{"allow":["GET"]}}],"collection":[{"href":"https:\/\/www.ufpb.br\/semp\/wp-json\/wp\/v2\/pages"}],"about":[{"href":"https:\/\/www.ufpb.br\/semp\/wp-json\/wp\/v2\/types\/page"}],"author":[{"embeddable":true,"href":"https:\/\/www.ufpb.br\/semp\/wp-json\/wp\/v2\/users\/21"}],"replies":[{"embeddable":true,"href":"https:\/\/www.ufpb.br\/semp\/wp-json\/wp\/v2\/comments?post=11"}],"version-history":[{"count":6,"href":"https:\/\/www.ufpb.br\/semp\/wp-json\/wp\/v2\/pages\/11\/revisions"}],"predecessor-version":[{"id":62,"href":"https:\/\/www.ufpb.br\/semp\/wp-json\/wp\/v2\/pages\/11\/revisions\/62"}],"wp:attachment":[{"href":"https:\/\/www.ufpb.br\/semp\/wp-json\/wp\/v2\/media?parent=11"}],"curies":[{"name":"wp","href":"https:\/\/api.w.org\/{rel}","templated":true}]}}

EIXOS TEMÁTICOS

<ul>
<li>Eixo 1: <em>Escritas de si na Idade Média : Autobiografias, correspondências, memórias, confissões, autoficção<br />
</em><strong>Coordenação</strong>: Profa. Dra. Graciele de Lima (UFPB) e Profa. Dra. Paloma Oliveira (UFPB)<br />
______________________________________________________________________________________</li>
<li>Eixo 2: <em>Biografar: Hagiografias, vidas de Cristo, vidas de trovadores e trobairitz, biografias</em><br />
<strong>Coordenação: </strong>Profa. Dra. Claudia Costa Brochado (UnB) e Maria Simone Marinho Nogueira (UEPB)<br />
______________________________________________________________________________________</li>
<li>Eixo 3: <em>Narrar o Outro: crônicas, literatura de viagem, contos, lais, reescrita de mitos clássicos na Idade Média</em><br />
<strong>Coordenação</strong>: Prof. Dr. Juan Ignacio Jurado-Centurión López (UFPB) e Prof. Dr. Luciano José Vianna (UPE/Petrolina)<br />
______________________________________________________________________________________</li>
<li>Eixo 4: <em>O eu e o outro na tradução de textos clássicos e medievais<br />
</em><strong>Coordenação</strong>: Prof. Dr. Marco Valério Colonnelli (UFPB) e Profa. Dra. Fernanda Cardoso Nunes (UECE)<br />
______________________________________________________________________________________</li>
<li>Eixo 5: <em>A obra de Christine de Pizan: textos autobiográficos, biografias, reescrita de mitos clássicos, ditiés<br />
</em><strong>Coordenação</strong>: Profa. Dra. Luciana Deplagne (UFPB) e Profa. Dra. Ana Miriam Wuensch (UnB)<br />
______________________________________________________________________________________</li>
<li>Eixo 6: <em>Performance, musicalização e teatralização da vida: Mistérios, Milagres, Cantigas de Santa Maria, Personagens do teatro vicentino<br />
</em><strong>Coordenação: </strong>Prof. Dr. Roberto Pontes (UFC) e Profa. Dra. Elizabeth Dias (UFC)<br />
______________________________________________________________________________________</li>
<li>Eixo 7: <em>A(u)tores medievais e suas representações textuais e iconográficas</em><br />
<strong>Coordenação</strong>: Prof. Dr. Bruno Gonçalves Alvaro (UFS) e Prof. Dr. Guilherme Queiroz de Souza (UFPB)</li>
</ul>

<p>Eixo 1: Escritas de si na Idade Média : Autobiografias, correspondências, memórias, confissões, autoficção Coordenação: Profa. Dra. Graciele de Lima (UFPB) e Profa. Dra. Paloma Oliveira (UFPB) ______________________________________________________________________________________ Eixo 2: Biografar: Hagiografias, vidas de Cristo, vidas de trovadores e trobairitz, biografias Coordenação: Profa. Dra. Claudia Costa Brochado (UnB) e Maria Simone Marinho Nogueira (UEPB) ______________________________________________________________________________________ [&hellip;]</p>
