{"id":17,"date":"2023-07-31T12:32:13","date_gmt":"2023-07-31T12:32:13","guid":{"rendered":"https:\/\/www.ufpb.br\/semp\/?page_id=17"},"modified":"2023-10-13T23:19:29","modified_gmt":"2023-10-13T23:19:29","slug":"datas-importantes","status":"publish","type":"page","link":"https:\/\/www.ufpb.br\/semp\/datas-importantes\/","title":{"rendered":"DATAS IMPORTANTES"},"content":{"rendered":"<p lang=\"fr-FR\"><strong>30 de setembro<\/strong>: inscri\u00e7\u00e3o para Monitoria<\/p>\n<p class=\"western\" lang=\"fr-FR\"><span style=\"font-family: Cambria, serif;\"><strong>20 de outubro<\/strong>: Prazo de inscri\u00e7\u00e3o com apresenta\u00e7\u00e3o de trabalho<\/span><\/p>\n<p class=\"western\" lang=\"fr-FR\"><span style=\"font-family: Cambria, serif;\"><strong>25 de outubro<\/strong>: envio das Cartas de aceite<\/span><\/p>\n<p class=\"western\" lang=\"fr-FR\"><span style=\"font-family: Cambria, serif;\"><strong>31 de outubro<\/strong>: Publica\u00e7\u00e3o do caderno de resumos e da Programa\u00e7\u00e3o completa<\/span><\/p>\n<p class=\"western\" lang=\"fr-FR\"><span style=\"font-family: Cambria, serif;\"><strong>31 de mar\u00e7o de 2024<\/strong>: Envio do texto completo para avalia\u00e7\u00e3o do Conselho Cient\u00edfico<\/span><\/p>\n","protected":false},"excerpt":{"rendered":"<p>30 de setembro: inscri\u00e7\u00e3o para Monitoria 20 de outubro: Prazo de inscri\u00e7\u00e3o com apresenta\u00e7\u00e3o de trabalho 25 de outubro: envio das Cartas de aceite 31 de outubro: Publica\u00e7\u00e3o do caderno de resumos e da Programa\u00e7\u00e3o completa 31 de mar\u00e7o de 2024: Envio do texto completo para avalia\u00e7\u00e3o do Conselho Cient\u00edfico<\/p>\n","protected":false},"author":21,"featured_media":0,"parent":0,"menu_order":0,"comment_status":"closed","ping_status":"closed","template":"","meta":{"footnotes":""},"class_list":["post-17","page","type-page","status-publish","hentry","post"],"_links":{"self":[{"href":"https:\/\/www.ufpb.br\/semp\/wp-json\/wp\/v2\/pages\/17","targetHints":{"allow":["GET"]}}],"collection":[{"href":"https:\/\/www.ufpb.br\/semp\/wp-json\/wp\/v2\/pages"}],"about":[{"href":"https:\/\/www.ufpb.br\/semp\/wp-json\/wp\/v2\/types\/page"}],"author":[{"embeddable":true,"href":"https:\/\/www.ufpb.br\/semp\/wp-json\/wp\/v2\/users\/21"}],"replies":[{"embeddable":true,"href":"https:\/\/www.ufpb.br\/semp\/wp-json\/wp\/v2\/comments?post=17"}],"version-history":[{"count":6,"href":"https:\/\/www.ufpb.br\/semp\/wp-json\/wp\/v2\/pages\/17\/revisions"}],"predecessor-version":[{"id":124,"href":"https:\/\/www.ufpb.br\/semp\/wp-json\/wp\/v2\/pages\/17\/revisions\/124"}],"wp:attachment":[{"href":"https:\/\/www.ufpb.br\/semp\/wp-json\/wp\/v2\/media?parent=17"}],"curies":[{"name":"wp","href":"https:\/\/api.w.org\/{rel}","templated":true}]}}