{"id":20,"date":"2023-07-31T12:34:09","date_gmt":"2023-07-31T12:34:09","guid":{"rendered":"https:\/\/www.ufpb.br\/semp\/?page_id=20"},"modified":"2023-07-31T12:34:09","modified_gmt":"2023-07-31T12:34:09","slug":"comissao","status":"publish","type":"page","link":"https:\/\/www.ufpb.br\/semp\/comissao\/","title":{"rendered":"COMISS\u00c3O"},"content":{"rendered":"<p class=\"western\" lang=\"fr-FR\"><span style=\"color: #ff4000;\"><span style=\"font-family: Cambria, serif;\">COMISS\u00c3O ORGANIZADORA<\/span><\/span><\/p>\n<ul>\n<li class=\"western\" lang=\"fr-FR\"><span style=\"color: #000000;\"><span style=\"font-family: Cambria, serif;\"><span lang=\"pt-BR\">Profa. Dra. Luciana Eleonora de F. Calado Deplagne (UFPB)<\/span><\/span><\/span><span style=\"color: #000000;\"><span style=\"font-family: Cambria, serif;\">\u2013 Coordena\u00e7\u00e3o Geral <\/span><\/span><\/li>\n<li class=\"western\" lang=\"fr-FR\"><span style=\"color: #000000;\"><span style=\"font-family: Cambria, serif;\"><span lang=\"pt-BR\"> Prof. Dr. Guilherme Queiroz de Souza (UFPB)<\/span><\/span><\/span><\/li>\n<li class=\"western\" lang=\"fr-FR\"><span style=\"color: #000000;\"><span style=\"font-family: Cambria, serif;\"><span lang=\"es-ES-u-co-trad\">Prof. Dr. Juan Ignacio Centuri\u00f3n (UFPB)<\/span><\/span><\/span><\/li>\n<li class=\"western\" lang=\"fr-FR\"><span style=\"color: #000000;\"><span style=\"font-family: Cambria, serif;\"><span lang=\"pt-BR\">Profa. Dra. Maria Graciele de Lima (UFPB)<\/span><\/span><\/span><\/li>\n<li class=\"western\" lang=\"fr-FR\"><span style=\"color: #000000;\"><span style=\"font-family: Cambria, serif;\"><span lang=\"pt-BR\">Profa. Dra. Cl\u00e1udia Brochado (UnB)<\/span><\/span><\/span><\/li>\n<\/ul>\n<p class=\"western\" lang=\"fr-FR\"><span style=\"color: #ff4000;\"><span style=\"font-family: Cambria, serif;\"><span style=\"font-size: small;\"><span lang=\"pt-BR\">COMISS\u00c3O CIENT\u00cdFICA<\/span><\/span><\/span><\/span><\/p>\n<ul>\n<li class=\"western\" lang=\"fr-FR\"><span style=\"font-family: Cambria, serif;\"><span lang=\"pt-BR\">Profa. Dra. Ana Miriam Wuensch (UnB)<\/span><\/span><\/li>\n<li class=\"western\" lang=\"fr-FR\"><span style=\"font-family: Cambria, serif;\"><span lang=\"pt-BR\">Prof. Dr. Bruno \u00c1lvaro (UFS)<\/span><\/span><\/li>\n<li class=\"western\" lang=\"fr-FR\"><span style=\"font-family: Cambria, serif;\"><span lang=\"pt-BR\">Prof. Dr. Bruno Uchoa (UFPE)<\/span><\/span><\/li>\n<li class=\"western\" lang=\"fr-FR\"><span style=\"font-family: Cambria, serif;\"><span lang=\"pt-BR\">Profa. Dra. Elizabeth Dias (UFC)<\/span><\/span><\/li>\n<li class=\"western\" lang=\"fr-FR\"><span style=\"font-family: Cambria, serif;\"><span lang=\"pt-BR\">Profa. Dra. Fernanda Cardoso (UECE)<\/span><\/span><\/li>\n<li class=\"western\" lang=\"fr-FR\"><span style=\"font-family: Cambria, serif;\"><span lang=\"pt-BR\">Profa. Dra. Isabela Albuquerque (UPE\/Garanhuns)<\/span><\/span><\/li>\n<li class=\"western\" lang=\"fr-FR\"><span style=\"font-family: Cambria, serif;\"><span lang=\"pt-BR\">Profa. Dra. Karine Simoni (UFSC)<\/span><\/span><\/li>\n<li class=\"western\" lang=\"fr-FR\"><span style=\"font-family: Cambria, serif;\"><span lang=\"pt-BR\">Prof. Dr. Luciano Vianna (UPE\/Petrolina)<\/span><\/span><\/li>\n<li class=\"western\" lang=\"fr-FR\"><span style=\"font-family: Cambria, serif;\"><span lang=\"pt-BR\">Prof. Dr. Marco Val\u00e9rio (UFPB)<\/span><\/span><\/li>\n<li class=\"western\" lang=\"fr-FR\"><span style=\"font-family: Cambria, serif;\"><span lang=\"pt-BR\">Profa. Dra. Maria Cristina Martins (UFRGS)<\/span><\/span><\/li>\n<li class=\"western\" lang=\"fr-FR\"><span style=\"font-family: Cambria, serif;\"><span lang=\"pt-BR\">Profa. Dra. Maria Graciele de Lima (UFPB)<\/span><\/span><\/li>\n<li class=\"western\" lang=\"fr-FR\"><span style=\"font-family: Cambria, serif;\"><span lang=\"pt-BR\">Profa. Dra. Paloma Oliveira (<\/span><\/span><span style=\"font-family: Cambria, serif;\"><span lang=\"pt-BR\">SEECT-PB<\/span><\/span><span style=\"font-family: Cambria, serif;\"><span lang=\"pt-BR\">)<\/span><\/span><\/li>\n<li class=\"western\" lang=\"fr-FR\"><span style=\"font-family: Cambria, serif;\"><span lang=\"pt-BR\">Prof. Dr. Yuri Carib\u00e9 (UFPE)<\/span><\/span><\/li>\n<\/ul>\n","protected":false},"excerpt":{"rendered":"<p>COMISS\u00c3O ORGANIZADORA Profa. Dra. Luciana Eleonora de F. Calado Deplagne (UFPB)\u2013 Coordena\u00e7\u00e3o Geral Prof. Dr. Guilherme Queiroz de Souza (UFPB) Prof. Dr. Juan Ignacio Centuri\u00f3n (UFPB) Profa. Dra. Maria Graciele de Lima (UFPB) Profa. Dra. Cl\u00e1udia Brochado (UnB) COMISS\u00c3O CIENT\u00cdFICA Profa. Dra. Ana Miriam Wuensch (UnB) Prof. Dr. Bruno \u00c1lvaro (UFS) Prof. Dr. Bruno Uchoa [&hellip;]<\/p>\n","protected":false},"author":21,"featured_media":0,"parent":0,"menu_order":0,"comment_status":"closed","ping_status":"closed","template":"","meta":{"footnotes":""},"class_list":["post-20","page","type-page","status-publish","hentry","post"],"_links":{"self":[{"href":"https:\/\/www.ufpb.br\/semp\/wp-json\/wp\/v2\/pages\/20","targetHints":{"allow":["GET"]}}],"collection":[{"href":"https:\/\/www.ufpb.br\/semp\/wp-json\/wp\/v2\/pages"}],"about":[{"href":"https:\/\/www.ufpb.br\/semp\/wp-json\/wp\/v2\/types\/page"}],"author":[{"embeddable":true,"href":"https:\/\/www.ufpb.br\/semp\/wp-json\/wp\/v2\/users\/21"}],"replies":[{"embeddable":true,"href":"https:\/\/www.ufpb.br\/semp\/wp-json\/wp\/v2\/comments?post=20"}],"version-history":[{"count":1,"href":"https:\/\/www.ufpb.br\/semp\/wp-json\/wp\/v2\/pages\/20\/revisions"}],"predecessor-version":[{"id":21,"href":"https:\/\/www.ufpb.br\/semp\/wp-json\/wp\/v2\/pages\/20\/revisions\/21"}],"wp:attachment":[{"href":"https:\/\/www.ufpb.br\/semp\/wp-json\/wp\/v2\/media?parent=20"}],"curies":[{"name":"wp","href":"https:\/\/api.w.org\/{rel}","templated":true}]}}