{"id":46,"date":"2025-12-16T22:09:49","date_gmt":"2025-12-17T01:09:49","guid":{"rendered":"https:\/\/www.ufpb.br\/sods\/?page_id=46"},"modified":"2026-02-19T15:24:29","modified_gmt":"2026-02-19T18:24:29","slug":"conselho-curador","status":"publish","type":"page","link":"https:\/\/www.ufpb.br\/sods\/conselho-curador\/","title":{"rendered":"Conselho Curador"},"content":{"rendered":"\n<details class=\"wp-block-details is-layout-flow wp-block-details-is-layout-flow\"><summary>O Conselho Curador<\/summary>\n<p>O Conselho Curador, \u00f3rg\u00e3o fiscal e deliberativo em assuntos econ\u00f4micos e financeiros da Universidade, comp\u00f5e-se dos seguintes membros:<\/p>\n\n\n\n<p>I &#8211; tr\u00eas professores da Universidade, representantes do Conselho Universit\u00e1rio;<\/p>\n\n\n\n<p>II &#8211; tr\u00eas professores da Universidade, representantes do Conselho Superior de Ensino, Pesquisa e Extens\u00e3o;<\/p>\n\n\n\n<p>III &#8211; um representante do pessoal discente, indicado na forma do Regimento Geral;<\/p>\n\n\n\n<p>IV &#8211; um representante da comunidade, escolhido pelo Conselho Social Consultivo.<\/p>\n<\/details>\n\n\n\n<details class=\"wp-block-details is-layout-flow wp-block-details-is-layout-flow\"><summary>Pautas<\/summary>\n<p><a href=\"https:\/\/sigrh.ufpb.br\/sigrh\/public\/colegiados\/resolucoes.jsf\" data-type=\"link\" data-id=\"https:\/\/sigrh.ufpb.br\/sigrh\/public\/colegiados\/resolucoes.jsf\">Consulte a Pauta dos Conselhos Superiores da UFPB<\/a><\/p>\n<\/details>\n\n\n\n<details class=\"wp-block-details is-layout-flow wp-block-details-is-layout-flow\"><summary>Composi\u00e7\u00e3o<\/summary>\n<p><strong>COMPOSI\u00c7\u00c3O ATUAL DO CONSELHO CURADOR&nbsp;&nbsp;<\/strong><\/p>\n\n\n\n<p><a href=\"http:\/\/www.ufpb.br\/sods\/secretaria\/Estatuto.htm#Art.%2026\" target=\"_blank\" rel=\"noreferrer noopener\">(art. 26-Estatuto da UFPB)<\/a><\/p>\n\n\n\n<p><strong>Obs.: Nomes em negrito s\u00e3o os titulares<\/strong><\/p>\n\n\n\n<figure class=\"wp-block-table\"><table class=\"has-fixed-layout\"><tbody><tr><td>&nbsp;<\/td><td colspan=\"4\"><strong>COMPOSI\u00c7\u00c3O DO CONSELHO CURADOR 2025<\/strong><\/td><\/tr><tr><td>&nbsp;<\/td><td><strong>NOME<\/strong><\/td><td><strong>CENTRO<\/strong><\/td><td><strong>T\u00e9rmino do Mandato<\/strong><\/td><td><strong>e-mail<\/strong><\/td><\/tr><tr><td><strong>1<\/strong><\/td><td><strong>Carlos An\u00edsio de Oliveira Silva<\/strong><strong>(Presidente)<\/strong><\/td><td><strong>CCTA<\/strong><\/td><td>20\/02\/2026<\/td><td>carlos.anisio.maestro@gmail.com<\/td><\/tr><tr><td><strong>2<\/strong><\/td><td><strong>Felipe Augusto Forte de Negreiros<\/strong><\/td><td><strong>CCJ<\/strong><\/td><td>20\/02\/2026<\/td><td>felipenegreirosdeodato@hotmail.com<\/td><\/tr><tr><td><strong>3<\/strong><\/td><td><strong>H\u00e9lida Cristina Cavalcante Val\u00e9rio<\/strong><\/td><td><strong>CCSA<\/strong><\/td><td>25\/03\/2027<\/td><td>helidavalerio2@gmail.com<\/td><\/tr><tr><td><strong>4<\/strong><\/td><td><strong>Dimmitre Morrant Vieira Gon\u00e7alves Pereira<\/strong><\/td><td><strong>CCAE<\/strong><\/td><td>&nbsp;17\/11\/2027<\/td><td><em>dimmitre@gmail.com<\/em><\/td><\/tr><tr><td>&nbsp;<\/td><td>Marcus Williams Aquino de Carvalho<\/td><td>CCAE(SUPLENTE)<\/td><td>&nbsp;17\/11\/2027<\/td><td><em>marcuswac@dcx.ufpb.br<\/em><\/td><\/tr><tr><td><strong>5<\/strong><\/td><td><strong>Sidney Ramos de Santana<\/strong><\/td><td><strong>CCA<\/strong><\/td><td>23\/04\/2027<\/td><td>sidney.santana@academico.ufpb.br<\/td><\/tr><tr><td>&nbsp;<\/td><td>Loise Ara\u00fajo Costa<\/td><td>CCA(SUPLENTE)<\/td><td>23\/04\/2027<\/td><td>loisecosta@yahoo.com.br<\/td><\/tr><tr><td>6&nbsp;<\/td><td><strong>\u00c9rico Jos\u00e9 Cruz Sousa Junior<\/strong><\/td><td><strong>DCE<\/strong><\/td><td>23\/09\/26<\/td><td>erico.junior@academico.ufpb.br&nbsp;<\/td><\/tr><tr><td>&nbsp;<\/td><td>Caio Maur\u00edcio Guimar\u00e3es de Oliveira<\/td><td>DCE(SUPLENTE)<\/td><td>23\/09\/26<\/td><td><a href=\"mailto:cmg@academico.ufpb.br\">cmg@academico.ufpb.br<\/a><\/td><\/tr><tr><td>&nbsp;<\/td><td>&nbsp;<\/td><td>&nbsp;<\/td><td>&nbsp;<\/td><td>&nbsp;<\/td><\/tr><\/tbody><\/table><\/figure>\n\n\n\n<p><\/p>\n<\/details>\n\n\n\n<details class=\"wp-block-details is-layout-flow wp-block-details-is-layout-flow\"><summary>Reuni\u00f5es<\/summary>\n<figure class=\"wp-block-embed is-type-wp-embed is-provider-secretaria-dos-rg-os-deliberativos-da-administra-o-superior wp-block-embed-secretaria-dos-rg-os-deliberativos-da-administra-o-superior\"><div class=\"wp-block-embed__wrapper\">\n<blockquote class=\"wp-embedded-content\" data-secret=\"WXLY2RSQT0\"><a href=\"https:\/\/www.ufpb.br\/sods\/calendario-dos-conselhos\/\">Calend\u00e1rio dos Conselhos\u00a0<\/a><\/blockquote><iframe loading=\"lazy\" class=\"wp-embedded-content\" sandbox=\"allow-scripts\" security=\"restricted\" style=\"position: absolute; visibility: hidden;\" title=\"&#8220;Calend\u00e1rio dos Conselhos\u00a0&#8221; &#8212; Secretaria dos \u00d3rg\u00e3os Deliberativos da Administra\u00e7\u00e3o Superior\" src=\"https:\/\/www.ufpb.br\/sods\/calendario-dos-conselhos\/embed\/#?secret=IoJxlVu2RQ#?secret=WXLY2RSQT0\" data-secret=\"WXLY2RSQT0\" width=\"500\" height=\"282\" frameborder=\"0\" marginwidth=\"0\" marginheight=\"0\" scrolling=\"no\"><\/iframe>\n<\/div><\/figure>\n<\/details>\n\n\n\n<p><\/p>\n","protected":false},"excerpt":{"rendered":"","protected":false},"author":47,"featured_media":0,"parent":0,"menu_order":0,"comment_status":"closed","ping_status":"closed","template":"","meta":{"footnotes":""},"class_list":["post-46","page","type-page","status-publish","hentry"],"_links":{"self":[{"href":"https:\/\/www.ufpb.br\/sods\/wp-json\/wp\/v2\/pages\/46","targetHints":{"allow":["GET"]}}],"collection":[{"href":"https:\/\/www.ufpb.br\/sods\/wp-json\/wp\/v2\/pages"}],"about":[{"href":"https:\/\/www.ufpb.br\/sods\/wp-json\/wp\/v2\/types\/page"}],"author":[{"embeddable":true,"href":"https:\/\/www.ufpb.br\/sods\/wp-json\/wp\/v2\/users\/47"}],"replies":[{"embeddable":true,"href":"https:\/\/www.ufpb.br\/sods\/wp-json\/wp\/v2\/comments?post=46"}],"version-history":[{"count":3,"href":"https:\/\/www.ufpb.br\/sods\/wp-json\/wp\/v2\/pages\/46\/revisions"}],"predecessor-version":[{"id":125,"href":"https:\/\/www.ufpb.br\/sods\/wp-json\/wp\/v2\/pages\/46\/revisions\/125"}],"wp:attachment":[{"href":"https:\/\/www.ufpb.br\/sods\/wp-json\/wp\/v2\/media?parent=46"}],"curies":[{"name":"wp","href":"https:\/\/api.w.org\/{rel}","templated":true}]}}

<details class="wp-block-details is-layout-flow wp-block-details-is-layout-flow"><summary>O Conselho Curador</summary>
<p>O Conselho Curador, órgão fiscal e deliberativo em assuntos econômicos e financeiros da Universidade, compõe-se dos seguintes membros:</p>



<p>I &#8211; três professores da Universidade, representantes do Conselho Universitário;</p>



<p>II &#8211; três professores da Universidade, representantes do Conselho Superior de Ensino, Pesquisa e Extensão;</p>



<p>III &#8211; um representante do pessoal discente, indicado na forma do Regimento Geral;</p>



<p>IV &#8211; um representante da comunidade, escolhido pelo Conselho Social Consultivo.</p>
</details>



<details class="wp-block-details is-layout-flow wp-block-details-is-layout-flow"><summary>Pautas</summary>
<p><a href="https://sigrh.ufpb.br/sigrh/public/colegiados/resolucoes.jsf" data-type="link" data-id="https://sigrh.ufpb.br/sigrh/public/colegiados/resolucoes.jsf">Consulte a Pauta dos Conselhos Superiores da UFPB</a></p>
</details>



<details class="wp-block-details is-layout-flow wp-block-details-is-layout-flow"><summary>Composição</summary>
<p><strong>COMPOSIÇÃO ATUAL DO CONSELHO CURADOR&nbsp;&nbsp;</strong></p>



<p><a href="http://www.ufpb.br/sods/secretaria/Estatuto.htm#Art.%2026" target="_blank" rel="noreferrer noopener">(art. 26-Estatuto da UFPB)</a></p>



<p><strong>Obs.: Nomes em negrito são os titulares</strong></p>



<figure class="wp-block-table"><table class="has-fixed-layout"><tbody><tr><td>&nbsp;</td><td colspan="4"><strong>COMPOSIÇÃO DO CONSELHO CURADOR 2025</strong></td></tr><tr><td>&nbsp;</td><td><strong>NOME</strong></td><td><strong>CENTRO</strong></td><td><strong>Término do Mandato</strong></td><td><strong>e-mail</strong></td></tr><tr><td><strong>1</strong></td><td><strong>Carlos Anísio de Oliveira Silva</strong><strong>(Presidente)</strong></td><td><strong>CCTA</strong></td><td>20/02/2026</td><td>carlos.anisio.maestro@gmail.com</td></tr><tr><td><strong>2</strong></td><td><strong>Felipe Augusto Forte de Negreiros</strong></td><td><strong>CCJ</strong></td><td>20/02/2026</td><td>felipenegreirosdeodato@hotmail.com</td></tr><tr><td><strong>3</strong></td><td><strong>Hélida Cristina Cavalcante Valério</strong></td><td><strong>CCSA</strong></td><td>25/03/2027</td><td>helidavalerio2@gmail.com</td></tr><tr><td><strong>4</strong></td><td><strong>Dimmitre Morrant Vieira Gonçalves Pereira</strong></td><td><strong>CCAE</strong></td><td>&nbsp;17/11/2027</td><td><em>dimmitre@gmail.com</em></td></tr><tr><td>&nbsp;</td><td>Marcus Williams Aquino de Carvalho</td><td>CCAE(SUPLENTE)</td><td>&nbsp;17/11/2027</td><td><em>marcuswac@dcx.ufpb.br</em></td></tr><tr><td><strong>5</strong></td><td><strong>Sidney Ramos de Santana</strong></td><td><strong>CCA</strong></td><td>23/04/2027</td><td>sidney.santana@academico.ufpb.br</td></tr><tr><td>&nbsp;</td><td>Loise Araújo Costa</td><td>CCA(SUPLENTE)</td><td>23/04/2027</td><td>loisecosta@yahoo.com.br</td></tr><tr><td>6&nbsp;</td><td><strong>Érico José Cruz Sousa Junior</strong></td><td><strong>DCE</strong></td><td>23/09/26</td><td>erico.junior@academico.ufpb.br&nbsp;</td></tr><tr><td>&nbsp;</td><td>Caio Maurício Guimarães de Oliveira</td><td>DCE(SUPLENTE)</td><td>23/09/26</td><td><a href="mailto:cmg@academico.ufpb.br">cmg@academico.ufpb.br</a></td></tr><tr><td>&nbsp;</td><td>&nbsp;</td><td>&nbsp;</td><td>&nbsp;</td><td>&nbsp;</td></tr></tbody></table></figure>



<p></p>
</details>



<details class="wp-block-details is-layout-flow wp-block-details-is-layout-flow"><summary>Reuniões</summary>
<figure class="wp-block-embed is-type-wp-embed is-provider-secretaria-dos-rg-os-deliberativos-da-administra-o-superior wp-block-embed-secretaria-dos-rg-os-deliberativos-da-administra-o-superior"><div class="wp-block-embed__wrapper">
<blockquote class="wp-embedded-content" data-secret="WXLY2RSQT0"><a href="https://www.ufpb.br/sods/calendario-dos-conselhos/">Calendário dos Conselhos </a></blockquote><iframe loading="lazy" class="wp-embedded-content" sandbox="allow-scripts" security="restricted" style="position: absolute; visibility: hidden;" title="&#8220;Calendário dos Conselhos &#8221; &#8212; Secretaria dos Órgãos Deliberativos da Administração Superior" src="https://www.ufpb.br/sods/calendario-dos-conselhos/embed/#?secret=IoJxlVu2RQ#?secret=WXLY2RSQT0" data-secret="WXLY2RSQT0" width="500" height="282" frameborder="0" marginwidth="0" marginheight="0" scrolling="no"></iframe>
</div></figure>
</details>



<p></p>
