{"id":52,"date":"2025-12-16T22:20:47","date_gmt":"2025-12-17T01:20:47","guid":{"rendered":"https:\/\/www.ufpb.br\/sods\/?page_id=52"},"modified":"2026-04-15T14:40:35","modified_gmt":"2026-04-15T17:40:35","slug":"calendario-dos-conselhos","status":"publish","type":"page","link":"https:\/\/www.ufpb.br\/sods\/calendario-dos-conselhos\/","title":{"rendered":"Calend\u00e1rio dos Conselhos\u00a0"},"content":{"rendered":"\n<p class=\"has-text-align-center\"><strong>Calend\u00e1rio das reuni\u00f5es do Consepe, Curador e Consuni:<\/strong><\/p>\n\n\n\n<p class=\"has-text-align-center\"><strong>(Caso aconte\u00e7a altera\u00e7\u00e3o de datas, a SODS informar\u00e1 previamente)<\/strong><\/p>\n\n\n\n<h2 class=\"wp-block-heading has-text-align-center\"><div class=\"linha-header\"><strong>Calend\u00e1rio SODS \u2013 202<\/strong>6<\/div><\/h2>\n\n\n\n<details class=\"wp-block-details is-layout-flow wp-block-details-is-layout-flow\"><summary>FEVEREIRO 2026<\/summary>\n<figure class=\"wp-block-table\"><table class=\"has-fixed-layout\"><tbody><tr><td><strong>Conselho<\/strong><\/td><td><strong>Tipo de reuni\u00e3o<\/strong><\/td><td><strong>Dia<\/strong><\/td><td><strong>Dia da Semana<\/strong><\/td><\/tr><tr><td>CONSUNI<\/td><td>Extraordin\u00e1ria <br>Ordin\u00e1ria<\/td><td>10<br>27<\/td><td>Ter\u00e7a-feira<br> Sexta-feira<\/td><\/tr><tr><td>CONSEPE PLENO<\/td><td>Ordin\u00e1ria<\/td><td>09<\/td><td>Segunda-feira<\/td><\/tr><tr><td>C\u00c2MARA DE GRADUA\u00c7\u00c3O<\/td><td>Ordin\u00e1ria<\/td><td>03<\/td><td>Ter\u00e7a-feira<br><\/td><\/tr><tr><td>C\u00c2MARA DE P\u00d3S-GRADUA\u00c7\u00c3O<\/td><td>Ordin\u00e1ria<\/td><td>24<\/td><td>Ter\u00e7a-feira<\/td><\/tr><tr><td>CONSELHO CURADOR<\/td><td>Ordin\u00e1ria<\/td><td>25<\/td><td>Quarta-feira<\/td><\/tr><\/tbody><\/table><\/figure>\n<\/details>\n\n\n\n<details class=\"wp-block-details is-layout-flow wp-block-details-is-layout-flow\"><summary>MAR\u00c7O 2026<\/summary>\n<p><\/p>\n\n\n\n<figure class=\"wp-block-table\"><table class=\"has-fixed-layout\"><tbody><tr><td><strong>Conselho<\/strong><\/td><td><strong>Tipo de reuni\u00e3o<\/strong><\/td><td><strong>Dia<\/strong><\/td><td><strong>Dia da Semana<\/strong><\/td><\/tr><tr><td>C\u00c2MARA DE GRADUA\u00c7\u00c3O<\/td><td>Ordin\u00e1ria<\/td><td>02<\/td><td><br>Segunda-feira<br>\ufeff<\/td><\/tr><tr><td>C\u00c2MARA DE GRADUA\u00c7\u00c3O<\/td><td>Extraordin\u00e1ria<\/td><td>05<\/td><td>Quinta-feira<\/td><\/tr><tr><td>CONSUNI<\/td><td>Extraordin\u00e1ria<\/td><td><s>11<\/s><br>19 (remarcado)<\/td><td><s>Quarta-feira<\/s><br>Quinta-feira<\/td><\/tr><tr><td>CONSUNI<\/td><td>Ordin\u00e1ria<\/td><td>31<\/td><td>Ter\u00e7a-feira<\/td><\/tr><tr><td>CURADOR<\/td><td>Ordin\u00e1ria<\/td><td>25<\/td><td>Quarta-feira<\/td><\/tr><tr><td>C\u00c2MARA DE P\u00d3S-GRADUA\u00c7\u00c3O<\/td><td>Ordin\u00e1ria<\/td><td>18<br>\ufeff<\/td><td>Quarta-feira<\/td><\/tr><\/tbody><\/table><\/figure>\n\n\n\n<p><\/p>\n<\/details>\n\n\n\n<details class=\"wp-block-details is-layout-flow wp-block-details-is-layout-flow\"><summary>ABRIL2026<\/summary>\n<p><\/p>\n\n\n\n<figure class=\"wp-block-table\"><table class=\"has-fixed-layout\"><tbody><tr><td><strong>Conselho<\/strong><\/td><td><strong>Tipo de reuni\u00e3o<\/strong><\/td><td><strong>Dia<\/strong><\/td><td><strong>Dia da Semana<\/strong><\/td><\/tr><tr><td>C\u00c2MARA DE GRADUA\u00c7\u00c3O<\/td><td>Ordin\u00e1ria<\/td><td>06<\/td><td><br>Segunda-feira<br>\ufeff<\/td><\/tr><tr><td><s>CONSUNI<\/s> (reuni\u00e3o adiada)<\/td><td><s>Extraordin\u00e1ria<\/s><\/td><td><s>13<\/s><\/td><td><s>Segunda-feira<\/s><\/td><\/tr><tr><td>CONSEPE<\/td><td>Ordin\u00e1ria<\/td><td>16<\/td><td>Quinta-feira<\/td><\/tr><tr><td>CONSUNI<\/td><td>Ordin\u00e1ria<\/td><td>27<\/td><td>Segunda-feira<\/td><\/tr><tr><td>CURADOR<\/td><td>Ordin\u00e1ria<\/td><td>23<\/td><td>Quinta-feira<\/td><\/tr><tr><td><s>C\u00c2MARA DE P\u00d3S-GRADUA\u00c7\u00c3O <\/s><strong>(reuni\u00e3o adiada)<\/strong><br><br>C\u00c2MARA DE P\u00d3S-GRADUA\u00c7\u00c3O <\/td><td>Ordin\u00e1ria<\/td><td><s>20<\/s><br><br><br>22<\/td><td><s>Segunda-feira<\/s><br><br>Quarta-feira<\/td><\/tr><\/tbody><\/table><\/figure>\n\n\n\n<p><\/p>\n<\/details>\n\n\n\n<details class=\"wp-block-details is-layout-flow wp-block-details-is-layout-flow\"><summary>MAIO 2026<\/summary>\n<p><\/p>\n\n\n\n<figure class=\"wp-block-table\"><table class=\"has-fixed-layout\"><tbody><tr><td><strong>Conselho<\/strong><\/td><td><strong>Tipo de reuni\u00e3o<\/strong><\/td><td><strong>Dia<\/strong><\/td><td><strong>Dia da Semana<\/strong><\/td><\/tr><tr><td>C\u00c2MARA DE GRADUA\u00c7\u00c3O<\/td><td>Ordin\u00e1ria<\/td><td>04<\/td><td><br>Segunda-feira<br>\ufeff<\/td><\/tr><tr><td>CONSUNI<\/td><td>Extraordin\u00e1ria<\/td><td>11<\/td><td>Segunda-feira<\/td><\/tr><tr><td><br><\/td><td><br><\/td><td><br><\/td><td><br><\/td><\/tr><tr><td>CONSUNI<\/td><td>Ordin\u00e1ria<\/td><td>29<\/td><td>Sexta-feira<\/td><\/tr><tr><td>CURADOR<\/td><td>Ordin\u00e1ria<\/td><td>22<\/td><td>Sexta-feira<\/td><\/tr><tr><td>C\u00c2MARA DE P\u00d3S-GRADUA\u00c7\u00c3O<\/td><td>Ordin\u00e1ria<\/td><td>12<\/td><td>Ter\u00e7a-feira<\/td><\/tr><\/tbody><\/table><\/figure>\n\n\n\n<p><\/p>\n<\/details>\n\n\n\n<details class=\"wp-block-details is-layout-flow wp-block-details-is-layout-flow\"><summary>JUNHO 2026<\/summary>\n<p><\/p>\n\n\n\n<figure class=\"wp-block-table\"><table class=\"has-fixed-layout\"><tbody><tr><td><strong>Conselho<\/strong><\/td><td><strong>Tipo de reuni\u00e3o<\/strong><\/td><td><strong>Dia<\/strong><\/td><td><strong>Dia da Semana<\/strong><\/td><\/tr><tr><td>C\u00c2MARA DE GRADUA\u00c7\u00c3O<\/td><td>Ordin\u00e1ria<\/td><td>02<\/td><td><br>Ter\u00e7a-feira<br>\ufeff<\/td><\/tr><tr><td>CONSUNI<\/td><td>Extraordin\u00e1ria<\/td><td>10<\/td><td>Quarta-feira<\/td><\/tr><tr><td>CONSEPE<\/td><td>Ordin\u00e1ria<\/td><td>17<\/td><td>Quarta-feira<\/td><\/tr><tr><td>CONSUNI<\/td><td>Ordin\u00e1ria<\/td><td>30<\/td><td>Ter\u00e7a-feira<\/td><\/tr><tr><td>CURADOR<\/td><td>Ordin\u00e1ria<\/td><td>22<\/td><td>Sexta-feira<\/td><\/tr><tr><td>C\u00c2MARA DE P\u00d3S-GRADUA\u00c7\u00c3O<\/td><td>Ordin\u00e1ria<\/td><td>09<\/td><td>Ter\u00e7a-feira<\/td><\/tr><\/tbody><\/table><\/figure>\n\n\n\n<p><\/p>\n<\/details>\n\n\n\n<details class=\"wp-block-details is-layout-flow wp-block-details-is-layout-flow\"><summary>JULHO 2026<\/summary>\n<p><\/p>\n\n\n\n<figure class=\"wp-block-table\"><table class=\"has-fixed-layout\"><tbody><tr><td><strong>Conselho<\/strong><\/td><td><strong>Tipo de reuni\u00e3o<\/strong><\/td><td><strong>Dia<\/strong><\/td><td><strong>Dia da Semana<\/strong><\/td><\/tr><tr><td>C\u00c2MARA DE GRADUA\u00c7\u00c3O<\/td><td>Ordin\u00e1ria<\/td><td>06<\/td><td><br>Segunda-feira<br>\ufeff<\/td><\/tr><tr><td>CONSUNI<\/td><td>Extraordin\u00e1ria<\/td><td>17<\/td><td>Segunda-feira<\/td><\/tr><tr><td><br><\/td><td><br><\/td><td><br><\/td><td><br><\/td><\/tr><tr><td>CONSUNI<\/td><td>Ordin\u00e1ria<\/td><td>30<\/td><td>Quinta-feira<\/td><\/tr><tr><td>CURADOR<\/td><td>Ordin\u00e1ria<\/td><td>28<\/td><td>Ter\u00e7a-feira<\/td><\/tr><tr><td>C\u00c2MARA DE P\u00d3S-GRADUA\u00c7\u00c3O<\/td><td>Ordin\u00e1ria<\/td><td>14<\/td><td>Ter\u00e7a-feira<\/td><\/tr><\/tbody><\/table><\/figure>\n\n\n\n<p><\/p>\n<\/details>\n\n\n\n<details class=\"wp-block-details is-layout-flow wp-block-details-is-layout-flow\"><summary>AGOSTO 2026<\/summary>\n<p><\/p>\n\n\n\n<figure class=\"wp-block-table\"><table class=\"has-fixed-layout\"><tbody><tr><td><strong>Conselho<\/strong><\/td><td><strong>Tipo de reuni\u00e3o<\/strong><\/td><td><strong>Dia<\/strong><\/td><td><strong>Dia da Semana<\/strong><\/td><\/tr><tr><td>C\u00c2MARA DE GRADUA\u00c7\u00c3O<\/td><td>Ordin\u00e1ria<\/td><td>03<\/td><td><br>Segunda-feira<br>\ufeff<\/td><\/tr><tr><td><br><\/td><td><br><\/td><td><br><\/td><td><br><\/td><\/tr><tr><td>CONSEPE<\/td><td>Ordin\u00e1ria<\/td><td>18<\/td><td>Ter\u00e7a-feira<\/td><\/tr><tr><td>CONSUNI<\/td><td>Ordin\u00e1ria<\/td><td>31<\/td><td>Segunda-feira<\/td><\/tr><tr><td>CURADOR<\/td><td>Ordin\u00e1ria<\/td><td>26<\/td><td>Quarta-feira<\/td><\/tr><tr><td>C\u00c2MARA DE P\u00d3S-GRADUA\u00c7\u00c3O<\/td><td>Ordin\u00e1ria<\/td><td>11<\/td><td>Ter\u00e7a-feira<\/td><\/tr><\/tbody><\/table><\/figure>\n\n\n\n<p><\/p>\n<\/details>\n\n\n\n<details class=\"wp-block-details is-layout-flow wp-block-details-is-layout-flow\"><summary>SETEMBRO 2026<\/summary>\n<p><\/p>\n\n\n\n<figure class=\"wp-block-table\"><table class=\"has-fixed-layout\"><tbody><tr><td><strong>Conselho<\/strong><\/td><td><strong>Tipo de reuni\u00e3o<\/strong><\/td><td><strong>Dia<\/strong><\/td><td><strong>Dia da Semana<\/strong><\/td><\/tr><tr><td>C\u00c2MARA DE GRADUA\u00c7\u00c3O<\/td><td>Ordin\u00e1ria<\/td><td>08<\/td><td><br>Ter\u00e7a-feira<br>\ufeff<\/td><\/tr><tr><td><br><\/td><td><br><\/td><td><br><\/td><td><br><\/td><\/tr><tr><td>CONSUNI<\/td><td>Ordin\u00e1ria<\/td><td>30<\/td><td>Quarta-feira<\/td><\/tr><tr><td>CURADOR<\/td><td>Ordin\u00e1ria<\/td><td>24<\/td><td>Quinta-feira<\/td><\/tr><tr><td>C\u00c2MARA DE P\u00d3S-GRADUA\u00c7\u00c3O<\/td><td>Ordin\u00e1ria<\/td><td>14<\/td><td>Segunda-feira<\/td><\/tr><\/tbody><\/table><\/figure>\n\n\n\n<p><\/p>\n<\/details>\n\n\n\n<details class=\"wp-block-details is-layout-flow wp-block-details-is-layout-flow\"><summary>OUTUBRO 2026<\/summary>\n<p><\/p>\n\n\n\n<figure class=\"wp-block-table\"><table class=\"has-fixed-layout\"><tbody><tr><td><strong>Conselho<\/strong><\/td><td><strong>Tipo de reuni\u00e3o<\/strong><\/td><td><strong>Dia<\/strong><\/td><td><strong>Dia da Semana<\/strong><\/td><\/tr><tr><td>C\u00c2MARA DE GRADUA\u00c7\u00c3O<\/td><td>Ordin\u00e1ria<\/td><td>05<\/td><td><br>Segunda-feira<br>\ufeff<\/td><\/tr><tr><td>CONSEPE<\/td><td>Ordin\u00e1ria<\/td><td>19<\/td><td>Segunda-feira<\/td><\/tr><tr><td>CONSUNI<\/td><td>Ordin\u00e1ria<\/td><td>29<\/td><td>Quinta-feira<\/td><\/tr><tr><td>CURADOR<\/td><td>Ordin\u00e1ria<\/td><td>23<\/td><td>Sexta-feira<\/td><\/tr><tr><td>C\u00c2MARA DE P\u00d3S-GRADUA\u00c7\u00c3O<\/td><td>Ordin\u00e1ria<\/td><td>13<\/td><td>Ter\u00e7a-feira<\/td><\/tr><\/tbody><\/table><\/figure>\n\n\n\n<p><\/p>\n<\/details>\n\n\n\n<details class=\"wp-block-details is-layout-flow wp-block-details-is-layout-flow\"><summary>NOVEMBRO 2026<\/summary>\n<p><\/p>\n\n\n\n<figure class=\"wp-block-table\"><table class=\"has-fixed-layout\"><tbody><tr><td><strong>Conselho<\/strong><\/td><td><strong>Tipo de reuni\u00e3o<\/strong><\/td><td><strong>Dia<\/strong><\/td><td><strong>Dia da Semana<\/strong><\/td><\/tr><tr><td>C\u00c2MARA DE GRADUA\u00c7\u00c3O<\/td><td>Ordin\u00e1ria<\/td><td>03<\/td><td><br>Ter\u00e7a-feira<br>\ufeff<\/td><\/tr><tr><td><br><\/td><td><br><\/td><td><br><\/td><td><br><\/td><\/tr><tr><td>CONSUNI<\/td><td>Ordin\u00e1ria<\/td><td>27<\/td><td>Sexta-feira<\/td><\/tr><tr><td>CURADOR<\/td><td>Ordin\u00e1ria<\/td><td>23<\/td><td>Segunda-feira<\/td><\/tr><tr><td>C\u00c2MARA DE P\u00d3S-GRADUA\u00c7\u00c3O<\/td><td>Ordin\u00e1ria<\/td><td>11<\/td><td>Quarta-feira<\/td><\/tr><\/tbody><\/table><\/figure>\n\n\n\n<p><\/p>\n<\/details>\n\n\n\n<details class=\"wp-block-details is-layout-flow wp-block-details-is-layout-flow\"><summary>DEZEMBRO 2026<\/summary>\n<p><\/p>\n\n\n\n<figure class=\"wp-block-table\"><table class=\"has-fixed-layout\"><tbody><tr><td><strong>Conselho<\/strong><\/td><td><strong>Tipo de reuni\u00e3o<\/strong><\/td><td><strong>Dia<\/strong><\/td><td><strong>Dia da Semana<\/strong><\/td><\/tr><tr><td>C\u00c2MARA DE GRADUA\u00c7\u00c3O<\/td><td>Ordin\u00e1ria<\/td><td>01<\/td><td><br>Ter\u00e7a-feira<br>\ufeff<\/td><\/tr><tr><td>CONSEPE<\/td><td>Ordin\u00e1ria<\/td><td>10<\/td><td>Quinta-feira<\/td><\/tr><tr><td>CONSUNI<\/td><td>Ordin\u00e1ria<\/td><td>03<\/td><td>Quinta-feira<\/td><\/tr><tr><td>CURADOR<\/td><td>Ordin\u00e1ria<\/td><td>11<\/td><td>Sexta-feira<\/td><\/tr><tr><td>C\u00c2MARA DE P\u00d3S-GRADUA\u00c7\u00c3O<\/td><td>Ordin\u00e1ria<\/td><td>08<\/td><td>Ter\u00e7a-feira<\/td><\/tr><\/tbody><\/table><\/figure>\n\n\n\n<p><\/p>\n<\/details>\n","protected":false},"excerpt":{"rendered":"<p>Calend\u00e1rio das reuni\u00f5es do Consepe, Curador e Consuni: (Caso aconte\u00e7a altera\u00e7\u00e3o de datas, a SODS [&hellip;]<\/p>\n","protected":false},"author":47,"featured_media":0,"parent":0,"menu_order":0,"comment_status":"closed","ping_status":"closed","template":"","meta":{"footnotes":""},"class_list":["post-52","page","type-page","status-publish","hentry"],"_links":{"self":[{"href":"https:\/\/www.ufpb.br\/sods\/wp-json\/wp\/v2\/pages\/52","targetHints":{"allow":["GET"]}}],"collection":[{"href":"https:\/\/www.ufpb.br\/sods\/wp-json\/wp\/v2\/pages"}],"about":[{"href":"https:\/\/www.ufpb.br\/sods\/wp-json\/wp\/v2\/types\/page"}],"author":[{"embeddable":true,"href":"https:\/\/www.ufpb.br\/sods\/wp-json\/wp\/v2\/users\/47"}],"replies":[{"embeddable":true,"href":"https:\/\/www.ufpb.br\/sods\/wp-json\/wp\/v2\/comments?post=52"}],"version-history":[{"count":13,"href":"https:\/\/www.ufpb.br\/sods\/wp-json\/wp\/v2\/pages\/52\/revisions"}],"predecessor-version":[{"id":148,"href":"https:\/\/www.ufpb.br\/sods\/wp-json\/wp\/v2\/pages\/52\/revisions\/148"}],"wp:attachment":[{"href":"https:\/\/www.ufpb.br\/sods\/wp-json\/wp\/v2\/media?parent=52"}],"curies":[{"name":"wp","href":"https:\/\/api.w.org\/{rel}","templated":true}]}}