{"id":101,"date":"2025-04-28T20:57:54","date_gmt":"2025-04-28T23:57:54","guid":{"rendered":"https:\/\/www.ufpb.br\/sof\/?page_id=101"},"modified":"2025-12-19T19:59:31","modified_gmt":"2025-12-19T22:59:31","slug":"servicos","status":"publish","type":"page","link":"https:\/\/www.ufpb.br\/sof\/servicos\/","title":{"rendered":"Servi\u00e7os"},"content":{"rendered":"\n<p><a href=\"https:\/\/www.ufpb.br\/sof\/wp-admin\/post.php?post=28&amp;action=edit\">Calend\u00e1rio Anual de Contrata\u00e7\u00f5es<\/a><\/p>\n\n\n\n<p><a href=\"https:\/\/www.ufpb.br\/sof\/wp-admin\/post.php?post=34&amp;action=edit\">Cat\u00e1logo de Padroniza\u00e7\u00e3o<\/a><\/p>\n\n\n\n<p><a href=\"https:\/\/www.ufpb.br\/sof\/wp-admin\/post.php?post=193&amp;action=edit\">Carta de Servi\u00e7os ao Usu\u00e1rio<\/a><\/p>\n\n\n\n<p><a href=\"https:\/\/www.ufpb.br\/sof\/wp-admin\/post.php?post=30&amp;action=edit\">Contrata\u00e7\u00f5es em Andamento<\/a><\/p>\n\n\n\n<p><a href=\"https:\/\/www.ufpb.br\/sof\/wp-admin\/post.php?post=43&amp;action=edit\">Legisla\u00e7\u00e3o<\/a><\/p>\n\n\n\n<p><a href=\"https:\/\/www.ufpb.br\/sof\/wp-admin\/post.php?post=45&amp;action=edit\">Orienta\u00e7\u00f5es a Gestores e Fiscais de Contratos<\/a><\/p>\n\n\n\n<p><a href=\"https:\/\/www.ufpb.br\/sof\/wp-admin\/post.php?post=32&amp;action=edit\">Outorgas de Uso<\/a><\/p>\n\n\n\n<p><a href=\"https:\/\/www.ufpb.br\/sof\/wp-admin\/post.php?post=36&amp;action=edit\">Reserva de Audit\u00f3rio<\/a><\/p>\n\n\n\n<p><a href=\"https:\/\/www.ufpb.br\/sof\/servicos\/plano-de-gestao-setorial\/\" data-type=\"link\" data-id=\"https:\/\/www.ufpb.br\/sof\/servicos\/plano-de-gestao-setorial\/\">Plano de Gest\u00e3o Setorial<\/a><\/p>\n\n\n\n<p><\/p>\n","protected":false},"excerpt":{"rendered":"<p>Acesse os principais servi\u00e7os oferecidos pela SOF:<br \/>\nCalend\u00e1rio Anual de Contrata\u00e7\u00f5es<br \/>\nCat\u00e1logo de Padroniza\u00e7\u00e3o<br \/>\nContrata\u00e7\u00f5es em Andamento<br \/>\nLegisla\u00e7\u00e3o<\/p>\n<p>Orienta\u00e7\u00f5es a Gestores e Fiscais de Contratos<br \/>\nOutorgas de Uso<br \/>\nReserva de Audit\u00f3rio<\/p>\n","protected":false},"author":47,"featured_media":119,"parent":0,"menu_order":0,"comment_status":"closed","ping_status":"closed","template":"","meta":{"footnotes":""},"class_list":["post-101","page","type-page","status-publish","has-post-thumbnail","hentry"],"_links":{"self":[{"href":"https:\/\/www.ufpb.br\/sof\/wp-json\/wp\/v2\/pages\/101","targetHints":{"allow":["GET"]}}],"collection":[{"href":"https:\/\/www.ufpb.br\/sof\/wp-json\/wp\/v2\/pages"}],"about":[{"href":"https:\/\/www.ufpb.br\/sof\/wp-json\/wp\/v2\/types\/page"}],"author":[{"embeddable":true,"href":"https:\/\/www.ufpb.br\/sof\/wp-json\/wp\/v2\/users\/47"}],"replies":[{"embeddable":true,"href":"https:\/\/www.ufpb.br\/sof\/wp-json\/wp\/v2\/comments?post=101"}],"version-history":[{"count":6,"href":"https:\/\/www.ufpb.br\/sof\/wp-json\/wp\/v2\/pages\/101\/revisions"}],"predecessor-version":[{"id":285,"href":"https:\/\/www.ufpb.br\/sof\/wp-json\/wp\/v2\/pages\/101\/revisions\/285"}],"wp:featuredmedia":[{"embeddable":true,"href":"https:\/\/www.ufpb.br\/sof\/wp-json\/wp\/v2\/media\/119"}],"wp:attachment":[{"href":"https:\/\/www.ufpb.br\/sof\/wp-json\/wp\/v2\/media?parent=101"}],"curies":[{"name":"wp","href":"https:\/\/api.w.org\/{rel}","templated":true}]}}