{"id":140,"date":"2025-05-22T13:50:08","date_gmt":"2025-05-22T16:50:08","guid":{"rendered":"https:\/\/www.ufpb.br\/sof\/?page_id=140"},"modified":"2025-06-11T09:55:31","modified_gmt":"2025-06-11T12:55:31","slug":"emendas-rp-8","status":"publish","type":"page","link":"https:\/\/www.ufpb.br\/sof\/transparencia\/emendas-rp-8\/","title":{"rendered":"Emendas RP8"},"content":{"rendered":"\n<p>Nesta se\u00e7\u00e3o est\u00e3o dispon\u00edveis informa\u00e7\u00f5es sobre empenho, liquida\u00e7\u00e3o e pagamento de despesas classificadas sob o indicador or\u00e7ament\u00e1rio&nbsp;<strong>RP 8. <\/strong>Em cumprimento \u00e0 decis\u00e3o do Supremo Tribunal Federal (STF) ADPF 854 que determinou maior transpar\u00eancia e rastreabilidade nos dados de emendas parlamentares.<\/p>\n\n\n\n<ul class=\"wp-block-list\">\n<li><strong><a href=\"https:\/\/drive.ufpb.br\/s\/yBJYciZcyFEcTez\">Indica\u00e7\u00e3o de emenda da Comiss\u00e3o de Educa\u00e7\u00e3o \u2013 Of. Pres. n\u00ba 45\/2023-CE<\/a><\/strong><\/li>\n\n\n\n<li><strong><a href=\"https:\/\/portaldatransparencia.gov.br\/emendas\/adpf854\">Portal da Transpar\u00eancia: ADPF 854<\/a><\/strong><\/li>\n\n\n\n<li><a href=\"https:\/\/drive.ufpb.br\/s\/7YkNA7DzAxWeP2t\"><strong>Extrato de Termo de Execu\u00e7\u00e3o Descentralizada (TED) n\u00ba<\/strong> 12354\/2023 <\/a><\/li>\n\n\n\n<li><strong><a href=\"https:\/\/portaldatransparencia.gov.br\/despesas\/documento\/empenho\/153066152312023NE000380?ordenarPor=fase&amp;direcao=asc\">Execu\u00e7\u00e3o de Empenhos<\/a><\/strong><\/li>\n<\/ul>\n\n\n\n<p><\/p>\n","protected":false},"excerpt":{"rendered":"<p>Nesta se\u00e7\u00e3o est\u00e3o dispon\u00edveis informa\u00e7\u00f5es sobre empenho, liquida\u00e7\u00e3o e pagamento de despesas classificadas sob o indicador or\u00e7ament\u00e1rio&nbsp;RP 8. Em cumprimento \u00e0 decis\u00e3o do Supremo Tribunal Federal (STF) ADPF 854 que determinou maior transpar\u00eancia e rastreabilidade nos dados de emendas parlamentares.<\/p>\n","protected":false},"author":282,"featured_media":0,"parent":103,"menu_order":0,"comment_status":"closed","ping_status":"closed","template":"","meta":{"footnotes":""},"class_list":["post-140","page","type-page","status-publish","hentry"],"_links":{"self":[{"href":"https:\/\/www.ufpb.br\/sof\/wp-json\/wp\/v2\/pages\/140","targetHints":{"allow":["GET"]}}],"collection":[{"href":"https:\/\/www.ufpb.br\/sof\/wp-json\/wp\/v2\/pages"}],"about":[{"href":"https:\/\/www.ufpb.br\/sof\/wp-json\/wp\/v2\/types\/page"}],"author":[{"embeddable":true,"href":"https:\/\/www.ufpb.br\/sof\/wp-json\/wp\/v2\/users\/282"}],"replies":[{"embeddable":true,"href":"https:\/\/www.ufpb.br\/sof\/wp-json\/wp\/v2\/comments?post=140"}],"version-history":[{"count":4,"href":"https:\/\/www.ufpb.br\/sof\/wp-json\/wp\/v2\/pages\/140\/revisions"}],"predecessor-version":[{"id":158,"href":"https:\/\/www.ufpb.br\/sof\/wp-json\/wp\/v2\/pages\/140\/revisions\/158"}],"up":[{"embeddable":true,"href":"https:\/\/www.ufpb.br\/sof\/wp-json\/wp\/v2\/pages\/103"}],"wp:attachment":[{"href":"https:\/\/www.ufpb.br\/sof\/wp-json\/wp\/v2\/media?parent=140"}],"curies":[{"name":"wp","href":"https:\/\/api.w.org\/{rel}","templated":true}]}}