{"id":16,"date":"2025-04-28T19:10:12","date_gmt":"2025-04-28T22:10:12","guid":{"rendered":"https:\/\/www.ufpb.br\/sof\/?page_id=16"},"modified":"2026-04-17T18:29:25","modified_gmt":"2026-04-17T21:29:25","slug":"secretaria","status":"publish","type":"page","link":"https:\/\/www.ufpb.br\/sof\/institucional\/secretaria\/","title":{"rendered":"Secretaria"},"content":{"rendered":"\n<p>A Secretaria \u00e9 respons\u00e1vel pelos servi\u00e7os de apoio administrativo, competindo-lhe:<\/p>\n\n\n\n<ol class=\"wp-block-list\">\n<li>registrar e controlar as atividades dos servidores;<\/li>\n\n\n\n<li>planejar a aquisi\u00e7\u00e3o e manter dispon\u00edveis materiais de consumo e equipamentos;<\/li>\n\n\n\n<li>controlar o protocolo, a tramita\u00e7\u00e3o interna, a distribui\u00e7\u00e3o e a expedi\u00e7\u00e3o de processos;<\/li>\n\n\n\n<li>monitorar o preenchimento das informa\u00e7\u00f5es nos Sistemas Integrados de Gest\u00e3o da UFPB, nos sistemas de controle interno e externo e demais sistemas do Governo Federal;<\/li>\n\n\n\n<li>auxiliar o Superintendente de SOF na gest\u00e3o da informa\u00e7\u00e3o, na gest\u00e3o or\u00e7ament\u00e1ria e nas demais atribui\u00e7\u00f5es;<\/li>\n\n\n\n<li>contribuir para a elabora\u00e7\u00e3o de indicadores internos da SOF;<\/li>\n\n\n\n<li>contribuir para a elabora\u00e7\u00e3o do Plano de Desenvolvimento Institucional (PDI) da UFPB;<\/li>\n\n\n\n<li>contribuir para a elabora\u00e7\u00e3o do Relat\u00f3rio Anual de Gest\u00e3o da UFPB;<\/li>\n\n\n\n<li>assessorar a SOF na defini\u00e7\u00e3o de metas anuais;<\/li>\n\n\n\n<li>acompanhar o processo de avalia\u00e7\u00e3o da SOF;<\/li>\n\n\n\n<li>contribuir para a sistematiza\u00e7\u00e3o de indicadores de desempenho institucional da SOF;<\/li>\n<\/ol>\n\n\n\n<p><em><strong>Respons\u00e1vel pelo setor:&nbsp;<\/strong>Quezia Alves de Souza&nbsp;(Superintendente).<br><strong>E-mail:&nbsp;<\/strong><a href=\"mailto:secretaria@sof.ufpb.br\">secretaria@sof.ufpb.br<\/a>.&nbsp;&nbsp;<br><strong>Telefone:<\/strong>&nbsp;3216-7169.<br><strong>Hor\u00e1rio de funcionamento:<\/strong>&nbsp;8h \u00e0s 17h.<\/em><\/p>\n\n\n\n<p class=\" \">&nbsp;<\/p>\n\n\n\n<p class=\" \"><strong>Equipe:<\/strong><\/p>\n\n\n\n<figure class=\"wp-block-table has-small-font-size\"><table class=\"has-fixed-layout\"><tbody><tr><td><strong>Nome<\/strong><\/td><td><strong>Cargo\/Fun\u00e7\u00e3o<\/strong><\/td><td><strong>\u00c1rea de Atua\u00e7\u00e3o<\/strong><\/td><td><strong>Contato<\/strong><\/td><\/tr><tr><td>Quezia Alves de Souza<\/td><td>Superintendente<\/td><td>Serv. Administrativos<\/td><td>quezia@sof.ufpb.br<\/td><\/tr><tr><td>F\u00e1bio Assun\u00e7\u00e3o de Castro<\/td><td>Superintendente Adjunta<\/td><td>Serv. Administrativos<\/td><td>fabioac@sof.ufpb.br<\/td><\/tr><tr><td>Sidney F\u00e1bio da N\u00f3brega Medeiros Junior<\/td><td>Assistente em Administra\u00e7\u00e3o<\/td><td>Serv. Administrativos<\/td><td>sidney.junior@sof.ufpb.br<\/td><\/tr><tr><td>Michelle Guerra Felix<\/td><td>T\u00e9c. em Arquivo<\/td><td>Terceirizada<\/td><td>gabinete@sof.ufpb.br<\/td><\/tr><\/tbody><\/table><\/figure>\n\n\n\n<p><strong><a href=\"https:\/\/drive.ufpb.br\/s\/GNHkaKisioLFEJr\">Atribui\u00e7\u00f5es e Compet\u00eancias da Secretaria\/SOF<\/a><br><a href=\"https:\/\/drive.ufpb.br\/s\/SHPmmBFaEm9mTfH\">Cronograma de Atividades<\/a><\/strong><\/p>\n","protected":false},"excerpt":{"rendered":"<p>A Secretaria \u00e9 respons\u00e1vel pelos servi\u00e7os de apoio administrativo, competindo-lhe: Respons\u00e1vel pelo setor:&nbsp;Quezia Alves de Souza&nbsp;(Superintendente).E-mail:&nbsp;secretaria@sof.ufpb.br.&nbsp;&nbsp;Telefone:&nbsp;3216-7169.Hor\u00e1rio de funcionamento:&nbsp;8h \u00e0s 17h. &nbsp; Equipe: Nome Cargo\/Fun\u00e7\u00e3o \u00c1rea de Atua\u00e7\u00e3o Contato Quezia Alves de Souza Superintendente Serv. Administrativos quezia@sof.ufpb.br F\u00e1bio Assun\u00e7\u00e3o de Castro Superintendente Adjunta Serv. Administrativos fabioac@sof.ufpb.br Sidney F\u00e1bio da N\u00f3brega Medeiros Junior Assistente em Administra\u00e7\u00e3o Serv. [&hellip;]<\/p>\n","protected":false},"author":47,"featured_media":0,"parent":96,"menu_order":0,"comment_status":"closed","ping_status":"closed","template":"","meta":{"footnotes":""},"class_list":["post-16","page","type-page","status-publish","hentry"],"_links":{"self":[{"href":"https:\/\/www.ufpb.br\/sof\/wp-json\/wp\/v2\/pages\/16","targetHints":{"allow":["GET"]}}],"collection":[{"href":"https:\/\/www.ufpb.br\/sof\/wp-json\/wp\/v2\/pages"}],"about":[{"href":"https:\/\/www.ufpb.br\/sof\/wp-json\/wp\/v2\/types\/page"}],"author":[{"embeddable":true,"href":"https:\/\/www.ufpb.br\/sof\/wp-json\/wp\/v2\/users\/47"}],"replies":[{"embeddable":true,"href":"https:\/\/www.ufpb.br\/sof\/wp-json\/wp\/v2\/comments?post=16"}],"version-history":[{"count":9,"href":"https:\/\/www.ufpb.br\/sof\/wp-json\/wp\/v2\/pages\/16\/revisions"}],"predecessor-version":[{"id":348,"href":"https:\/\/www.ufpb.br\/sof\/wp-json\/wp\/v2\/pages\/16\/revisions\/348"}],"up":[{"embeddable":true,"href":"https:\/\/www.ufpb.br\/sof\/wp-json\/wp\/v2\/pages\/96"}],"wp:attachment":[{"href":"https:\/\/www.ufpb.br\/sof\/wp-json\/wp\/v2\/media?parent=16"}],"curies":[{"name":"wp","href":"https:\/\/api.w.org\/{rel}","templated":true}]}}

<p>A Secretaria é responsável pelos serviços de apoio administrativo, competindo-lhe:</p>



<ol class="wp-block-list">
<li>registrar e controlar as atividades dos servidores;</li>



<li>planejar a aquisição e manter disponíveis materiais de consumo e equipamentos;</li>



<li>controlar o protocolo, a tramitação interna, a distribuição e a expedição de processos;</li>



<li>monitorar o preenchimento das informações nos Sistemas Integrados de Gestão da UFPB, nos sistemas de controle interno e externo e demais sistemas do Governo Federal;</li>



<li>auxiliar o Superintendente de SOF na gestão da informação, na gestão orçamentária e nas demais atribuições;</li>



<li>contribuir para a elaboração de indicadores internos da SOF;</li>



<li>contribuir para a elaboração do Plano de Desenvolvimento Institucional (PDI) da UFPB;</li>



<li>contribuir para a elaboração do Relatório Anual de Gestão da UFPB;</li>



<li>assessorar a SOF na definição de metas anuais;</li>



<li>acompanhar o processo de avaliação da SOF;</li>



<li>contribuir para a sistematização de indicadores de desempenho institucional da SOF;</li>
</ol>



<p><em><strong>Responsável pelo setor:&nbsp;</strong>Quezia Alves de Souza&nbsp;(Superintendente).<br><strong>E-mail:&nbsp;</strong><a href="mailto:secretaria@sof.ufpb.br">secretaria@sof.ufpb.br</a>.&nbsp;&nbsp;<br><strong>Telefone:</strong>&nbsp;3216-7169.<br><strong>Horário de funcionamento:</strong>&nbsp;8h às 17h.</em></p>



<p class=" ">&nbsp;</p>



<p class=" "><strong>Equipe:</strong></p>



<figure class="wp-block-table has-small-font-size"><table class="has-fixed-layout"><tbody><tr><td><strong>Nome</strong></td><td><strong>Cargo/Função</strong></td><td><strong>Área de Atuação</strong></td><td><strong>Contato</strong></td></tr><tr><td>Quezia Alves de Souza</td><td>Superintendente</td><td>Serv. Administrativos</td><td>quezia@sof.ufpb.br</td></tr><tr><td>Fábio Assunção de Castro</td><td>Superintendente Adjunta</td><td>Serv. Administrativos</td><td>fabioac@sof.ufpb.br</td></tr><tr><td>Sidney Fábio da Nóbrega Medeiros Junior</td><td>Assistente em Administração</td><td>Serv. Administrativos</td><td>sidney.junior@sof.ufpb.br</td></tr><tr><td>Michelle Guerra Felix</td><td>Téc. em Arquivo</td><td>Terceirizada</td><td>gabinete@sof.ufpb.br</td></tr></tbody></table></figure>



<p><strong><a href="https://drive.ufpb.br/s/GNHkaKisioLFEJr">Atribuições e Competências da Secretaria/SOF</a><br><a href="https://drive.ufpb.br/s/SHPmmBFaEm9mTfH">Cronograma de Atividades</a></strong></p>

<p>A Secretaria é responsável pelos serviços de apoio administrativo, competindo-lhe: Responsável pelo setor:&nbsp;Quezia Alves de Souza&nbsp;(Superintendente).E-mail:&nbsp;secretaria@sof.ufpb.br.&nbsp;&nbsp;Telefone:&nbsp;3216-7169.Horário de funcionamento:&nbsp;8h às 17h. &nbsp; Equipe: Nome Cargo/Função Área de Atuação Contato Quezia Alves de Souza Superintendente Serv. Administrativos quezia@sof.ufpb.br Fábio Assunção de Castro Superintendente Adjunta Serv. Administrativos fabioac@sof.ufpb.br Sidney Fábio da Nóbrega Medeiros Junior Assistente em Administração Serv. [&hellip;]</p>
