{"id":45,"date":"2025-04-28T19:28:00","date_gmt":"2025-04-28T22:28:00","guid":{"rendered":"https:\/\/www.ufpb.br\/sof\/?page_id=45"},"modified":"2025-04-28T21:03:26","modified_gmt":"2025-04-29T00:03:26","slug":"orientacoes-a-gestores-e-fiscais-de-contratos","status":"publish","type":"page","link":"https:\/\/www.ufpb.br\/sof\/servicos\/orientacoes-a-gestores-e-fiscais-de-contratos\/","title":{"rendered":"Orienta\u00e7\u00f5es a Gestores e Fiscais de Contratos"},"content":{"rendered":"\n<p>Esta se\u00e7\u00e3o cont\u00e9m informa\u00e7\u00f5es, orienta\u00e7\u00f5es e recomenda\u00e7\u00f5es relativas \u00e0 atua\u00e7\u00e3o das equipes de gest\u00e3o e fiscaliza\u00e7\u00e3o de contratos, em especial no que diz respeito a legisla\u00e7\u00f5es, jurisprud\u00eancias selecionadas, informes, cursos gratuitos e materiais de apoio.&nbsp;&nbsp;<\/p>\n\n\n\n<p>Caso esteja procurando por formul\u00e1rios e procedimentos, acesso o&nbsp;<strong><a href=\"http:\/\/plone.ufpb.br\/sof\/contents\/menu\/servicos\/catalogo-de-padronizacao\">cat\u00e1logo de padroniza\u00e7\u00e3o<\/a><\/strong>.&nbsp;<\/p>\n\n\n\n<p>D\u00favidas, sugest\u00f5es, elogios e cr\u00edticas poder\u00e3o ser encaminhadas para o<strong>&nbsp;e-mail:&nbsp;<a href=\"mailto:contratos@sof.ufpb.br\">contratos@sof.ufpb.br<\/a><\/strong>&nbsp;<\/p>\n\n\n\n<h3 class=\"wp-block-heading\">Normas Essenciais<\/h3>\n\n\n\n<p class=\" \"><strong><a href=\"http:\/\/www.planalto.gov.br\/ccivil_03\/leis\/l8666cons.htm\" target=\"_blank\" rel=\"noreferrer noopener\"># Lei n\u00ba 8.666\/1993<\/a>&nbsp; &#8211;&nbsp;<\/strong>Lei Geral de Licita\u00e7\u00f5es e Contratos, vigente at\u00e9 01\/04\/2023. Cap\u00edtulos III e IV (disp\u00f5em, respectivamente, a respeito dos procedimentos de formaliza\u00e7\u00e3o, execu\u00e7\u00e3o, altera\u00e7\u00f5es e rescis\u00f5es de contratos administrativos; e das possibilidades de aplica\u00e7\u00e3o de san\u00e7\u00f5es).<\/p>\n\n\n\n<p class=\" \"><strong><a href=\"http:\/\/www.planalto.gov.br\/ccivil_03\/_ato2019-2022\/2021\/lei\/L14133.htm\" target=\"_blank\" rel=\"noreferrer noopener\"># Lei n\u00ba 14.133\/2021<\/a><\/strong>&nbsp;&#8211; Nova Lei Geral de Licita\u00e7\u00f5es e Contratos Administrativos. T\u00edtulos III e IV (Dos Contratos Administrativos; e Das Irregularidades).<\/p>\n\n\n\n<p class=\" \"><strong><a href=\"https:\/\/www.gov.br\/compras\/pt-br\/acesso-a-informacao\/legislacao\/instrucoes-normativas\/instrucao-normativa-no-01-de-19-de-janeiro-de-2010\" target=\"_blank\" rel=\"noreferrer noopener\"># IN SEGES n\u00ba 01\/2010<\/a>&nbsp;<\/strong>&#8211; Crit\u00e9rios de sustentabilidade ambiental na aquisi\u00e7\u00e3o de bens, contrata\u00e7\u00e3o de servi\u00e7os ou obras.<\/p>\n\n\n\n<p class=\" \"><strong><a href=\"https:\/\/www.in.gov.br\/materia\/-\/asset_publisher\/Kujrw0TZC2Mb\/content\/id\/20239255\/do1-2017-05-26-instrucao-normativa-n-5-de-26-de-maio-de-2017-20237783\" target=\"_blank\" rel=\"noreferrer noopener\"># IN SEGES\/ME n\u00ba 05\/2017<\/a><\/strong>&nbsp;&#8211;&nbsp;Apresenta o principal roteiro normativo, com rotinas e pr\u00e1ticas para o planejamento de contrata\u00e7\u00f5es e o acompanhamento da execu\u00e7\u00e3o de servi\u00e7os continuados.<\/p>\n\n\n\n<p><strong><a href=\"http:\/\/www.planalto.gov.br\/ccivil_03\/_Ato2015-2018\/2018\/Decreto\/D9507.htm\" target=\"_blank\" rel=\"noreferrer noopener\"># Decreto n\u00ba 9.507\/2018<\/a><\/strong>&nbsp;&#8211; Regras gerais que envolvem a execu\u00e7\u00e3o de servi\u00e7os, responsabilidades dos gestores e fiscais de contratos e regras inerentes aos reajustes e repactua\u00e7\u00f5es.<\/p>\n\n\n\n<p><strong><a href=\"https:\/\/www.in.gov.br\/en\/web\/dou\/-\/instrucao-normativa-n-73-de-5-de-agosto-de-2020-270711836\" target=\"_blank\" rel=\"noreferrer noopener\"># IN SEGES n\u00ba 73\/2020<\/a>&nbsp;<\/strong>&#8211; Procedimentos de pesquisa de pre\u00e7os para contrata\u00e7\u00f5es, em termos de par\u00e2metros, metodologia e prazos etc. no \u00e2mbito das Leis 8.666\/1993, 10.520\/2002 e 12.462\/2011.<\/p>\n\n\n\n<p><strong><a href=\"https:\/\/www.in.gov.br\/web\/guest\/materia\/-\/asset_publisher\/Kujrw0TZC2Mb\/content\/id\/29140235\/do1-2018-07-09-instrucao-normativa-n-6-de-6-de-julho-de-2018-29140215\" target=\"_blank\" rel=\"noreferrer noopener\"># IN SEGES n\u00ba 06\/2018<\/a>&nbsp;<\/strong>&#8211; Disp\u00f5e sobre as cl\u00e1usulas assecurat\u00f3rias de direitos trabalhistas e encargos sociais quando da execu\u00e7\u00e3o indireta de obras p\u00fablicas.<\/p>\n\n\n\n<p><strong><a href=\"https:\/\/www.in.gov.br\/materia\/-\/asset_publisher\/Kujrw0TZC2Mb\/content\/id\/41965196\/do1-2018-09-24-instrucao-normativa-n-7-de-20-de-setembro-de-2018-41965022\" target=\"_blank\" rel=\"noreferrer noopener\"># IN SEGES n\u00ba 07\/2018<\/a><\/strong>&nbsp;&#8211;&nbsp;Altera o modelo de planilha de custos e forma\u00e7\u00e3o de pre\u00e7os da IN SEGES n\u00ba 05\/2017.<\/p>\n\n\n\n<p><strong><a href=\"https:\/\/www.gov.br\/compras\/pt-br\/acesso-a-informacao\/legislacao\/instrucoes-normativas\/instrucao-normativa-no-43-de-8-de-junho-de-2020\" target=\"_blank\" rel=\"noreferrer noopener\"># IN SEGES n\u00ba 43\/2020<\/a>&nbsp;<\/strong>&#8211;&nbsp;Disp\u00f5e sobre a dispensa, o parcelamento, a compensa\u00e7\u00e3o e a suspens\u00e3o de cobran\u00e7a de multa administrativa.<\/p>\n\n\n\n<p><strong><a href=\"https:\/\/www.gov.br\/compras\/pt-br\/acesso-a-informacao\/legislacao\/instrucoes-normativas\/instrucao-normativa-seges-me-no-91-de-16-de-dezembro-de-2022\" target=\"_blank\" rel=\"noreferrer noopener\"># IN SEGES n\u00ba 91\/2022<\/a><\/strong>&nbsp;&#8211;&nbsp;Estabelece regras para a defini\u00e7\u00e3o do valor estimado para a contrata\u00e7\u00e3o de obras e servi\u00e7os de engenharia nos processos de licita\u00e7\u00e3o e de contrata\u00e7\u00e3o direta, de que disp\u00f5e o \u00a7 2\u00ba do art. 23 da Lei n\u00ba 14.133, de 1\u00ba de abril de 2021, no \u00e2mbito da Administra\u00e7\u00e3o P\u00fablica federal direta, aut\u00e1rquica e fundacional.<\/p>\n\n\n\n<p><strong><a href=\"https:\/\/www.gov.br\/compras\/pt-br\/acesso-a-informacao\/legislacao\/instrucoes-normativas\/instrucao-normativa-seges-me-no-98-de-26-de-dezembro-de-2022\" target=\"_blank\" rel=\"noreferrer noopener\"># IN SEGES n\u00ba 98\/2022<\/a><\/strong>&nbsp;&#8211;&nbsp;&nbsp;Autorizada a aplica\u00e7\u00e3o da Instru\u00e7\u00e3o Normativa n\u00ba 5 de 26 de maio de 2017, que disp\u00f5e sobre as regras e diretrizes do procedimento de contrata\u00e7\u00e3o de servi\u00e7os sob o regime de execu\u00e7\u00e3o indireta no \u00e2mbito da Administra\u00e7\u00e3o P\u00fablica federal direta, aut\u00e1rquica e fundacional, no que couber, para a realiza\u00e7\u00e3o dos processos de licita\u00e7\u00e3o e de contrata\u00e7\u00e3o direta de servi\u00e7os de que disp\u00f5e a Lei n\u00ba 14.133, de 1\u00ba de abril de 2021.<\/p>\n\n\n\n<p><strong><a href=\"https:\/\/www.in.gov.br\/en\/web\/dou\/-\/instrucao-normativa-seges-\/mgi-n-11-de-29-de-marco-de-2023-473750351\" target=\"_blank\" rel=\"noreferrer noopener\"># IN SEGES n\u00ba 11\/2023<\/a><\/strong>&nbsp;&#8211;&nbsp;Estabelece condi\u00e7\u00f5es para o pagamento das despesas com compra de bens e presta\u00e7\u00e3o de servi\u00e7os, de que disp\u00f5e o inciso I do art. 40 da Lei n\u00ba 14.133, de 1\u00ba de abril de 2021, e para o regime de adiantamento, por suprimento de fundos.<\/p>\n\n\n\n<p><strong><a href=\"https:\/\/www.in.gov.br\/en\/web\/dou\/-\/circular-n-477-de-30-de-setembro-de-2013-31065813\" target=\"_blank\" rel=\"noreferrer noopener\">#&nbsp;Circular SUSEP n\u00ba 477\/2013<\/a>&nbsp;<\/strong>&#8211;&nbsp;Disp\u00f5e sobre o Seguro Garantia, divulga condi\u00e7\u00f5es padronizadas de acionamento e diretrizes para expectativa de risco e reclama\u00e7\u00e3o de risco.<\/p>\n\n\n\n<p><strong><a href=\"https:\/\/drive.ufpb.br\/s\/SGQacmps9Y7rgLq\" target=\"_blank\" rel=\"noreferrer noopener\"># Portaria UFPB n\u00ba 640\/2021<\/a><\/strong>&nbsp;&#8211;&nbsp;Disp\u00f5e sobre os procedimentos a serem adotados no acompanhamento e fiscaliza\u00e7\u00e3o de execu\u00e7\u00e3o dos contratos&nbsp;de servi\u00e7os, obras e aquisi\u00e7\u00f5es em geral&nbsp;firmados no \u00e2mbito da UFPB.<\/p>\n\n\n\n<p><strong><a href=\"https:\/\/drive.ufpb.br\/s\/rND6PEw23L42kLA\" target=\"_blank\" rel=\"noreferrer noopener\"># Portaria n\u00ba UFPB n\u00ba 137\/2018<\/a>&nbsp;<\/strong>&#8211;<strong>&nbsp;<\/strong>Define os servi\u00e7os de natureza cont\u00ednua no \u00e2mbito da Universidade Federal da Para\u00edba.<\/p>\n\n\n\n<p><strong><a href=\"https:\/\/drive.ufpb.br\/s\/6ykMHsm58ZH5zyP\" target=\"_blank\" rel=\"noreferrer noopener\"># Instru\u00e7\u00e3o Normativa UFPB\/SOF n\u00ba 1\/2023<\/a><\/strong>&nbsp;&#8211;&nbsp;Disp\u00f5e sobre os crit\u00e9rios e procedimentos para a emiss\u00e3o de atestados de&nbsp;capacidade t\u00e9cnica no \u00e2mbito da Superintend\u00eancia de Or\u00e7amento e Finan\u00e7as da&nbsp;Universidade Federal da Para\u00edba \u2013 SOF\/UFPB \u2013 UASG 153066.<br><\/p>\n\n\n\n<h3 class=\"wp-block-heading\"><\/h3>\n\n\n\n<h3 class=\"wp-block-heading\"><strong>Kit de Gest\u00e3o e Fiscaliza\u00e7\u00e3o de Contratos<\/strong><\/h3>\n\n\n\n<p><strong><a href=\"https:\/\/drive.google.com\/drive\/folders\/1p3lYZkl7ZkKExb38ulVU_ZUfBLIWi-4q?usp=sharing\" target=\"_blank\" rel=\"noreferrer noopener\">[Clique Aqui]<\/a><\/strong>&nbsp;para acesso ao&nbsp;<em>Drive&nbsp;<\/em>contendo modelos de relat\u00f3rios, listas de verifica\u00e7\u00e3o e outros documentos.<\/p>\n\n\n\n<h3 class=\"wp-block-heading\">Jurisprud\u00eancia Selecionada<\/h3>\n\n\n\n<p><strong><a href=\"https:\/\/pesquisa.apps.tcu.gov.br\/pesquisa\/jurisprudencia-selecionada\" target=\"_blank\" rel=\"noreferrer noopener\">[Clique Aqui]<\/a><\/strong>&nbsp;&#8211; Ac\u00f3rd\u00e3os do Tribunal de Contas da Uni\u00e3o (TCU).<\/p>\n\n\n\n<p><strong><a href=\"https:\/\/www.gov.br\/agu\/pt-br\/composicao\/cgu\/cgu\/onsagu\" target=\"_blank\" rel=\"noreferrer noopener\">[Clique Aqui]<\/a><\/strong>&nbsp;&#8211; Orienta\u00e7\u00f5es Normativas da Advocacia-Geral da Uni\u00e3o (AGU)<\/p>\n\n\n\n<h3 class=\"wp-block-heading\"><strong>Materiais de Apoio, Cursos e Informes&nbsp;<\/strong><\/h3>\n\n\n\n<p class=\" \">&nbsp;<\/p>\n\n\n\n<p class=\" \"><a href=\"https:\/\/drive.google.com\/file\/d\/1gf4HwcQTlVFeMEzYgwp60hiwiNCEH4mm\/view?usp=sharing\" target=\"_blank\" rel=\"noreferrer noopener\"><strong>[Clique Aqui]<\/strong>&nbsp;<\/a>&#8211; Guia Simplificado &#8211; Gest\u00e3o e Fiscaliza\u00e7\u00e3o de Contratos.<\/p>\n\n\n\n<p class=\" \"><strong><a href=\"https:\/\/drive.ufpb.br\/s\/xKsk7yPr9orK7Ys\" target=\"_blank\" rel=\"noreferrer noopener\">[Clique Aqui]<\/a><\/strong>&nbsp;&#8211; Roteiro Resumido do Fluxo de Pagamentos.<\/p>\n\n\n\n<p class=\" \"><strong><a href=\"https:\/\/drive.google.com\/file\/d\/1qCMzEkn8aX9wQ2Ra9xOXrUY5cMi1Uvu1\/view?usp=sharing\" target=\"_blank\" rel=\"noreferrer noopener\">[Clique Aqui]<\/a><\/strong>&nbsp;&#8211; Apresenta\u00e7\u00e3o \/ Resumo das Rotinas de Gest\u00e3o e Fiscaliza\u00e7\u00e3o de Contratos.<\/p>\n\n\n\n<p class=\" \"><strong><a href=\"https:\/\/docs.google.com\/document\/d\/1-xqagbG6DhlrZamty1gGkzFW8Sz8TDZTtl_WlC_kY50\/edit\" target=\"_blank\" rel=\"noreferrer noopener\">[Clique Aqui]<\/a><\/strong>&nbsp;&#8211; Compilado de&nbsp;<em>links&nbsp;<\/em>de materiais de apoio, cursos e informes (externos).<\/p>\n\n\n\n<p class=\" \"><strong><a href=\"https:\/\/www.gov.br\/compras\/pt-br\/centrais-de-conteudo\/cadernos-de-logistica\" target=\"_blank\" rel=\"noreferrer noopener\">[Clique Aqui]<\/a><\/strong>&nbsp;&#8211; Cadernos de Log\u00edstica da SEGES\/ME.<\/p>\n\n\n\n<p class=\" \"><strong><a href=\"https:\/\/tutoriais.comprasgovernamentais.gov.br\/fluxos_inep\/#list\" target=\"_blank\" rel=\"noreferrer noopener\">[Clique Aqui]<\/a><\/strong>&nbsp;&#8211; Fluxogramas produzidos pela SEGES\/ME para contrata\u00e7\u00f5es.<\/p>\n\n\n\n<p class=\" \"><strong><a href=\"https:\/\/www.gov.br\/agu\/pt-br\/composicao\/consultoria-geral-da-uniao-1\/modelos-de-convenios-licitacoes-e-contratos\/modelos-de-licitacoes-e-contratos\/listas-de-verificacao\" target=\"_blank\" rel=\"noreferrer noopener\">[Clique Aqui]<\/a><\/strong>&nbsp;&#8211; Listas de Verifica\u00e7\u00e3o da AGU (Aditamentos Contratuais)<\/p>\n","protected":false},"excerpt":{"rendered":"<p>Esta se\u00e7\u00e3o cont\u00e9m informa\u00e7\u00f5es, orienta\u00e7\u00f5es e recomenda\u00e7\u00f5es relativas \u00e0 atua\u00e7\u00e3o das equipes de gest\u00e3o e fiscaliza\u00e7\u00e3o de contratos, em especial no que diz respeito a legisla\u00e7\u00f5es, jurisprud\u00eancias selecionadas, informes, cursos gratuitos e materiais de apoio.&nbsp;&nbsp; Caso esteja procurando por formul\u00e1rios e procedimentos, acesso o&nbsp;cat\u00e1logo de padroniza\u00e7\u00e3o.&nbsp; D\u00favidas, sugest\u00f5es, elogios e cr\u00edticas poder\u00e3o ser encaminhadas para [&hellip;]<\/p>\n","protected":false},"author":47,"featured_media":0,"parent":101,"menu_order":0,"comment_status":"closed","ping_status":"closed","template":"","meta":{"footnotes":""},"class_list":["post-45","page","type-page","status-publish","hentry"],"_links":{"self":[{"href":"https:\/\/www.ufpb.br\/sof\/wp-json\/wp\/v2\/pages\/45","targetHints":{"allow":["GET"]}}],"collection":[{"href":"https:\/\/www.ufpb.br\/sof\/wp-json\/wp\/v2\/pages"}],"about":[{"href":"https:\/\/www.ufpb.br\/sof\/wp-json\/wp\/v2\/types\/page"}],"author":[{"embeddable":true,"href":"https:\/\/www.ufpb.br\/sof\/wp-json\/wp\/v2\/users\/47"}],"replies":[{"embeddable":true,"href":"https:\/\/www.ufpb.br\/sof\/wp-json\/wp\/v2\/comments?post=45"}],"version-history":[{"count":1,"href":"https:\/\/www.ufpb.br\/sof\/wp-json\/wp\/v2\/pages\/45\/revisions"}],"predecessor-version":[{"id":46,"href":"https:\/\/www.ufpb.br\/sof\/wp-json\/wp\/v2\/pages\/45\/revisions\/46"}],"up":[{"embeddable":true,"href":"https:\/\/www.ufpb.br\/sof\/wp-json\/wp\/v2\/pages\/101"}],"wp:attachment":[{"href":"https:\/\/www.ufpb.br\/sof\/wp-json\/wp\/v2\/media?parent=45"}],"curies":[{"name":"wp","href":"https:\/\/api.w.org\/{rel}","templated":true}]}}