{"id":280,"date":"2025-10-31T14:52:15","date_gmt":"2025-10-31T17:52:15","guid":{"rendered":"https:\/\/www.ufpb.br\/ssg\/?page_id=280"},"modified":"2026-03-26T10:16:44","modified_gmt":"2026-03-26T13:16:44","slug":"canal-do-colaborador-terceirizado","status":"publish","type":"page","link":"https:\/\/www.ufpb.br\/ssg\/canal-do-colaborador-terceirizado\/","title":{"rendered":"Canal do colaborador terceirizado"},"content":{"rendered":"\n<p>A Superintend\u00eancia de Servi\u00e7os Gerais da Universidade Federal da Para\u00edba (UFPB) requer das empresas contratadas para a presta\u00e7\u00e3o de servi\u00e7os o cumprimento integral de toda a legisla\u00e7\u00e3o vigente, especialmente a trabalhista e previdenci\u00e1ria.<br>Se voc\u00ea \u00e9 colaborador(a) terceirizado(a) que atua em unidades da UFPB sob a gest\u00e3o da Superintend\u00eancia de Servi\u00e7os Gerais, sua colabora\u00e7\u00e3o \u00e9 fundamental para fiscalizar e garantir o cumprimento dessas obriga\u00e7\u00f5es por parte da empresa contratada.<\/p>\n\n\n\n<p><br>IMPORTANTE<br>Todas as manifesta\u00e7\u00f5es e relatos recebidos ser\u00e3o devidamente apurados pela Superintend\u00eancia de Servi\u00e7os Gerais da UFPB, em conjunto com a empresa respons\u00e1vel.<br>Ao registrar seu relato ou manifesta\u00e7\u00e3o por meio do canal oficial da SSG\/UFPB, \u00e9 obrigat\u00f3rio identificar-se, informando no campo de descri\u00e7\u00e3o:<br>\u2022 o nome da empresa contratada,<br>\u2022 o local em que trabalha,<br>\u2022 o cargo que ocupa, e<br>\u2022 o tipo de servi\u00e7o realizado.<br>A SSG\/UFPB assegura o sigilo dos seus dados pessoais, que somente ser\u00e3o revelados com o seu consentimento e quando estritamente necess\u00e1rio para o devido tratamento da manifesta\u00e7\u00e3o.<\/p>\n","protected":false},"excerpt":{"rendered":"<p>A Superintend\u00eancia de Servi\u00e7os Gerais da Universidade Federal da Para\u00edba (UFPB) requer das empresas contratadas [&hellip;]<\/p>\n","protected":false},"author":47,"featured_media":0,"parent":0,"menu_order":0,"comment_status":"closed","ping_status":"closed","template":"","meta":{"footnotes":""},"class_list":["post-280","page","type-page","status-publish","hentry"],"_links":{"self":[{"href":"https:\/\/www.ufpb.br\/ssg\/wp-json\/wp\/v2\/pages\/280","targetHints":{"allow":["GET"]}}],"collection":[{"href":"https:\/\/www.ufpb.br\/ssg\/wp-json\/wp\/v2\/pages"}],"about":[{"href":"https:\/\/www.ufpb.br\/ssg\/wp-json\/wp\/v2\/types\/page"}],"author":[{"embeddable":true,"href":"https:\/\/www.ufpb.br\/ssg\/wp-json\/wp\/v2\/users\/47"}],"replies":[{"embeddable":true,"href":"https:\/\/www.ufpb.br\/ssg\/wp-json\/wp\/v2\/comments?post=280"}],"version-history":[{"count":5,"href":"https:\/\/www.ufpb.br\/ssg\/wp-json\/wp\/v2\/pages\/280\/revisions"}],"predecessor-version":[{"id":392,"href":"https:\/\/www.ufpb.br\/ssg\/wp-json\/wp\/v2\/pages\/280\/revisions\/392"}],"wp:attachment":[{"href":"https:\/\/www.ufpb.br\/ssg\/wp-json\/wp\/v2\/media?parent=280"}],"curies":[{"name":"wp","href":"https:\/\/api.w.org\/{rel}","templated":true}]}}