{"id":18,"date":"2026-01-28T15:48:39","date_gmt":"2026-01-28T18:48:39","guid":{"rendered":"https:\/\/www.ufpb.br\/sult\/?page_id=18"},"modified":"2026-02-05T09:56:04","modified_gmt":"2026-02-05T12:56:04","slug":"estrutura-organizacional","status":"publish","type":"page","link":"https:\/\/www.ufpb.br\/sult\/estrutura-organizacional\/","title":{"rendered":"Estrutura Organizacional"},"content":{"rendered":"\n<figure class=\"wp-block-image size-large\"><img loading=\"lazy\" decoding=\"async\" width=\"1024\" height=\"966\" src=\"https:\/\/www.ufpb.br\/sult\/wp-content\/uploads\/sites\/79\/sites\/313\/2025\/06\/organograma-1024x966.png\" alt=\"\" class=\"wp-image-50\" srcset=\"https:\/\/www.ufpb.br\/sult\/wp-content\/uploads\/sites\/79\/sites\/313\/2025\/06\/organograma-1024x966.png 1024w, https:\/\/www.ufpb.br\/sult\/wp-content\/uploads\/sites\/79\/sites\/313\/2025\/06\/organograma-300x283.png 300w, https:\/\/www.ufpb.br\/sult\/wp-content\/uploads\/sites\/79\/sites\/313\/2025\/06\/organograma-768x724.png 768w, https:\/\/www.ufpb.br\/sult\/wp-content\/uploads\/sites\/79\/sites\/313\/2025\/06\/organograma-1536x1449.png 1536w, https:\/\/www.ufpb.br\/sult\/wp-content\/uploads\/sites\/79\/sites\/313\/2025\/06\/organograma-2048x1932.png 2048w\" sizes=\"auto, (max-width: 1024px) 100vw, 1024px\" \/><\/figure>\n\n\n\n<h2 class=\"wp-block-heading\"><div class=\"linha-header\"><strong>QUADRO ADMINISTRATIVO<\/strong><\/div><\/h2>\n\n\n\n<ul class=\"wp-block-list\">\n<li><strong>Superintendente &#8211;<\/strong>&nbsp;Luiz Eduardo Cordeiro de Oliveira<\/li>\n\n\n\n<li><strong>Recepcionista &#8211;<\/strong>&nbsp;Deisy Marinho da Silva<\/li>\n\n\n\n<li><strong>Ger\u00eancia de Planejamento e Acompanhamento dos Servi\u00e7os de Log\u00edstica de Transporte \u2013 GPAST &#8211;<\/strong>.&nbsp; <\/li>\n\n\n\n<li><strong>Ger\u00eancia de Conformidade \u2013 GC<\/strong>&nbsp;-Valdilene Maria da Silva Obel<\/li>\n\n\n\n<li><strong>Ger\u00eancia de Almoxarifado, Cadastro e Patrim\u00f4nio Setorial \u2013 GAPS<\/strong>&nbsp;-Adelm\u00e1cio Ferreira dos Santos<\/li>\n\n\n\n<li><strong>Assistente em Administra\u00e7\u00e3o<\/strong>&nbsp;&#8211;&nbsp;&nbsp;Cl\u00e9rio Oliveira Rodrigues&nbsp;<\/li>\n\n\n\n<li><strong><strong>Assistente em Administra\u00e7\u00e3o<\/strong><\/strong>&nbsp;&#8211;&nbsp;F\u00e1bio Henrique Ribeiro Domiciano&nbsp;<\/li>\n\n\n\n<li><strong><strong>Assistente em Administra\u00e7\u00e3o<\/strong> &#8211;&nbsp;<\/strong>Victor Tavares Borges da Silva<\/li>\n\n\n\n<li><strong><strong>Assistente em Administra\u00e7\u00e3o<\/strong> &#8211;&nbsp;<\/strong>Antonio Tavares de Sousa<\/li>\n\n\n\n<li><strong>Administrador &#8211;&nbsp;<\/strong>Wagner Rodrigues de Almeida Queiroz<\/li>\n<\/ul>\n\n\n\n<h2 class=\"wp-block-heading\"><div class=\"linha-header\"><strong>MOTORISTAS<\/strong>&nbsp;<\/div><\/h2>\n\n\n\n<ul class=\"wp-block-list\">\n<li><strong>Motorista<\/strong>&nbsp;&#8211;&nbsp;Jose Alves&nbsp;&nbsp;<\/li>\n\n\n\n<li><strong>Motorista<\/strong>&nbsp;&#8211;&nbsp;Manoel da Silva Fl\u00f4r&nbsp;&nbsp;<\/li>\n<\/ul>\n\n\n\n<h2 class=\"wp-block-heading\"><div class=\"linha-header\"><strong>QUADRO DE APOIO<\/strong><\/div><\/h2>\n\n\n\n<ul class=\"wp-block-list\">\n<li><strong>Servente de Limpeza<\/strong>&nbsp;&#8211;&nbsp;Severino Em\u00eddio da Silva&nbsp;<\/li>\n<\/ul>\n\n\n\n<div class=\"wp-block-media-text is-stacked-on-mobile is-vertically-aligned-center\" style=\"grid-template-columns:17% auto\"><figure class=\"wp-block-media-text__media\"><img loading=\"lazy\" decoding=\"async\" width=\"480\" height=\"358\" src=\"http:\/\/www.ufpb.br\/sult\/wp-content\/uploads\/sites\/79\/sites\/313\/2026\/01\/6ab839bc-0d0c-4f09-8325-698542f409fe.png\" alt=\"\" class=\"wp-image-110 size-full\" srcset=\"https:\/\/www.ufpb.br\/sult\/wp-content\/uploads\/sites\/79\/sites\/313\/2026\/01\/6ab839bc-0d0c-4f09-8325-698542f409fe.png 480w, https:\/\/www.ufpb.br\/sult\/wp-content\/uploads\/sites\/79\/sites\/313\/2026\/01\/6ab839bc-0d0c-4f09-8325-698542f409fe-300x224.png 300w\" sizes=\"auto, (max-width: 480px) 100vw, 480px\" \/><\/figure><div class=\"wp-block-media-text__content\">\n<p class=\"has-text-align-center\"><strong>Superintend\u00eancia de Log\u00edstica de Transporte &#8211; SULT<\/strong><\/p>\n<\/div><\/div>\n","protected":false},"excerpt":{"rendered":"<p>QUADRO ADMINISTRATIVO MOTORISTAS&nbsp; QUADRO DE APOIO Superintend\u00eancia de Log\u00edstica de Transporte &#8211; SULT<\/p>\n","protected":false},"author":508,"featured_media":0,"parent":0,"menu_order":0,"comment_status":"closed","ping_status":"closed","template":"","meta":{"footnotes":""},"class_list":["post-18","page","type-page","status-publish","hentry"],"_links":{"self":[{"href":"https:\/\/www.ufpb.br\/sult\/wp-json\/wp\/v2\/pages\/18","targetHints":{"allow":["GET"]}}],"collection":[{"href":"https:\/\/www.ufpb.br\/sult\/wp-json\/wp\/v2\/pages"}],"about":[{"href":"https:\/\/www.ufpb.br\/sult\/wp-json\/wp\/v2\/types\/page"}],"author":[{"embeddable":true,"href":"https:\/\/www.ufpb.br\/sult\/wp-json\/wp\/v2\/users\/508"}],"replies":[{"embeddable":true,"href":"https:\/\/www.ufpb.br\/sult\/wp-json\/wp\/v2\/comments?post=18"}],"version-history":[{"count":5,"href":"https:\/\/www.ufpb.br\/sult\/wp-json\/wp\/v2\/pages\/18\/revisions"}],"predecessor-version":[{"id":152,"href":"https:\/\/www.ufpb.br\/sult\/wp-json\/wp\/v2\/pages\/18\/revisions\/152"}],"wp:attachment":[{"href":"https:\/\/www.ufpb.br\/sult\/wp-json\/wp\/v2\/media?parent=18"}],"curies":[{"name":"wp","href":"https:\/\/api.w.org\/{rel}","templated":true}]}}

<figure class="wp-block-image size-large"><img loading="lazy" decoding="async" width="1024" height="966" src="https://www.ufpb.br/sult/wp-content/uploads/sites/79/sites/313/2025/06/organograma-1024x966.png" alt="" class="wp-image-50" srcset="https://www.ufpb.br/sult/wp-content/uploads/sites/79/sites/313/2025/06/organograma-1024x966.png 1024w, https://www.ufpb.br/sult/wp-content/uploads/sites/79/sites/313/2025/06/organograma-300x283.png 300w, https://www.ufpb.br/sult/wp-content/uploads/sites/79/sites/313/2025/06/organograma-768x724.png 768w, https://www.ufpb.br/sult/wp-content/uploads/sites/79/sites/313/2025/06/organograma-1536x1449.png 1536w, https://www.ufpb.br/sult/wp-content/uploads/sites/79/sites/313/2025/06/organograma-2048x1932.png 2048w" sizes="auto, (max-width: 1024px) 100vw, 1024px" /></figure>



<h2 class="wp-block-heading"><div class="linha-header"><strong>QUADRO ADMINISTRATIVO</strong></div></h2>



<ul class="wp-block-list">
<li><strong>Superintendente &#8211;</strong>&nbsp;Luiz Eduardo Cordeiro de Oliveira</li>



<li><strong>Recepcionista &#8211;</strong>&nbsp;Deisy Marinho da Silva</li>



<li><strong>Gerência de Planejamento e Acompanhamento dos Serviços de Logística de Transporte – GPAST &#8211;</strong>.&nbsp; </li>



<li><strong>Gerência de Conformidade – GC</strong>&nbsp;-Valdilene Maria da Silva Obel</li>



<li><strong>Gerência de Almoxarifado, Cadastro e Patrimônio Setorial – GAPS</strong>&nbsp;-Adelmácio Ferreira dos Santos</li>



<li><strong>Assistente em Administração</strong>&nbsp;&#8211;&nbsp;&nbsp;Clério Oliveira Rodrigues&nbsp;</li>



<li><strong><strong>Assistente em Administração</strong></strong>&nbsp;&#8211;&nbsp;Fábio Henrique Ribeiro Domiciano&nbsp;</li>



<li><strong><strong>Assistente em Administração</strong> &#8211;&nbsp;</strong>Victor Tavares Borges da Silva</li>



<li><strong><strong>Assistente em Administração</strong> &#8211;&nbsp;</strong>Antonio Tavares de Sousa</li>



<li><strong>Administrador &#8211;&nbsp;</strong>Wagner Rodrigues de Almeida Queiroz</li>
</ul>



<h2 class="wp-block-heading"><div class="linha-header"><strong>MOTORISTAS</strong>&nbsp;</div></h2>



<ul class="wp-block-list">
<li><strong>Motorista</strong>&nbsp;&#8211;&nbsp;Jose Alves&nbsp;&nbsp;</li>



<li><strong>Motorista</strong>&nbsp;&#8211;&nbsp;Manoel da Silva Flôr&nbsp;&nbsp;</li>
</ul>



<h2 class="wp-block-heading"><div class="linha-header"><strong>QUADRO DE APOIO</strong></div></h2>



<ul class="wp-block-list">
<li><strong>Servente de Limpeza</strong>&nbsp;&#8211;&nbsp;Severino Emídio da Silva&nbsp;</li>
</ul>



<div class="wp-block-media-text is-stacked-on-mobile is-vertically-aligned-center" style="grid-template-columns:17% auto"><figure class="wp-block-media-text__media"><img loading="lazy" decoding="async" width="480" height="358" src="http://www.ufpb.br/sult/wp-content/uploads/sites/79/sites/313/2026/01/6ab839bc-0d0c-4f09-8325-698542f409fe.png" alt="" class="wp-image-110 size-full" srcset="https://www.ufpb.br/sult/wp-content/uploads/sites/79/sites/313/2026/01/6ab839bc-0d0c-4f09-8325-698542f409fe.png 480w, https://www.ufpb.br/sult/wp-content/uploads/sites/79/sites/313/2026/01/6ab839bc-0d0c-4f09-8325-698542f409fe-300x224.png 300w" sizes="auto, (max-width: 480px) 100vw, 480px" /></figure><div class="wp-block-media-text__content">
<p class="has-text-align-center"><strong>Superintendência de Logística de Transporte &#8211; SULT</strong></p>
</div></div>

<p>QUADRO ADMINISTRATIVO MOTORISTAS&nbsp; QUADRO DE APOIO Superintendência de Logística de Transporte &#8211; SULT</p>
