{"id":32,"date":"2025-06-02T20:07:08","date_gmt":"2025-06-02T23:07:08","guid":{"rendered":"https:\/\/www.ufpb.br\/sult\/?page_id=32"},"modified":"2026-04-15T15:09:17","modified_gmt":"2026-04-15T18:09:17","slug":"informacoes-sobre-onibus-circulares","status":"publish","type":"page","link":"https:\/\/www.ufpb.br\/sult\/informacoes-sobre-onibus-circulares\/","title":{"rendered":"Informa\u00e7\u00f5es sobre \u00d4nibus Circulares"},"content":{"rendered":"\n<h2 class=\"wp-block-heading\"><div class=\"linha-header\"><strong>\u00d4NIBUS CIRCULAR<\/strong> \/ <mark style=\"background-color:#ffffff\" class=\"has-inline-color has-vivid-red-color\">Servi\u00e7o temporariamente suspenso<\/mark><\/div><\/h2>\n\n\n\n<p>O \u00f4nibus circular da Universidade Federal da Para\u00edba (UFPB) retomar\u00e1 seu funcionamento no dia 27 de abril, ap\u00f3s o per\u00edodo de f\u00e9rias dos alunos. A rota do transporte, que \u00e9 gratuito, integra a sede, localizada no Castelo Branco, \u00e0 unidade Lynaldo Cavalcanti, em Mangabeira, onde ficam o Centro de Inform\u00e1tica (CI) e o Centro de Tecnologia e Desenvolvimento Regional (CTDR), e tamb\u00e9m liga a sede \u00e0 unidade situada no munic\u00edpio de Santa Rita, onde fica o Departamento de Ci\u00eancias Jur\u00eddicas (DCJ) do Centro de Ci\u00eancias Jur\u00eddicas (CCJ).<\/p>\n\n\n\n<figure class=\"wp-block-image size-full\"><img loading=\"lazy\" decoding=\"async\" width=\"1024\" height=\"814\" src=\"https:\/\/www.ufpb.br\/sult\/wp-content\/uploads\/sites\/79\/sites\/313\/2025\/06\/230120233-1.jpeg\" alt=\"\" class=\"wp-image-64\" srcset=\"https:\/\/www.ufpb.br\/sult\/wp-content\/uploads\/sites\/79\/sites\/313\/2025\/06\/230120233-1.jpeg 1024w, https:\/\/www.ufpb.br\/sult\/wp-content\/uploads\/sites\/79\/sites\/313\/2025\/06\/230120233-1-300x238.jpeg 300w, https:\/\/www.ufpb.br\/sult\/wp-content\/uploads\/sites\/79\/sites\/313\/2025\/06\/230120233-1-768x611.jpeg 768w\" sizes=\"auto, (max-width: 1024px) 100vw, 1024px\" \/><\/figure>\n\n\n\n<p>O transporte gratuito&nbsp;<a href=\"https:\/\/www.ufpb.br\/ufpb\/contents\/noticias\/ufpb-vai-disponibilizar-onibus-circular-para-comunidade-universitaria-no-retorno-as-aulas\" target=\"_blank\" rel=\"noreferrer noopener\">foi implementado<\/a>&nbsp;a partir de 2021, pelo Reitor da UFPB, professor Valdiney Gouveia, facilitando o deslocamento e a mobilidade da comunidade acad\u00eamica nas depend\u00eancias da Universidade.<\/p>\n\n\n\n<p>Segundo a Superintend\u00eancia de Log\u00edstica e Transportes, conforme o hor\u00e1rio programado para vigorar a partir de 29 de janeiro, com o retorno das aulas, o primeiro \u00f4nibus sai da garagem \u00e0s 06h30, indo de Jo\u00e3o Pessoa para Santa Rita, onde funciona o Departamento de Ci\u00eancias Jur\u00eddicas (DCJ) do Centro de Ci\u00eancias Jur\u00eddicas (CCJ), cuja dire\u00e7\u00e3o fica em Jo\u00e3o Pessoa. \u00c0s 06h40, parte outro \u00f4nibus que tem itiner\u00e1rio dentro da sede, e, \u00e0s 07h20, o ve\u00edculo sai do Centro de Ci\u00eancias Humanas, Letras e Artes (CCHLA) em dire\u00e7\u00e3o \u00e0 unidade Lynaldo Cavalcanti, em Mangabeira, onde ficam o Centro de Inform\u00e1tica e o Centro de Tecnologia e Desenvolvimento Regional (CTDR). \u00c0s 08h00, o \u00f4nibus retorna de Mangabeira para a sede, e segue uma s\u00e9rie de percursos durante todo o dia. O itiner\u00e1rio do \u00f4nibus circular reinicia a cada hora, funcionando at\u00e9 \u00e0s 22h30.<\/p>\n\n\n\n<h2 class=\"wp-block-heading\"><div class=\"linha-header\"><strong>Web-SIG<\/strong><\/div><\/h2>\n\n\n\n<p>A rota dos \u00f4nibus no Campus I tamb\u00e9m pode ser acessada por meio da plataforma online&nbsp;<a href=\"https:\/\/web-sig-e-acesso-livre-aos-ambientes-da-ufpb-ufpb-lcg.hub.arcgis.com\/\" target=\"_blank\" rel=\"noreferrer noopener\">Web-SIG<\/a>&nbsp;da UFPB,&nbsp;&nbsp;<a href=\"https:\/\/www.ufpb.br\/ufpb\/contents\/noticias\/plataforma-online-criada-por-projeto-da-ufpb-disponibiliza-mapa-interativo-da-instituicao\" target=\"_blank\" rel=\"noreferrer noopener\">desenvolvida pelo Laborat\u00f3rio de Cartografia e Geoprocessamento<\/a>&nbsp;do Centro de Ci\u00eancias Aplicadas e Educa\u00e7\u00e3o (CCAE), localizado no Campus IV. Ao clicar sobre as paradas dos \u00f4nibus, no Web-SIG, os usu\u00e1rios poder\u00e3o consultar os hor\u00e1rios estimados em que o \u00f4nibus passa em cada ponto. Essa plataforma possui diversas outras funcionalidades, pois disponibiliza mapas interativos e informa\u00e7\u00f5es detalhadas sobre a localiza\u00e7\u00e3o e ocupa\u00e7\u00e3o dos ambientes constru\u00eddos na Universidade. \u00c9 poss\u00edvel saber tudo sobre o projeto no perfil do Instagram @websig.ufpb.lcg<\/p>\n\n\n\n<p>Segundo a coordenadora do projeto Web-SIG, professora Nadjacleia Vilar Almeida, do Departamento de Engenharia e Meio Ambiente, do Campus IV, o projeto vem sendo atualizado constantemente, cada vez mais com a inclus\u00e3o de novos ambientes da UFPB, nos quatro campi.<\/p>\n\n\n\n<p>A docente destaca, entre as inova\u00e7\u00f5es realizadas, no \u00faltimo ano, a amplia\u00e7\u00e3o do mapeamento do Campus I, com a inclus\u00e3o do Centro de Viv\u00eancia, Restaurante Universit\u00e1rio, Centro de Biotecnologia (CBiotec), Biblioteca Setorial do Centro de Ci\u00eancias Exatas e da Natureza (CCEN), o Laborat\u00f3rio de Ensaios Toxicol\u00f3gicos (LABETOX), bloco pertencente ao Instituto de Pesquisa em F\u00e1rmacos e Medicamentos (IPEFARM), al\u00e9m do mapeamento do Centro de Ci\u00eancias da Sa\u00fade (CCS) e atualiza\u00e7\u00e3o do CCEN. A unidade do CCJ em Santa Rita tamb\u00e9m j\u00e1 foi mapeada e estar\u00e1 no ar no primeiro trimestre de 2024, adianta a coordenadora do projeto. Al\u00e9m disso, no Campus I, constam os pr\u00e9dios da UFPB que funcionam no Centro de Jo\u00e3o Pessoa, como o Teatro Lima Penante e a Resid\u00eancia Universit\u00e1ria Feminina.<br><br>As perspectivas para este ano, segundo a docente, s\u00e3o muito positivas. \u201cAt\u00e9 o final de janeiro de 2024, ser\u00e1 inclu\u00eddo todo CCS com n\u00edvel de detalhe por sala. Foram 12 meses s\u00f3 para concluir o CCS e disponibilizar para o p\u00fablico um mapeamento atualizado. Em fevereiro, tamb\u00e9m ser\u00e1 disponibilizado todo o CCEN atualizado. Nossa meta \u00e9 concluir todo o Campus I em 2024 e iniciar uma atualiza\u00e7\u00e3o dos demais Campi. E, no futuro, incluir novas informa\u00e7\u00f5es na plataforma, a exemplo das paradas e rotas dos \u00f4nibus. Uma novidade interessante \u00e9 que j\u00e1 estamos trabalhando na ideia de um aplicativo espec\u00edfico para smartphones, facilitando ainda mais a utiliza\u00e7\u00e3o pelos os usu\u00e1rios\u201d, conta.<\/p>\n\n\n\n<figure class=\"wp-block-image size-large\"><img loading=\"lazy\" decoding=\"async\" width=\"1024\" height=\"580\" src=\"https:\/\/www.ufpb.br\/sult\/wp-content\/uploads\/sites\/79\/sites\/313\/2025\/06\/230120234-1024x580.jpg\" alt=\"\" class=\"wp-image-63\" srcset=\"https:\/\/www.ufpb.br\/sult\/wp-content\/uploads\/sites\/79\/sites\/313\/2025\/06\/230120234-1024x580.jpg 1024w, https:\/\/www.ufpb.br\/sult\/wp-content\/uploads\/sites\/79\/sites\/313\/2025\/06\/230120234-300x170.jpg 300w, https:\/\/www.ufpb.br\/sult\/wp-content\/uploads\/sites\/79\/sites\/313\/2025\/06\/230120234-768x435.jpg 768w, https:\/\/www.ufpb.br\/sult\/wp-content\/uploads\/sites\/79\/sites\/313\/2025\/06\/230120234.jpg 1487w\" sizes=\"auto, (max-width: 1024px) 100vw, 1024px\" \/><\/figure>\n\n\n\n<p>O projeto envolve ao todo 03 professores \u2013 Nadjacleia Vilar Almeida (coordenadora), Milena Dutra da Silva e Jo\u00e1cio de Ara\u00fajo Morais (colaboradores internos) \u2013, uma t\u00e9cnico-administrativa \u2013 Rafaella Silva Leal (coordenadora adjunta) \u2013, um colaborador externo e ex-bolsista do projeto \u2013 Jo\u00e3o Paulo Rodrigues de Lima (Engenheiro Ambiental) \u2013, 04 alunos da gradua\u00e7\u00e3o, sendo 03 do curso de Engenharia Ambiental \u2013 Maria Eduarda Freitas, Vit\u00f3ria Rodrigues Bitu e Tayuri Bezerra Ribeiro \u2013 e 01 do curso de Ecologia \u2013 Janiele Nogueira da Silva.&nbsp;<\/p>\n\n\n\n<p>\u201cAl\u00e9m de ser poss\u00edvel encontrar\/localizar diversos ambientes, o Web-SIG UFPB pode ser utilizado pela administra\u00e7\u00e3o para identifica\u00e7\u00e3o de salas ociosas, ambientes sem identifica\u00e7\u00e3o. Tamb\u00e9m \u00e9 poss\u00edvel incluir outros temas como a localiza\u00e7\u00e3o das pra\u00e7as, estacionamentos, elementos de acessibilidade\u201d, explica a professora Nadjacleia.<\/p>\n\n\n\n<h2 class=\"wp-block-heading\"><div class=\"linha-header\"><strong>Hor\u00e1rios do \u00f4nibus circular da UFPB<\/strong><\/div><\/h2>\n\n\n\n<p>Rotas entre Castelo Branco (sede) e Unidade de Mangabeira (CI\/CTDR)<\/p>\n\n\n\n<p>06h40 &#8211; Duas voltas dentro da sede<\/p>\n\n\n\n<p>07h20 &#8211; Sa\u00edda do CCHLA (sede) para o CI\/CTDR<\/p>\n\n\n\n<p>08h00 &#8211; Sa\u00edda do CI\/CTDR para o CCHLA (sede)<\/p>\n\n\n\n<p>09h20 &#8211; Duas voltas dentro da sede<\/p>\n\n\n\n<p>10h20 &#8211; Uma volta dentro da sede<\/p>\n\n\n\n<p>11h20 &#8211; Duas voltas dentro da sede<\/p>\n\n\n\n<p>12h20 &#8211; Sa\u00edda do CCHLA (sede) para o CI\/CTDR<\/p>\n\n\n\n<p>13h00 &#8211; Sa\u00edda do CI\/CTDR para o CCHLA (sede)<\/p>\n\n\n\n<p>14h20 &#8211; Duas voltas dentro da sede<\/p>\n\n\n\n<p>15h20 &#8211; Duas voltas dentro da sede<\/p>\n\n\n\n<p>16h20 &#8211; Uma volta dentro da sede<\/p>\n\n\n\n<p>17h20 &#8211; Duas voltas dentro da sede<\/p>\n\n\n\n<p>18h20 &#8211; Sa\u00edda do CCHLA (sede) para o CI\/CTDR<\/p>\n\n\n\n<p>19h00 &#8211; Sa\u00edda do CI\/CTDR para o CCHLA (sede)<\/p>\n\n\n\n<p>20h20 &#8211; Uma volta dentro da sede<\/p>\n\n\n\n<p>21h30 &#8211; Sa\u00edda do CCHLA (sede) para o CI\/CTDR<\/p>\n\n\n\n<p>22h00 &#8211; Sa\u00edda do CI\/CTDR para o CCHLA (sede)<\/p>\n\n\n\n<h2 class=\"wp-block-heading\"><div class=\"linha-header\"><br><strong>Hor\u00e1rios do \u00f4nibus nas rotas entre Castelo Branco (sede) e unidade do munic\u00edpio de Santa Rita (CCJ)<\/strong><\/div><\/h2>\n\n\n\n<p><strong>Diurno<\/strong><\/p>\n\n\n\n<p>06h30<\/p>\n\n\n\n<p>Sa\u00edda do CCJ (sede) para o&nbsp;Departamento de Ci\u00eancias Jur\u00eddicas (DCJ\/CCJ) Santa Rita<\/p>\n\n\n\n<p>13h00<\/p>\n\n\n\n<p>Sa\u00edda do&nbsp;Departamento de Ci\u00eancias Jur\u00eddicas (DCJ)\/CCJ Santa Rita para o CCJ (sede)<\/p>\n\n\n\n<p><strong>Noturno<\/strong><\/p>\n\n\n\n<p>16h50<\/p>\n\n\n\n<p>Sa\u00edda do CCJ (sede) para o&nbsp;Departamento de Ci\u00eancias Jur\u00eddicas (DCJ\/CCJ) Santa Rita<\/p>\n\n\n\n<p>22h20<\/p>\n\n\n\n<p>Sa\u00edda do&nbsp;Departamento de Ci\u00eancias Jur\u00eddicas (DCJ\/CCJ) Santa Rita para o CCJ (sede)<\/p>\n\n\n\n<p>* * *<\/p>\n\n\n\n<p><\/p>\n\n\n\n<div class=\"wp-block-media-text is-stacked-on-mobile is-vertically-aligned-center\" style=\"grid-template-columns:17% auto\"><figure class=\"wp-block-media-text__media\"><img loading=\"lazy\" decoding=\"async\" width=\"480\" height=\"358\" src=\"http:\/\/www.ufpb.br\/sult\/wp-content\/uploads\/sites\/79\/sites\/313\/2026\/01\/6ab839bc-0d0c-4f09-8325-698542f409fe.png\" alt=\"\" class=\"wp-image-110 size-full\" srcset=\"https:\/\/www.ufpb.br\/sult\/wp-content\/uploads\/sites\/79\/sites\/313\/2026\/01\/6ab839bc-0d0c-4f09-8325-698542f409fe.png 480w, https:\/\/www.ufpb.br\/sult\/wp-content\/uploads\/sites\/79\/sites\/313\/2026\/01\/6ab839bc-0d0c-4f09-8325-698542f409fe-300x224.png 300w\" sizes=\"auto, (max-width: 480px) 100vw, 480px\" \/><\/figure><div class=\"wp-block-media-text__content\">\n<p class=\"has-text-align-center\"><strong>Superintend\u00eancia de Log\u00edstica de Transporte &#8211; SULT<\/strong><\/p>\n<\/div><\/div>\n\n\n\n<p><\/p>\n","protected":false},"excerpt":{"rendered":"<p>\u00d4NIBUS CIRCULAR \/ Servi\u00e7o temporariamente suspenso O \u00f4nibus circular da Universidade Federal da Para\u00edba (UFPB) [&hellip;]<\/p>\n","protected":false},"author":47,"featured_media":0,"parent":0,"menu_order":0,"comment_status":"closed","ping_status":"closed","template":"","meta":{"footnotes":""},"class_list":["post-32","page","type-page","status-publish","hentry"],"_links":{"self":[{"href":"https:\/\/www.ufpb.br\/sult\/wp-json\/wp\/v2\/pages\/32","targetHints":{"allow":["GET"]}}],"collection":[{"href":"https:\/\/www.ufpb.br\/sult\/wp-json\/wp\/v2\/pages"}],"about":[{"href":"https:\/\/www.ufpb.br\/sult\/wp-json\/wp\/v2\/types\/page"}],"author":[{"embeddable":true,"href":"https:\/\/www.ufpb.br\/sult\/wp-json\/wp\/v2\/users\/47"}],"replies":[{"embeddable":true,"href":"https:\/\/www.ufpb.br\/sult\/wp-json\/wp\/v2\/comments?post=32"}],"version-history":[{"count":9,"href":"https:\/\/www.ufpb.br\/sult\/wp-json\/wp\/v2\/pages\/32\/revisions"}],"predecessor-version":[{"id":177,"href":"https:\/\/www.ufpb.br\/sult\/wp-json\/wp\/v2\/pages\/32\/revisions\/177"}],"wp:attachment":[{"href":"https:\/\/www.ufpb.br\/sult\/wp-json\/wp\/v2\/media?parent=32"}],"curies":[{"name":"wp","href":"https:\/\/api.w.org\/{rel}","templated":true}]}}